54.37.252.130 - - [25/Jun/2026:09:19:41 -0400] "GET /?fileloc=//var/lve/rubygems&path=//var/lve HTTP/1.1" 200 942071 "-" "Mozilla/5.0 (compatible; MJ12bot/v1.4.8; http://mj12bot.com/)"
54.37.252.130 - - [25/Jun/2026:09:19:44 -0400] "GET /?fileloc=//var/run/atd.pid&path=//var/run HTTP/1.1" 200 3073 "-" "Mozilla/5.0 (compatible; MJ12bot/v1.4.8; http://mj12bot.com/)"
54.37.252.130 - - [25/Jun/2026:09:19:46 -0400] "GET /?fileloc=//var/run/utmp&path=//var/run HTTP/1.1" 200 3063 "-" "Mozilla/5.0 (compatible; MJ12bot/v1.4.8; http://mj12bot.com/)"
54.39.89.246 - - [25/Jun/2026:09:19:47 -0400] "GET /products/531161266 HTTP/1.1" 200 4636 "-" "Mozilla/5.0 (compatible; AhrefsBot/7.0; +http://ahrefs.com/robot/)"
54.37.252.130 - - [25/Jun/2026:09:19:48 -0400] "GET /?fileloc=/home/aurelytl/.caldav/a@eurlapex.com/.metadata&path=/home/aurelytl/.caldav/a@eurlapex.com HTTP/1.1" 200 3273 "-" "Mozilla/5.0 (compatible; MJ12bot/v1.4.8; http://mj12bot.com/)"
66.249.68.6 - - [25/Jun/2026:09:19:48 -0400] "GET /products/5304490?fileloc=//lib64/python3.12/imghdr.py&path=//lib64/python3.12 HTTP/1.1" 200 4521 "-" "Mozilla/5.0 (Linux; Android 6.0.1; Nexus 5X Build/MMB29P) AppleWebKit/537.36 (KHTML, like Gecko) Chrome/148.0.7778.96 Mobile Safari/537.36 (compatible; GoogleOther)"
54.37.252.130 - - [25/Jun/2026:09:19:50 -0400] "GET /?fileloc=/home/aurelytl/.caldav/anwarbendib@eurlapex.com/.metadata&path=/home/aurelytl/.caldav/anwarbendib@eurlapex.com HTTP/1.1" 200 3276 "-" "Mozilla/5.0 (compatible; MJ12bot/v1.4.8; http://mj12bot.com/)"
54.37.252.130 - - [25/Jun/2026:09:19:51 -0400] "GET /?fileloc=/home/aurelytl/.caldav/aurelytl/.metadata&path=/home/aurelytl/.caldav/aurelytl HTTP/1.1" 200 3251 "-" "Mozilla/5.0 (compatible; MJ12bot/v1.4.8; http://mj12bot.com/)"
54.37.252.130 - - [25/Jun/2026:09:19:53 -0400] "GET /?fileloc=/home/aurelytl/.caldav/contact@auresdecor.com/.metadata&path=/home/aurelytl/.caldav/contact@auresdecor.com HTTP/1.1" 200 3241 "-" "Mozilla/5.0 (compatible; MJ12bot/v1.4.8; http://mj12bot.com/)"
51.161.37.92 - - [25/Jun/2026:09:19:53 -0400] "GET /products/528133874 HTTP/1.1" 200 4636 "-" "Mozilla/5.0 (compatible; AhrefsBot/7.0; +http://ahrefs.com/robot/)"
54.37.252.130 - - [25/Jun/2026:09:19:55 -0400] "GET /?fileloc=/home/aurelytl/.caldav/contact@auresexpress.com/.metadata&path=/home/aurelytl/.caldav/contact@auresexpress.com HTTP/1.1" 200 3226 "-" "Mozilla/5.0 (compatible; MJ12bot/v1.4.8; http://mj12bot.com/)"
148.113.130.69 - - [25/Jun/2026:09:19:56 -0400] "GET /products/5278834 HTTP/1.1" 200 4677 "-" "Mozilla/5.0 (compatible; AhrefsBot/7.0; +http://ahrefs.com/robot/)"
54.37.252.130 - - [25/Jun/2026:09:19:57 -0400] "GET /?fileloc=/home/aurelytl/.caldav/contact@azollaalgerie.com/.metadata&path=/home/aurelytl/.caldav/contact@azollaalgerie.com HTTP/1.1" 200 3266 "-" "Mozilla/5.0 (compatible; MJ12bot/v1.4.8; http://mj12bot.com/)"
66.249.68.6 - - [25/Jun/2026:09:19:57 -0400] "GET /products/5304490?fileloc=//usr/share/locale/de/LC_TIME/coreutils.mo&path=//usr/share/locale/de/LC_TIME HTTP/1.1" 200 3093 "-" "Mozilla/5.0 (Linux; Android 6.0.1; Nexus 5X Build/MMB29P) AppleWebKit/537.36 (KHTML, like Gecko) Chrome/148.0.7778.96 Mobile Safari/537.36 (compatible; Googlebot/2.1; +http://www.google.com/bot.html)"
54.37.252.130 - - [25/Jun/2026:09:19:58 -0400] "GET /?fileloc=/home/aurelytl/.caldav/contact@belounnas.com/.metadata&path=/home/aurelytl/.caldav/contact@belounnas.com HTTP/1.1" 200 3265 "-" "Mozilla/5.0 (compatible; MJ12bot/v1.4.8; http://mj12bot.com/)"
54.39.0.135 - - [25/Jun/2026:09:20:00 -0400] "GET /products/526967284 HTTP/1.1" 200 4643 "-" "Mozilla/5.0 (compatible; AhrefsBot/7.0; +http://ahrefs.com/robot/)"
54.37.252.130 - - [25/Jun/2026:09:20:00 -0400] "GET /?fileloc=/home/aurelytl/.caldav/contact@eurlapex.com/.metadata&path=/home/aurelytl/.caldav/contact@eurlapex.com HTTP/1.1" 200 3236 "-" "Mozilla/5.0 (compatible; MJ12bot/v1.4.8; http://mj12bot.com/)"
66.249.68.6 - - [25/Jun/2026:09:20:01 -0400] "GET /products/5304490?fileloc=//lib/.build-id/2c/5a8b50c7cf6ae7cbde1aa16a6ce983b0056a34&path=//lib/.build-id/2c HTTP/1.1" 200 3048 "-" "Mozilla/5.0 (Linux; Android 6.0.1; Nexus 5X Build/MMB29P) AppleWebKit/537.36 (KHTML, like Gecko) Chrome/148.0.7778.96 Mobile Safari/537.36 (compatible; GoogleOther)"
54.37.252.130 - - [25/Jun/2026:09:20:02 -0400] "GET /?fileloc=/home/aurelytl/.caldav/contact@houssemzaoui.com/.metadata&path=/home/aurelytl/.caldav/contact@houssemzaoui.com HTTP/1.1" 200 3273 "-" "Mozilla/5.0 (compatible; MJ12bot/v1.4.8; http://mj12bot.com/)"
148.113.130.147 - - [25/Jun/2026:09:20:03 -0400] "GET /products/52450683 HTTP/1.1" 200 4636 "-" "Mozilla/5.0 (compatible; AhrefsBot/7.0; +http://ahrefs.com/robot/)"
54.37.252.130 - - [25/Jun/2026:09:20:03 -0400] "GET /?fileloc=/home/aurelytl/.caldav/contact@mohamedbaabit.com/.metadata&path=/home/aurelytl/.caldav/contact@mohamedbaabit.com HTTP/1.1" 200 3273 "-" "Mozilla/5.0 (compatible; MJ12bot/v1.4.8; http://mj12bot.com/)"
54.37.252.130 - - [25/Jun/2026:09:20:05 -0400] "GET /?fileloc=/home/aurelytl/.caldav/contact@numidialezoul.com/.metadata&path=/home/aurelytl/.caldav/contact@numidialezoul.com HTTP/1.1" 200 3273 "-" "Mozilla/5.0 (compatible; MJ12bot/v1.4.8; http://mj12bot.com/)"
148.113.128.242 - - [25/Jun/2026:09:20:06 -0400] "GET /products/52418724 HTTP/1.1" 200 4702 "-" "Mozilla/5.0 (compatible; AhrefsBot/7.0; +http://ahrefs.com/robot/)"
54.37.252.130 - - [25/Jun/2026:09:20:07 -0400] "GET /?fileloc=/home/aurelytl/.caldav/contact@rinzaauto.com/.metadata&path=/home/aurelytl/.caldav/contact@rinzaauto.com HTTP/1.1" 200 3192 "-" "Mozilla/5.0 (compatible; MJ12bot/v1.4.8; http://mj12bot.com/)"
54.37.252.130 - - [25/Jun/2026:09:20:09 -0400] "GET /?fileloc=/home/aurelytl/.caldav/domain4sale@houssemzaoui.com/.metadata&path=/home/aurelytl/.caldav/domain4sale@houssemzaoui.com HTTP/1.1" 200 3279 "-" "Mozilla/5.0 (compatible; MJ12bot/v1.4.8; http://mj12bot.com/)"
54.37.252.130 - - [25/Jun/2026:09:20:10 -0400] "GET /?fileloc=/home/aurelytl/.caldav/domain4sale@mohamedbaabit.com/.metadata&path=/home/aurelytl/.caldav/domain4sale@mohamedbaabit.com HTTP/1.1" 200 3288 "-" "Mozilla/5.0 (compatible; MJ12bot/v1.4.8; http://mj12bot.com/)"
51.222.95.111 - - [25/Jun/2026:09:20:10 -0400] "GET /products/523632136 HTTP/1.1" 200 4677 "-" "Mozilla/5.0 (compatible; AhrefsBot/7.0; +http://ahrefs.com/robot/)"
54.37.252.130 - - [25/Jun/2026:09:20:12 -0400] "GET /?fileloc=/home/aurelytl/.caldav/mohammed@belounnas.com/.metadata&path=/home/aurelytl/.caldav/mohammed@belounnas.com HTTP/1.1" 200 3238 "-" "Mozilla/5.0 (compatible; MJ12bot/v1.4.8; http://mj12bot.com/)"
54.39.210.221 - - [25/Jun/2026:09:20:13 -0400] "GET /products/52345921 HTTP/1.1" 200 4702 "-" "Mozilla/5.0 (compatible; AhrefsBot/7.0; +http://ahrefs.com/robot/)"
54.37.252.130 - - [25/Jun/2026:09:20:13 -0400] "GET /?fileloc=/home/aurelytl/.cpanel/caches/rewriteinfo&path=/home/aurelytl/.cpanel/caches HTTP/1.1" 200 3359 "-" "Mozilla/5.0 (compatible; MJ12bot/v1.4.8; http://mj12bot.com/)"
52.167.144.206 - - [25/Jun/2026:09:20:14 -0400] "GET /products/223138608 HTTP/1.1" 200 4683 "-" "Mozilla/5.0 AppleWebKit/537.36 (KHTML, like Gecko; compatible; bingbot/2.0; +http://www.bing.com/bingbot.htm) Chrome/116.0.1938.76 Safari/537.36"
54.37.252.130 - - [25/Jun/2026:09:20:15 -0400] "GET /?fileloc=/home/aurelytl/.cpanel/datastore/AVAILABLE_APPLICATIONS_CACHE_en_jupiter&path=/home/aurelytl/.cpanel/datastore HTTP/1.1" 200 14400 "-" "Mozilla/5.0 (compatible; MJ12bot/v1.4.8; http://mj12bot.com/)"
51.161.37.243 - - [25/Jun/2026:09:20:16 -0400] "GET /products/521453068 HTTP/1.1" 200 4636 "-" "Mozilla/5.0 (compatible; AhrefsBot/7.0; +http://ahrefs.com/robot/)"
54.37.252.130 - - [25/Jun/2026:09:20:17 -0400] "GET /?fileloc=/home/aurelytl/.cpanel/datastore/AVAILABLE_APPLICATIONS_CACHE_en_paper_lantern&path=/home/aurelytl/.cpanel/datastore HTTP/1.1" 200 13160 "-" "Mozilla/5.0 (compatible; MJ12bot/v1.4.8; http://mj12bot.com/)"
66.249.68.6 - - [25/Jun/2026:09:20:18 -0400] "GET /products/5304490?fileloc=//lib64/python3.12/nntplib.py&path=//lib64/python3.12 HTTP/1.1" 200 14991 "-" "Mozilla/5.0 (Linux; Android 6.0.1; Nexus 5X Build/MMB29P) AppleWebKit/537.36 (KHTML, like Gecko) Chrome/148.0.7778.96 Mobile Safari/537.36 (compatible; GoogleOther)"
54.37.252.130 - - [25/Jun/2026:09:20:19 -0400] "GET /?fileloc=/home/aurelytl/.cpanel/datastore/Cpanel::MysqlRun::running&path=/home/aurelytl/.cpanel/datastore HTTP/1.1" 200 3132 "-" "Mozilla/5.0 (compatible; MJ12bot/v1.4.8; http://mj12bot.com/)"
54.37.252.130 - - [25/Jun/2026:09:20:20 -0400] "GET /?fileloc=/home/aurelytl/.cpanel/datastore/MOUNTS_CACHE__proc_mounts&path=/home/aurelytl/.cpanel/datastore HTTP/1.1" 200 4038 "-" "Mozilla/5.0 (compatible; MJ12bot/v1.4.8; http://mj12bot.com/)"
15.235.98.108 - - [25/Jun/2026:09:20:21 -0400] "GET /products/5194085 HTTP/1.1" 200 4683 "-" "Mozilla/5.0 (compatible; AhrefsBot/7.0; +http://ahrefs.com/robot/)"
54.37.252.130 - - [25/Jun/2026:09:20:22 -0400] "GET /?fileloc=/home/aurelytl/.cpanel/datastore/SYSTEMMIME&path=/home/aurelytl/.cpanel/datastore HTTP/1.1" 200 12717 "-" "Mozilla/5.0 (compatible; MJ12bot/v1.4.8; http://mj12bot.com/)"
54.37.252.130 - - [25/Jun/2026:09:20:24 -0400] "GET /?fileloc=/home/aurelytl/.cpanel/datastore/_Cpanel::Quota.pm__aurelytl&path=/home/aurelytl/.cpanel/datastore HTTP/1.1" 200 3108 "-" "Mozilla/5.0 (compatible; MJ12bot/v1.4.8; http://mj12bot.com/)"
54.37.252.130 - - [25/Jun/2026:09:20:25 -0400] "GET /?fileloc=/home/aurelytl/.cpanel/datastore/_usr_bin_gem_environment_gempath&path=/home/aurelytl/.cpanel/datastore HTTP/1.1" 200 3129 "-" "Mozilla/5.0 (compatible; MJ12bot/v1.4.8; http://mj12bot.com/)"
142.44.233.224 - - [25/Jun/2026:09:20:26 -0400] "GET /products/51918069 HTTP/1.1" 200 4636 "-" "Mozilla/5.0 (compatible; AhrefsBot/7.0; +http://ahrefs.com/robot/)"
54.37.252.130 - - [25/Jun/2026:09:20:27 -0400] "GET /?fileloc=/home/aurelytl/.cpanel/datastore/_usr_local_cpanel_cpanel_-F&path=/home/aurelytl/.cpanel/datastore HTTP/1.1" 200 3056 "-" "Mozilla/5.0 (compatible; MJ12bot/v1.4.8; http://mj12bot.com/)"
54.37.252.130 - - [25/Jun/2026:09:20:29 -0400] "GET /?fileloc=/home/aurelytl/.cpanel/datastore/_usr_sbin_httpd_-V&path=/home/aurelytl/.cpanel/datastore HTTP/1.1" 200 3602 "-" "Mozilla/5.0 (compatible; MJ12bot/v1.4.8; http://mj12bot.com/)"
148.113.130.52 - - [25/Jun/2026:09:20:30 -0400] "GET /products/518889130 HTTP/1.1" 200 4677 "-" "Mozilla/5.0 (compatible; AhrefsBot/7.0; +http://ahrefs.com/robot/)"
54.37.252.130 - - [25/Jun/2026:09:20:30 -0400] "GET /?fileloc=/home/aurelytl/.cpanel/datastore/_usr_sbin_httpd_-l&path=/home/aurelytl/.cpanel/datastore HTTP/1.1" 200 3126 "-" "Mozilla/5.0 (compatible; MJ12bot/v1.4.8; http://mj12bot.com/)"
54.37.252.130 - - [25/Jun/2026:09:20:32 -0400] "GET /?fileloc=/home/aurelytl/.cpanel/datastore/ftp_LISTSTORE&path=/home/aurelytl/.cpanel/datastore HTTP/1.1" 200 3288 "-" "Mozilla/5.0 (compatible; MJ12bot/v1.4.8; http://mj12bot.com/)"
54.37.252.130 - - [25/Jun/2026:09:20:34 -0400] "GET /?fileloc=/home/aurelytl/.cpanel/datastore/mysql-db-count&path=/home/aurelytl/.cpanel/datastore HTTP/1.1" 200 3090 "-" "Mozilla/5.0 (compatible; MJ12bot/v1.4.8; http://mj12bot.com/)"
66.249.68.6 - - [25/Jun/2026:09:20:34 -0400] "GET /products/5304490?fileloc=//lib64/python3.12/this.py&path=//lib64/python3.12 HTTP/1.1" 200 3636 "-" "Mozilla/5.0 (Linux; Android 6.0.1; Nexus 5X Build/MMB29P) AppleWebKit/537.36 (KHTML, like Gecko) Chrome/148.0.7778.96 Mobile Safari/537.36 (compatible; GoogleOther)"
54.39.6.182 - - [25/Jun/2026:09:20:35 -0400] "GET /products/5186596 HTTP/1.1" 200 4643 "-" "Mozilla/5.0 (compatible; AhrefsBot/7.0; +http://ahrefs.com/robot/)"
54.37.252.130 - - [25/Jun/2026:09:20:36 -0400] "GET /?fileloc=/home/aurelytl/.cpanel/datastore/ports_GETSSHPORT&path=/home/aurelytl/.cpanel/datastore HTTP/1.1" 200 3096 "-" "Mozilla/5.0 (compatible; MJ12bot/v1.4.8; http://mj12bot.com/)"
51.161.65.17 - - [25/Jun/2026:09:20:37 -0400] "GET /products/5185748 HTTP/1.1" 200 4702 "-" "Mozilla/5.0 (compatible; AhrefsBot/7.0; +http://ahrefs.com/robot/)"
54.37.252.130 - - [25/Jun/2026:09:20:38 -0400] "GET /?fileloc=/home/aurelytl/.cpanel/datastore/postgres-db-count&path=/home/aurelytl/.cpanel/datastore HTTP/1.1" 200 3037 "-" "Mozilla/5.0 (compatible; MJ12bot/v1.4.8; http://mj12bot.com/)"
54.37.252.130 - - [25/Jun/2026:09:20:39 -0400] "GET /?fileloc=/home/aurelytl/.cpanel/datastore/reseller_SORTEDRESELLERSUSERS_aurelytl&path=/home/aurelytl/.cpanel/datastore HTTP/1.1" 200 3246 "-" "Mozilla/5.0 (compatible; MJ12bot/v1.4.8; http://mj12bot.com/)"
54.37.252.130 - - [25/Jun/2026:09:20:41 -0400] "GET /?fileloc=/home/aurelytl/.cpanel/datastore/ssl_FETCHINSTALLEDHOSTS&path=/home/aurelytl/.cpanel/datastore HTTP/1.1" 200 13259 "-" "Mozilla/5.0 (compatible; MJ12bot/v1.4.8; http://mj12bot.com/)"
54.39.0.98 - - [25/Jun/2026:09:20:42 -0400] "GET /products/517357826 HTTP/1.1" 200 4644 "-" "Mozilla/5.0 (compatible; AhrefsBot/7.0; +http://ahrefs.com/robot/)"
54.37.252.130 - - [25/Jun/2026:09:20:43 -0400] "GET /?fileloc=/home/aurelytl/.cpanel/icals/.cpanel_ics_import_contact@rinzaauto.com&path=/home/aurelytl/.cpanel/icals HTTP/1.1" 200 3097 "-" "Mozilla/5.0 (compatible; MJ12bot/v1.4.8; http://mj12bot.com/)"
54.37.252.130 - - [25/Jun/2026:09:20:45 -0400] "GET /?fileloc=/home/aurelytl/.cpanel/icals/anwarbendib@eurlapex.com.ics&path=/home/aurelytl/.cpanel/icals HTTP/1.1" 200 3201 "-" "Mozilla/5.0 (compatible; MJ12bot/v1.4.8; http://mj12bot.com/)"
54.39.136.231 - - [25/Jun/2026:09:20:45 -0400] "GET /products/5171037 HTTP/1.1" 200 4700 "-" "Mozilla/5.0 (compatible; AhrefsBot/7.0; +http://ahrefs.com/robot/)"
185.191.171.5 - - [25/Jun/2026:09:20:45 -0400] "GET /products/5631370 HTTP/1.1" 200 5846 "-" "Mozilla/5.0 (compatible; SemrushBot/7~bl; +http://www.semrush.com/bot.html)"
54.37.252.130 - - [25/Jun/2026:09:20:46 -0400] "GET /?fileloc=/home/aurelytl/.cpanel/icals/aurelytl.ics&path=/home/aurelytl/.cpanel/icals HTTP/1.1" 200 3139 "-" "Mozilla/5.0 (compatible; MJ12bot/v1.4.8; http://mj12bot.com/)"
66.249.68.6 - - [25/Jun/2026:09:20:48 -0400] "GET /products/5304490?fileloc=//lib64/python3.12/textwrap.py&path=//lib64/python3.12 HTTP/1.1" 200 9361 "-" "Mozilla/5.0 (Linux; Android 6.0.1; Nexus 5X Build/MMB29P) AppleWebKit/537.36 (KHTML, like Gecko) Chrome/148.0.7778.96 Mobile Safari/537.36 (compatible; GoogleOther)"
54.37.252.130 - - [25/Jun/2026:09:20:48 -0400] "GET /?fileloc=/home/aurelytl/.cpanel/icals/contact@auresdecor.com.ics&path=/home/aurelytl/.cpanel/icals HTTP/1.1" 200 3198 "-" "Mozilla/5.0 (compatible; MJ12bot/v1.4.8; http://mj12bot.com/)"
51.222.168.83 - - [25/Jun/2026:09:20:49 -0400] "GET /products/5164672 HTTP/1.1" 200 4683 "-" "Mozilla/5.0 (compatible; AhrefsBot/7.0; +http://ahrefs.com/robot/)"
54.37.252.130 - - [25/Jun/2026:09:20:50 -0400] "GET /?fileloc=/home/aurelytl/.cpanel/icals/contact@auresexpress.com.ics&path=/home/aurelytl/.cpanel/icals HTTP/1.1" 200 3199 "-" "Mozilla/5.0 (compatible; MJ12bot/v1.4.8; http://mj12bot.com/)"
54.37.252.130 - - [25/Jun/2026:09:20:51 -0400] "GET /?fileloc=/home/aurelytl/.cpanel/icals/contact@azollaalgerie.com.ics&path=/home/aurelytl/.cpanel/icals HTTP/1.1" 200 3153 "-" "Mozilla/5.0 (compatible; MJ12bot/v1.4.8; http://mj12bot.com/)"
142.44.220.202 - - [25/Jun/2026:09:20:52 -0400] "GET /products/515996578 HTTP/1.1" 200 4677 "-" "Mozilla/5.0 (compatible; AhrefsBot/7.0; +http://ahrefs.com/robot/)"
54.37.252.130 - - [25/Jun/2026:09:20:53 -0400] "GET /?fileloc=/home/aurelytl/.cpanel/icals/contact@eurlapex.com.ics&path=/home/aurelytl/.cpanel/icals HTTP/1.1" 200 3198 "-" "Mozilla/5.0 (compatible; MJ12bot/v1.4.8; http://mj12bot.com/)"
51.161.37.66 - - [25/Jun/2026:09:20:55 -0400] "GET /products/513852870 HTTP/1.1" 200 4644 "-" "Mozilla/5.0 (compatible; AhrefsBot/7.0; +http://ahrefs.com/robot/)"
54.37.252.130 - - [25/Jun/2026:09:20:55 -0400] "GET /?fileloc=/home/aurelytl/.cpanel/icals/contact@houssemzaoui.com.ics&path=/home/aurelytl/.cpanel/icals HTTP/1.1" 200 3202 "-" "Mozilla/5.0 (compatible; MJ12bot/v1.4.8; http://mj12bot.com/)"
54.37.252.130 - - [25/Jun/2026:09:20:56 -0400] "GET /?fileloc=/home/aurelytl/.cpanel/icals/contact@mohamedbaabit.com.ics&path=/home/aurelytl/.cpanel/icals HTTP/1.1" 200 3155 "-" "Mozilla/5.0 (compatible; MJ12bot/v1.4.8; http://mj12bot.com/)"
66.249.68.67 - - [25/Jun/2026:09:20:57 -0400] "GET /products/410710925?fileloc=/home/aurelytl/rinzaauto.com/readme.html&path=/home/aurelytl/rinzaauto.com HTTP/1.1" 200 6136 "-" "Mozilla/5.0 (Linux; Android 6.0.1; Nexus 5X Build/MMB29P) AppleWebKit/537.36 (KHTML, like Gecko) Chrome/148.0.7778.96 Mobile Safari/537.36 (compatible; Googlebot/2.1; +http://www.google.com/bot.html)"
66.249.68.67 - - [25/Jun/2026:09:20:57 -0400] "GET /products/473325113?fileloc=/home/aurelytl/rinzaauto.com/.htaccess&path=/home/aurelytl/rinzaauto.com HTTP/1.1" 403 1242 "-" "Mozilla/5.0 (Linux; Android 6.0.1; Nexus 5X Build/MMB29P) AppleWebKit/537.36 (KHTML, like Gecko) Chrome/148.0.7778.96 Mobile Safari/537.36 (compatible; Googlebot/2.1; +http://www.google.com/bot.html)"
54.37.252.130 - - [25/Jun/2026:09:20:58 -0400] "GET /?fileloc=/home/aurelytl/.cpanel/icals/domain4sale@houssemzaoui.com.ics&path=/home/aurelytl/.cpanel/icals HTTP/1.1" 200 3204 "-" "Mozilla/5.0 (compatible; MJ12bot/v1.4.8; http://mj12bot.com/)"
51.161.65.231 - - [25/Jun/2026:09:20:59 -0400] "GET /products/51304297 HTTP/1.1" 200 4723 "-" "Mozilla/5.0 (compatible; AhrefsBot/7.0; +http://ahrefs.com/robot/)"
54.37.252.130 - - [25/Jun/2026:09:21:00 -0400] "GET /?fileloc=/home/aurelytl/.cpanel/icals/domain4sale@mohamedbaabit.com.ics&path=/home/aurelytl/.cpanel/icals HTTP/1.1" 200 3204 "-" "Mozilla/5.0 (compatible; MJ12bot/v1.4.8; http://mj12bot.com/)"
54.37.252.130 - - [25/Jun/2026:09:21:01 -0400] "GET /?fileloc=/home/aurelytl/.cpanel/nvdata/CSSS_cpanel_domains&path=/home/aurelytl/.cpanel/nvdata HTTP/1.1" 200 3195 "-" "Mozilla/5.0 (compatible; MJ12bot/v1.4.8; http://mj12bot.com/)"
142.44.228.158 - - [25/Jun/2026:09:21:01 -0400] "GET /products/512559262 HTTP/1.1" 200 4706 "-" "Mozilla/5.0 (compatible; AhrefsBot/7.0; +http://ahrefs.com/robot/)"
54.37.252.130 - - [25/Jun/2026:09:21:03 -0400] "GET /?fileloc=/home/aurelytl/.cpanel/nvdata/CSSS_cpanel_tls_status&path=/home/aurelytl/.cpanel/nvdata HTTP/1.1" 200 3270 "-" "Mozilla/5.0 (compatible; MJ12bot/v1.4.8; http://mj12bot.com/)"
51.161.37.174 - - [25/Jun/2026:09:21:05 -0400] "GET /products/5122581 HTTP/1.1" 200 4706 "-" "Mozilla/5.0 (compatible; AhrefsBot/7.0; +http://ahrefs.com/robot/)"
54.37.252.130 - - [25/Jun/2026:09:21:05 -0400] "GET /?fileloc=/home/aurelytl/.cpanel/nvdata/contact@eurlapex.com_default_webmail_app&path=/home/aurelytl/.cpanel/nvdata HTTP/1.1" 200 3110 "-" "Mozilla/5.0 (compatible; MJ12bot/v1.4.8; http://mj12bot.com/)"
54.37.252.130 - - [25/Jun/2026:09:21:06 -0400] "GET /?fileloc=/home/aurelytl/.cpanel/nvdata/defaultdir&path=/home/aurelytl/.cpanel/nvdata HTTP/1.1" 200 3085 "-" "Mozilla/5.0 (compatible; MJ12bot/v1.4.8; http://mj12bot.com/)"
54.37.252.130 - - [25/Jun/2026:09:21:08 -0400] "GET /?fileloc=/home/aurelytl/.cpanel/nvdata/defaultdirdomain&path=/home/aurelytl/.cpanel/nvdata HTTP/1.1" 200 3042 "-" "Mozilla/5.0 (compatible; MJ12bot/v1.4.8; http://mj12bot.com/)"
54.39.203.128 - - [25/Jun/2026:09:21:08 -0400] "GET /products/51185786 HTTP/1.1" 200 4637 "-" "Mozilla/5.0 (compatible; AhrefsBot/7.0; +http://ahrefs.com/robot/)"
54.37.252.130 - - [25/Jun/2026:09:21:10 -0400] "GET /?fileloc=/home/aurelytl/.cpanel/nvdata/defaultdirtype&path=/home/aurelytl/.cpanel/nvdata HTTP/1.1" 200 3090 "-" "Mozilla/5.0 (compatible; MJ12bot/v1.4.8; http://mj12bot.com/)"
54.37.252.130 - - [25/Jun/2026:09:21:11 -0400] "GET /?fileloc=/home/aurelytl/.cpanel/nvdata/hide_horde_deprecation_banner&path=/home/aurelytl/.cpanel/nvdata HTTP/1.1" 200 3099 "-" "Mozilla/5.0 (compatible; MJ12bot/v1.4.8; http://mj12bot.com/)"
51.222.168.148 - - [25/Jun/2026:09:21:12 -0400] "GET /products/511103367 HTTP/1.1" 200 4621 "-" "Mozilla/5.0 (compatible; AhrefsBot/7.0; +http://ahrefs.com/robot/)"
54.37.252.130 - - [25/Jun/2026:09:21:13 -0400] "GET /?fileloc=/home/aurelytl/.cpanel/nvdata/ignorecharencoding&path=/home/aurelytl/.cpanel/nvdata HTTP/1.1" 200 3092 "-" "Mozilla/5.0 (compatible; MJ12bot/v1.4.8; http://mj12bot.com/)"
54.37.252.130 - - [25/Jun/2026:09:21:15 -0400] "GET /?fileloc=/home/aurelytl/.cpanel/nvdata/showhiddenfiles&path=/home/aurelytl/.cpanel/nvdata HTTP/1.1" 200 3086 "-" "Mozilla/5.0 (compatible; MJ12bot/v1.4.8; http://mj12bot.com/)"
54.37.252.130 - - [25/Jun/2026:09:21:16 -0400] "GET /?fileloc=/home/aurelytl/.cpanel/nvdata/xmainrollstatus&path=/home/aurelytl/.cpanel/nvdata HTTP/1.1" 200 3102 "-" "Mozilla/5.0 (compatible; MJ12bot/v1.4.8; http://mj12bot.com/)"
54.39.136.80 - - [25/Jun/2026:09:21:17 -0400] "GET /products/50936604 HTTP/1.1" 200 4677 "-" "Mozilla/5.0 (compatible; AhrefsBot/7.0; +http://ahrefs.com/robot/)"
66.249.68.6 - - [25/Jun/2026:09:21:17 -0400] "GET /products/5304490?fileloc=//lib/.build-id/2c/f06ecb760830a44054a2dae5e46d37c0096bdc&path=//lib/.build-id/2c HTTP/1.1" 200 3098 "-" "Mozilla/5.0 (Linux; Android 6.0.1; Nexus 5X Build/MMB29P) AppleWebKit/537.36 (KHTML, like Gecko) Chrome/148.0.7778.96 Mobile Safari/537.36 (compatible; GoogleOther)"
54.37.252.130 - - [25/Jun/2026:09:21:18 -0400] "GET /?fileloc=/home/aurelytl/.cpanel/nvdata/xmainwelcomedismissed&path=/home/aurelytl/.cpanel/nvdata HTTP/1.1" 200 3091 "-" "Mozilla/5.0 (compatible; MJ12bot/v1.4.8; http://mj12bot.com/)"
54.37.252.130 - - [25/Jun/2026:09:21:19 -0400] "GET /?fileloc=/home/aurelytl/.cpanel/vcards/.cpanel_vcf_import_contact@rinzaauto.com&path=/home/aurelytl/.cpanel/vcards HTTP/1.1" 200 3106 "-" "Mozilla/5.0 (compatible; MJ12bot/v1.4.8; http://mj12bot.com/)"
54.37.252.130 - - [25/Jun/2026:09:21:21 -0400] "GET /?fileloc=/home/aurelytl/.cpanel/vcards/anwarbendib@eurlapex.com.vcf&path=/home/aurelytl/.cpanel/vcards HTTP/1.1" 200 3098 "-" "Mozilla/5.0 (compatible; MJ12bot/v1.4.8; http://mj12bot.com/)"
54.37.252.130 - - [25/Jun/2026:09:21:23 -0400] "GET /?fileloc=/home/aurelytl/.cpanel/vcards/aurelytl.vcf&path=/home/aurelytl/.cpanel/vcards HTTP/1.1" 200 3852 "-" "Mozilla/5.0 (compatible; MJ12bot/v1.4.8; http://mj12bot.com/)"
54.39.89.10 - - [25/Jun/2026:09:21:24 -0400] "GET /products/50914020 HTTP/1.1" 200 4621 "-" "Mozilla/5.0 (compatible; AhrefsBot/7.0; +http://ahrefs.com/robot/)"
54.37.252.130 - - [25/Jun/2026:09:21:24 -0400] "GET /?fileloc=/home/aurelytl/.cpanel/vcards/contact@auresdecor.com.vcf&path=/home/aurelytl/.cpanel/vcards HTTP/1.1" 200 3099 "-" "Mozilla/5.0 (compatible; MJ12bot/v1.4.8; http://mj12bot.com/)"
54.37.252.130 - - [25/Jun/2026:09:21:26 -0400] "GET /?fileloc=/home/aurelytl/.cpanel/vcards/contact@auresexpress.com.vcf&path=/home/aurelytl/.cpanel/vcards HTTP/1.1" 200 3096 "-" "Mozilla/5.0 (compatible; MJ12bot/v1.4.8; http://mj12bot.com/)"
54.37.252.130 - - [25/Jun/2026:09:21:28 -0400] "GET /?fileloc=/home/aurelytl/.cpanel/vcards/contact@azollaalgerie.com.vcf&path=/home/aurelytl/.cpanel/vcards HTTP/1.1" 200 3051 "-" "Mozilla/5.0 (compatible; MJ12bot/v1.4.8; http://mj12bot.com/)"
54.37.252.130 - - [25/Jun/2026:09:21:29 -0400] "GET /?fileloc=/home/aurelytl/.cpanel/vcards/contact@eurlapex.com.vcf&path=/home/aurelytl/.cpanel/vcards HTTP/1.1" 200 3099 "-" "Mozilla/5.0 (compatible; MJ12bot/v1.4.8; http://mj12bot.com/)"
15.235.96.33 - - [25/Jun/2026:09:21:29 -0400] "GET /products/5090483 HTTP/1.1" 200 4637 "-" "Mozilla/5.0 (compatible; AhrefsBot/7.0; +http://ahrefs.com/robot/)"
54.37.252.130 - - [25/Jun/2026:09:21:31 -0400] "GET /?fileloc=/home/aurelytl/.cpanel/vcards/contact@houssemzaoui.com.vcf&path=/home/aurelytl/.cpanel/vcards HTTP/1.1" 200 3051 "-" "Mozilla/5.0 (compatible; MJ12bot/v1.4.8; http://mj12bot.com/)"
54.37.252.130 - - [25/Jun/2026:09:21:32 -0400] "GET /?fileloc=/home/aurelytl/.cpanel/vcards/contact@mohamedbaabit.com.vcf&path=/home/aurelytl/.cpanel/vcards HTTP/1.1" 200 3051 "-" "Mozilla/5.0 (compatible; MJ12bot/v1.4.8; http://mj12bot.com/)"
54.37.252.130 - - [25/Jun/2026:09:21:34 -0400] "GET /?fileloc=/home/aurelytl/.cpanel/vcards/domain4sale@houssemzaoui.com.vcf&path=/home/aurelytl/.cpanel/vcards HTTP/1.1" 200 3055 "-" "Mozilla/5.0 (compatible; MJ12bot/v1.4.8; http://mj12bot.com/)"
148.113.128.205 - - [25/Jun/2026:09:21:34 -0400] "GET /products/50890255 HTTP/1.1" 200 4763 "-" "Mozilla/5.0 (compatible; AhrefsBot/7.0; +http://ahrefs.com/robot/)"
54.37.252.130 - - [25/Jun/2026:09:21:36 -0400] "GET /?fileloc=/home/aurelytl/.cpanel/vcards/domain4sale@mohamedbaabit.com.vcf&path=/home/aurelytl/.cpanel/vcards HTTP/1.1" 200 3055 "-" "Mozilla/5.0 (compatible; MJ12bot/v1.4.8; http://mj12bot.com/)"
66.249.68.6 - - [25/Jun/2026:09:21:36 -0400] "GET /products/5304490?fileloc=//usr/lib64/apr-util-1/apr_crypto_openssl-1.so&path=//usr/lib64/apr-util-1 HTTP/1.1" 200 3088 "-" "Mozilla/5.0 (Linux; Android 6.0.1; Nexus 5X Build/MMB29P) AppleWebKit/537.36 (KHTML, like Gecko) Chrome/148.0.7778.96 Mobile Safari/537.36 (compatible; GoogleOther)"
54.37.252.130 - - [25/Jun/2026:09:21:37 -0400] "GET /?fileloc=/home/aurelytl/.softaculous/logs/error_log.log&path=/home/aurelytl/.softaculous/logs HTTP/1.1" 200 3438 "-" "Mozilla/5.0 (compatible; MJ12bot/v1.4.8; http://mj12bot.com/)"
15.235.98.4 - - [25/Jun/2026:09:21:38 -0400] "GET /products/508333516 HTTP/1.1" 200 4644 "-" "Mozilla/5.0 (compatible; AhrefsBot/7.0; +http://ahrefs.com/robot/)"
54.37.252.130 - - [25/Jun/2026:09:21:39 -0400] "GET /?fileloc=/home/aurelytl/.softaculous/status/BH2yDZMXyqSVwbPX7C9pX2mYYJPJDf6T&path=/home/aurelytl/.softaculous/status HTTP/1.1" 200 3274 "-" "Mozilla/5.0 (compatible; MJ12bot/v1.4.8; http://mj12bot.com/)"
207.46.13.107 - - [25/Jun/2026:09:21:40 -0400] "GET /products/542486020 HTTP/1.1" 200 4677 "-" "Mozilla/5.0 AppleWebKit/537.36 (KHTML, like Gecko; compatible; bingbot/2.0; +http://www.bing.com/bingbot.htm) Chrome/116.0.1938.76 Safari/537.36"
54.37.252.130 - - [25/Jun/2026:09:21:41 -0400] "GET /?fileloc=/home/aurelytl/.softaculous/status/GFTXi6cUbmU1xafbUP5VIopSafI8oqLk&path=/home/aurelytl/.softaculous/status HTTP/1.1" 200 3217 "-" "Mozilla/5.0 (compatible; MJ12bot/v1.4.8; http://mj12bot.com/)"
142.44.220.131 - - [25/Jun/2026:09:21:42 -0400] "GET /products/50778870 HTTP/1.1" 200 4637 "-" "Mozilla/5.0 (compatible; AhrefsBot/7.0; +http://ahrefs.com/robot/)"
66.249.68.6 - - [25/Jun/2026:09:21:42 -0400] "GET /products/81524114?fileloc=//lib64/ruby/date_core.so&path=//lib64/ruby HTTP/1.1" 200 3079 "-" "Mozilla/5.0 (Linux; Android 6.0.1; Nexus 5X Build/MMB29P) AppleWebKit/537.36 (KHTML, like Gecko) Chrome/148.0.7778.96 Mobile Safari/537.36 (compatible; GoogleOther)"
54.37.252.130 - - [25/Jun/2026:09:21:42 -0400] "GET /?fileloc=/home/aurelytl/.softaculous/status/qvaX7ytgA8de6DPxzOOaTlw6McABjKUi&path=/home/aurelytl/.softaculous/status HTTP/1.1" 200 3272 "-" "Mozilla/5.0 (compatible; MJ12bot/v1.4.8; http://mj12bot.com/)"
85.208.96.210 - - [25/Jun/2026:09:21:44 -0400] "GET /products/6811649 HTTP/1.1" 200 5715 "-" "Mozilla/5.0 (compatible; SemrushBot/7~bl; +http://www.semrush.com/bot.html)"
54.37.252.130 - - [25/Jun/2026:09:21:44 -0400] "GET /?fileloc=/home/aurelytl/.softaculous/status/raZbzBRvtPXHLIBqZzwcuQAwDKgYOyzU&path=/home/aurelytl/.softaculous/status HTTP/1.1" 200 3276 "-" "Mozilla/5.0 (compatible; MJ12bot/v1.4.8; http://mj12bot.com/)"
54.37.252.130 - - [25/Jun/2026:09:21:46 -0400] "GET /?fileloc=/home/aurelytl/.softaculous/status/sn9vyKPW4uKw3RwZs2J1F5J82dpJEHgU&path=/home/aurelytl/.softaculous/status HTTP/1.1" 200 3280 "-" "Mozilla/5.0 (compatible; MJ12bot/v1.4.8; http://mj12bot.com/)"
85.208.96.206 - - [25/Jun/2026:09:21:46 -0400] "GET /products/2680643 HTTP/1.1" 200 5846 "-" "Mozilla/5.0 (compatible; SemrushBot/7~bl; +http://www.semrush.com/bot.html)"
40.77.167.32 - - [25/Jun/2026:09:21:46 -0400] "GET /products/9973277 HTTP/1.1" 200 4644 "-" "Mozilla/5.0 AppleWebKit/537.36 (KHTML, like Gecko; compatible; bingbot/2.0; +http://www.bing.com/bingbot.htm) Chrome/116.0.1938.76 Safari/537.36"
54.39.6.154 - - [25/Jun/2026:09:21:47 -0400] "GET /products/5064390 HTTP/1.1" 200 4637 "-" "Mozilla/5.0 (compatible; AhrefsBot/7.0; +http://ahrefs.com/robot/)"
66.249.68.6 - - [25/Jun/2026:09:21:47 -0400] "GET /products/5304490?fileloc=//lib64/python3.12/pstats.py&path=//lib64/python3.12 HTTP/1.1" 200 11105 "-" "Mozilla/5.0 (Linux; Android 6.0.1; Nexus 5X Build/MMB29P) AppleWebKit/537.36 (KHTML, like Gecko) Chrome/148.0.7778.96 Mobile Safari/537.36 (compatible; GoogleOther)"
54.37.252.130 - - [25/Jun/2026:09:21:47 -0400] "GET /?fileloc=/home/aurelytl/.softaculous/status/z2edBab6toE2C5EuqMk37bpKqv57choF&path=/home/aurelytl/.softaculous/status HTTP/1.1" 200 3270 "-" "Mozilla/5.0 (compatible; MJ12bot/v1.4.8; http://mj12bot.com/)"
54.37.252.130 - - [25/Jun/2026:09:21:49 -0400] "GET /?fileloc=/home/aurelytl/auresdecor.com/wp-content/index.php&path=/home/aurelytl/auresdecor.com/wp-content HTTP/1.1" 200 3104 "-" "Mozilla/5.0 (compatible; MJ12bot/v1.4.8; http://mj12bot.com/)"
54.39.136.217 - - [25/Jun/2026:09:21:50 -0400] "GET /products/50463589 HTTP/1.1" 200 4637 "-" "Mozilla/5.0 (compatible; AhrefsBot/7.0; +http://ahrefs.com/robot/)"
54.37.252.130 - - [25/Jun/2026:09:21:51 -0400] "GET /?fileloc=/home/aurelytl/rinzaauto.com/error_log&path=/home/aurelytl/rinzaauto.com HTTP/1.1" 200 95809 "-" "Mozilla/5.0 (compatible; MJ12bot/v1.4.8; http://mj12bot.com/)"
54.37.252.130 - - [25/Jun/2026:09:21:53 -0400] "GET /?fileloc=/home/aurelytl/ssl/certs/azollaalgerie_com_d371b_c1f0f_1781049599_fb7779aa686844ca9debcc7bb5b9dfab.crt&path=/home/aurelytl/ssl/certs HTTP/1.1" 200 4920 "-" "Mozilla/5.0 (compatible; MJ12bot/v1.4.8; http://mj12bot.com/)"
51.161.37.122 - - [25/Jun/2026:09:21:54 -0400] "GET /products/5026883 HTTP/1.1" 200 4677 "-" "Mozilla/5.0 (compatible; AhrefsBot/7.0; +http://ahrefs.com/robot/)"
54.37.252.130 - - [25/Jun/2026:09:21:55 -0400] "GET /?fileloc=/home/aurelytl/ssl/certs/azollaalgerie_com_d371b_c1f0f_1781049599_fb7779aa686844ca9debcc7bb5b9dfab.crt.cache&path=/home/aurelytl/ssl/certs HTTP/1.1" 200 6564 "-" "Mozilla/5.0 (compatible; MJ12bot/v1.4.8; http://mj12bot.com/)"
54.37.252.130 - - [25/Jun/2026:09:21:57 -0400] "GET /?fileloc=/home/aurelytl/ssl/certs/eurlapex_com_d4256_710a9_1783641599_a572963299840386daf130145f988e85.crt&path=/home/aurelytl/ssl/certs HTTP/1.1" 200 4921 "-" "Mozilla/5.0 (compatible; MJ12bot/v1.4.8; http://mj12bot.com/)"
15.235.96.146 - - [25/Jun/2026:09:21:57 -0400] "GET /products/5019899 HTTP/1.1" 200 4683 "-" "Mozilla/5.0 (compatible; AhrefsBot/7.0; +http://ahrefs.com/robot/)"
54.37.252.130 - - [25/Jun/2026:09:21:58 -0400] "GET /?fileloc=/home/aurelytl/ssl/certs/eurlapex_com_d4256_710a9_1783641599_a572963299840386daf130145f988e85.crt.cache&path=/home/aurelytl/ssl/certs HTTP/1.1" 200 6372 "-" "Mozilla/5.0 (compatible; MJ12bot/v1.4.8; http://mj12bot.com/)"
54.37.252.130 - - [25/Jun/2026:09:22:00 -0400] "GET /?fileloc=/home/aurelytl/ssl/certs/rinzaauto_com_b2480_24b2b_1788911999_145f21c416f9be2ebb6b8f29c50cd11f.crt&path=/home/aurelytl/ssl/certs HTTP/1.1" 200 4912 "-" "Mozilla/5.0 (compatible; MJ12bot/v1.4.8; http://mj12bot.com/)"
54.37.252.130 - - [25/Jun/2026:09:22:02 -0400] "GET /?fileloc=/home/aurelytl/ssl/certs/rinzaauto_com_b2480_24b2b_1788911999_145f21c416f9be2ebb6b8f29c50cd11f.crt.cache&path=/home/aurelytl/ssl/certs HTTP/1.1" 200 6464 "-" "Mozilla/5.0 (compatible; MJ12bot/v1.4.8; http://mj12bot.com/)"
54.39.6.148 - - [25/Jun/2026:09:22:02 -0400] "GET /products/5010553 HTTP/1.1" 200 4637 "-" "Mozilla/5.0 (compatible; AhrefsBot/7.0; +http://ahrefs.com/robot/)"
54.37.252.130 - - [25/Jun/2026:09:22:03 -0400] "GET /?fileloc=/home/aurelytl/ssl/csrs/auresdecor_com_c1ee9_37b29_6b9d1118f2826a51abfa866a88fa75c7.csr&path=/home/aurelytl/ssl/csrs HTTP/1.1" 200 4014 "-" "Mozilla/5.0 (compatible; MJ12bot/v1.4.8; http://mj12bot.com/)"
54.37.252.130 - - [25/Jun/2026:09:22:05 -0400] "GET /?fileloc=/home/aurelytl/ssl/csrs/auresexpress_com_b6faf_8426f_bfd2937d4d46d84f0ba232c0ad88cba8.csr&path=/home/aurelytl/ssl/csrs HTTP/1.1" 200 4037 "-" "Mozilla/5.0 (compatible; MJ12bot/v1.4.8; http://mj12bot.com/)"
54.37.252.130 - - [25/Jun/2026:09:22:06 -0400] "GET /?fileloc=/home/aurelytl/ssl/csrs/azollaalgerie_com_d371b_c1f0f_d606e686653d5e072f1f076b64792bf0.csr&path=/home/aurelytl/ssl/csrs HTTP/1.1" 200 4049 "-" "Mozilla/5.0 (compatible; MJ12bot/v1.4.8; http://mj12bot.com/)"
54.39.203.237 - - [25/Jun/2026:09:22:07 -0400] "GET /products/500918483 HTTP/1.1" 200 4637 "-" "Mozilla/5.0 (compatible; AhrefsBot/7.0; +http://ahrefs.com/robot/)"
54.37.252.130 - - [25/Jun/2026:09:22:08 -0400] "GET /?fileloc=/home/aurelytl/ssl/csrs/eurlapex_com_d4256_710a9_6f9f7b15871a4a97161291bcef4cb930.csr&path=/home/aurelytl/ssl/csrs HTTP/1.1" 200 4012 "-" "Mozilla/5.0 (compatible; MJ12bot/v1.4.8; http://mj12bot.com/)"
54.37.252.130 - - [25/Jun/2026:09:22:10 -0400] "GET /?fileloc=/home/aurelytl/ssl/keys/b0e23_f26cd_f30bd69bb3c565eb91135a6362e3b932.key&path=/home/aurelytl/ssl/keys HTTP/1.1" 200 4373 "-" "Mozilla/5.0 (compatible; MJ12bot/v1.4.8; http://mj12bot.com/)"
54.37.252.130 - - [25/Jun/2026:09:22:11 -0400] "GET /?fileloc=/home/aurelytl/ssl/keys/b2480_24b2b_eb85c13ce7540e036e14a6009ad2ac32.key&path=/home/aurelytl/ssl/keys HTTP/1.1" 200 4435 "-" "Mozilla/5.0 (compatible; MJ12bot/v1.4.8; http://mj12bot.com/)"
85.208.96.210 - - [25/Jun/2026:09:22:12 -0400] "GET /products/1403799 HTTP/1.1" 200 5778 "-" "Mozilla/5.0 (compatible; SemrushBot/7~bl; +http://www.semrush.com/bot.html)"
15.235.27.192 - - [25/Jun/2026:09:22:12 -0400] "GET /products/50032781 HTTP/1.1" 200 4634 "-" "Mozilla/5.0 (compatible; AhrefsBot/7.0; +http://ahrefs.com/robot/)"
54.37.252.130 - - [25/Jun/2026:09:22:13 -0400] "GET /?fileloc=/home/aurelytl/ssl/keys/b6faf_8426f_73060ff27c8347691b0aa0ca217dd552.key&path=/home/aurelytl/ssl/keys HTTP/1.1" 200 4374 "-" "Mozilla/5.0 (compatible; MJ12bot/v1.4.8; http://mj12bot.com/)"
54.37.252.130 - - [25/Jun/2026:09:22:15 -0400] "GET /?fileloc=/home/aurelytl/ssl/keys/bc3a4_ecbef_8679fff069a6e396bcf485292e1774cc.key&path=/home/aurelytl/ssl/keys HTTP/1.1" 200 4453 "-" "Mozilla/5.0 (compatible; MJ12bot/v1.4.8; http://mj12bot.com/)"
66.249.68.7 - - [25/Jun/2026:09:22:16 -0400] "GET /products/5304490?fileloc=//lib64/python3.12/heapq.py&path=//lib64/python3.12 HTTP/1.1" 200 10680 "-" "Mozilla/5.0 (Linux; Android 6.0.1; Nexus 5X Build/MMB29P) AppleWebKit/537.36 (KHTML, like Gecko) Chrome/148.0.7778.96 Mobile Safari/537.36 (compatible; GoogleOther)"
54.37.252.130 - - [25/Jun/2026:09:22:16 -0400] "GET /?fileloc=/home/aurelytl/ssl/keys/c02ee_9ea01_ae243a3e4f96a321729379ba82ad8cab.key&path=/home/aurelytl/ssl/keys HTTP/1.1" 200 4439 "-" "Mozilla/5.0 (compatible; MJ12bot/v1.4.8; http://mj12bot.com/)"
167.114.139.146 - - [25/Jun/2026:09:22:17 -0400] "GET /products/50016420 HTTP/1.1" 200 4634 "-" "Mozilla/5.0 (compatible; AhrefsBot/7.0; +http://ahrefs.com/robot/)"
66.249.68.8 - - [25/Jun/2026:09:22:17 -0400] "GET /products/5304490?fileloc=//lib/.build-id/2c/c91003922dcd2f4f68aee7f34573fc3ba507ea&path=//lib/.build-id/2c HTTP/1.1" 200 3099 "-" "Mozilla/5.0 (Linux; Android 6.0.1; Nexus 5X Build/MMB29P) AppleWebKit/537.36 (KHTML, like Gecko) Chrome/148.0.7778.96 Mobile Safari/537.36 (compatible; GoogleOther)"
54.37.252.130 - - [25/Jun/2026:09:22:18 -0400] "GET /?fileloc=/home/aurelytl/ssl/keys/c048c_ee623_a16c48ff0c661d5f0f10af0b7bddcce5.key&path=/home/aurelytl/ssl/keys HTTP/1.1" 200 4435 "-" "Mozilla/5.0 (compatible; MJ12bot/v1.4.8; http://mj12bot.com/)"
54.37.252.130 - - [25/Jun/2026:09:22:20 -0400] "GET /?fileloc=/home/aurelytl/ssl/keys/c1ee9_37b29_8d9beb67f3fa3025c6ae3eda87304f94.key&path=/home/aurelytl/ssl/keys HTTP/1.1" 200 4389 "-" "Mozilla/5.0 (compatible; MJ12bot/v1.4.8; http://mj12bot.com/)"
54.39.0.21 - - [25/Jun/2026:09:22:21 -0400] "GET /products/499605781 HTTP/1.1" 200 4676 "-" "Mozilla/5.0 (compatible; AhrefsBot/7.0; +http://ahrefs.com/robot/)"
54.37.252.130 - - [25/Jun/2026:09:22:21 -0400] "GET /?fileloc=/home/aurelytl/ssl/keys/cbe09_631cf_c3901cded767d516018e6ada5bf417a5.key&path=/home/aurelytl/ssl/keys HTTP/1.1" 200 4436 "-" "Mozilla/5.0 (compatible; MJ12bot/v1.4.8; http://mj12bot.com/)"
54.37.252.130 - - [25/Jun/2026:09:22:23 -0400] "GET /?fileloc=/home/aurelytl/ssl/keys/d371b_c1f0f_1be59d81e95f0aced90e1b6529648f16.key&path=/home/aurelytl/ssl/keys HTTP/1.1" 200 4450 "-" "Mozilla/5.0 (compatible; MJ12bot/v1.4.8; http://mj12bot.com/)"
54.37.252.130 - - [25/Jun/2026:09:22:25 -0400] "GET /?fileloc=/home/aurelytl/ssl/keys/d3d3b_c23ab_f9853746777904adfe62117ce5c91f9d.key&path=/home/aurelytl/ssl/keys HTTP/1.1" 200 4447 "-" "Mozilla/5.0 (compatible; MJ12bot/v1.4.8; http://mj12bot.com/)"
40.77.167.70 - - [25/Jun/2026:09:22:25 -0400] "GET /products/88202465 HTTP/1.1" 200 4634 "-" "Mozilla/5.0 AppleWebKit/537.36 (KHTML, like Gecko; compatible; bingbot/2.0; +http://www.bing.com/bingbot.htm) Chrome/116.0.1938.76 Safari/537.36"
54.37.252.130 - - [25/Jun/2026:09:22:26 -0400] "GET /?fileloc=/home/aurelytl/ssl/keys/d4256_710a9_ea0fe35aaa2b9f4063455d7fe22b061e.key&path=/home/aurelytl/ssl/keys HTTP/1.1" 200 4440 "-" "Mozilla/5.0 (compatible; MJ12bot/v1.4.8; http://mj12bot.com/)"
54.37.252.130 - - [25/Jun/2026:09:22:28 -0400] "GET /?fileloc=/home/aurelytl/ssl/keys/dda6d_843ff_6333a19df059f92ebbb2035c90d32f18.key&path=/home/aurelytl/ssl/keys HTTP/1.1" 200 4440 "-" "Mozilla/5.0 (compatible; MJ12bot/v1.4.8; http://mj12bot.com/)"
54.39.89.178 - - [25/Jun/2026:09:22:28 -0400] "GET /products/499241076 HTTP/1.1" 200 4676 "-" "Mozilla/5.0 (compatible; AhrefsBot/7.0; +http://ahrefs.com/robot/)"
54.37.252.130 - - [25/Jun/2026:09:22:30 -0400] "GET /?fileloc=/home/aurelytl/ssl/keys/de127_00fbb_5c9b19a7346628d258f1d2181656a717.key&path=/home/aurelytl/ssl/keys HTTP/1.1" 200 4447 "-" "Mozilla/5.0 (compatible; MJ12bot/v1.4.8; http://mj12bot.com/)"
54.37.252.130 - - [25/Jun/2026:09:22:31 -0400] "GET /?fileloc=/home/aurelytl/ssl/keys/df1d7_f7555_fa65709e76c5b101e98030464ef538bb.key&path=/home/aurelytl/ssl/keys HTTP/1.1" 200 4452 "-" "Mozilla/5.0 (compatible; MJ12bot/v1.4.8; http://mj12bot.com/)"
15.235.27.123 - - [25/Jun/2026:09:22:32 -0400] "GET /products/498040575 HTTP/1.1" 200 4651 "-" "Mozilla/5.0 (compatible; AhrefsBot/7.0; +http://ahrefs.com/robot/)"
54.37.252.130 - - [25/Jun/2026:09:22:33 -0400] "GET /?fileloc=/home/aurelytl/ssl/keys/df8f0_8a005_09b6e9bd86f85871107596aeb5a198be.key&path=/home/aurelytl/ssl/keys HTTP/1.1" 200 4449 "-" "Mozilla/5.0 (compatible; MJ12bot/v1.4.8; http://mj12bot.com/)"
52.167.144.206 - - [25/Jun/2026:09:22:34 -0400] "GET /products/209792057 HTTP/1.1" 200 4702 "-" "Mozilla/5.0 AppleWebKit/537.36 (KHTML, like Gecko; compatible; bingbot/2.0; +http://www.bing.com/bingbot.htm) Chrome/116.0.1938.76 Safari/537.36"
52.167.144.206 - - [25/Jun/2026:09:22:34 -0400] "GET /products/258859256 HTTP/1.1" 200 4725 "-" "Mozilla/5.0 AppleWebKit/537.36 (KHTML, like Gecko; compatible; bingbot/2.0; +http://www.bing.com/bingbot.htm) Chrome/116.0.1938.76 Safari/537.36"
54.37.252.130 - - [25/Jun/2026:09:22:35 -0400] "GET /?fileloc=/home/aurelytl/ssl/keys/e6ddb_239a1_72fe31e093920821dd80208d87afe95f.key&path=/home/aurelytl/ssl/keys HTTP/1.1" 200 4451 "-" "Mozilla/5.0 (compatible; MJ12bot/v1.4.8; http://mj12bot.com/)"
15.235.98.136 - - [25/Jun/2026:09:22:36 -0400] "GET /products/497291252 HTTP/1.1" 200 4634 "-" "Mozilla/5.0 (compatible; AhrefsBot/7.0; +http://ahrefs.com/robot/)"
54.37.252.130 - - [25/Jun/2026:09:22:36 -0400] "GET /?fileloc=/home/aurelytl/ssl/keys/f2f26_57c79_79bd2d6268851ddb21a899bb001cb196.key&path=/home/aurelytl/ssl/keys HTTP/1.1" 200 4438 "-" "Mozilla/5.0 (compatible; MJ12bot/v1.4.8; http://mj12bot.com/)"
54.37.252.130 - - [25/Jun/2026:09:22:38 -0400] "GET /?path=//lib/NetworkManager/VPN HTTP/1.1" 200 3144 "-" "Mozilla/5.0 (compatible; MJ12bot/v1.4.8; http://mj12bot.com/)"
54.37.252.130 - - [25/Jun/2026:09:22:40 -0400] "GET /?path=//lib/NetworkManager/conf.d HTTP/1.1" 200 3142 "-" "Mozilla/5.0 (compatible; MJ12bot/v1.4.8; http://mj12bot.com/)"
51.222.95.103 - - [25/Jun/2026:09:22:40 -0400] "GET /products/496768808 HTTP/1.1" 200 4703 "-" "Mozilla/5.0 (compatible; AhrefsBot/7.0; +http://ahrefs.com/robot/)"
54.37.252.130 - - [25/Jun/2026:09:22:41 -0400] "GET /?path=//lib/NetworkManager/dispatcher.d HTTP/1.1" 200 3413 "-" "Mozilla/5.0 (compatible; MJ12bot/v1.4.8; http://mj12bot.com/)"
54.39.203.96 - - [25/Jun/2026:09:22:43 -0400] "GET /products/49521849 HTTP/1.1" 200 4634 "-" "Mozilla/5.0 (compatible; AhrefsBot/7.0; +http://ahrefs.com/robot/)"
54.37.252.130 - - [25/Jun/2026:09:22:43 -0400] "GET /?path=//lib/NetworkManager/system-connections HTTP/1.1" 200 3107 "-" "Mozilla/5.0 (compatible; MJ12bot/v1.4.8; http://mj12bot.com/)"
54.37.252.130 - - [25/Jun/2026:09:22:45 -0400] "GET /?path=//lib/debug/.dwz HTTP/1.1" 200 3131 "-" "Mozilla/5.0 (compatible; MJ12bot/v1.4.8; http://mj12bot.com/)"
54.37.252.130 - - [25/Jun/2026:09:22:46 -0400] "GET /?path=//lib/debug/bin HTTP/1.1" 200 3082 "-" "Mozilla/5.0 (compatible; MJ12bot/v1.4.8; http://mj12bot.com/)"
142.44.225.239 - - [25/Jun/2026:09:22:46 -0400] "GET /products/4923210 HTTP/1.1" 200 4643 "-" "Mozilla/5.0 (compatible; AhrefsBot/7.0; +http://ahrefs.com/robot/)"
66.249.68.6 - - [25/Jun/2026:09:22:46 -0400] "GET /products/5304490?fileloc=//lib/.build-id/2c/3998cf83be3e1f36ee5e7bcd0bfbd2a13f3d82&path=//lib/.build-id/2c HTTP/1.1" 200 3098 "-" "Mozilla/5.0 (Linux; Android 6.0.1; Nexus 5X Build/MMB29P) AppleWebKit/537.36 (KHTML, like Gecko) Chrome/148.0.7778.96 Mobile Safari/537.36 (compatible; GoogleOther)"
185.191.171.7 - - [25/Jun/2026:09:22:47 -0400] "GET /products/6165929 HTTP/1.1" 200 5795 "-" "Mozilla/5.0 (compatible; SemrushBot/7~bl; +http://www.semrush.com/bot.html)"
54.37.252.130 - - [25/Jun/2026:09:22:48 -0400] "GET /?path=//lib/debug/lib HTTP/1.1" 200 3122 "-" "Mozilla/5.0 (compatible; MJ12bot/v1.4.8; http://mj12bot.com/)"
85.208.96.197 - - [25/Jun/2026:09:22:50 -0400] "GET /products/9823129 HTTP/1.1" 200 5714 "-" "Mozilla/5.0 (compatible; SemrushBot/7~bl; +http://www.semrush.com/bot.html)"
54.37.252.130 - - [25/Jun/2026:09:22:50 -0400] "GET /?path=//lib/debug/lib64 HTTP/1.1" 200 3086 "-" "Mozilla/5.0 (compatible; MJ12bot/v1.4.8; http://mj12bot.com/)"
66.249.68.6 - - [25/Jun/2026:09:22:50 -0400] "GET /products/5304490?fileloc=//lib64/python3.12/xdrlib.py&path=//lib64/python3.12 HTTP/1.1" 200 4640 "-" "Mozilla/5.0 (Linux; Android 6.0.1; Nexus 5X Build/MMB29P) AppleWebKit/537.36 (KHTML, like Gecko) Chrome/148.0.7778.96 Mobile Safari/537.36 (compatible; GoogleOther)"
142.44.233.1 - - [25/Jun/2026:09:22:50 -0400] "GET /products/492003303 HTTP/1.1" 200 4640 "-" "Mozilla/5.0 (compatible; AhrefsBot/7.0; +http://ahrefs.com/robot/)"
85.208.96.204 - - [25/Jun/2026:09:22:51 -0400] "GET /products/435624063 HTTP/1.1" 200 5845 "-" "Mozilla/5.0 (compatible; SemrushBot/7~bl; +http://www.semrush.com/bot.html)"
54.37.252.130 - - [25/Jun/2026:09:22:51 -0400] "GET /?path=//lib/debug/sbin HTTP/1.1" 200 3129 "-" "Mozilla/5.0 (compatible; MJ12bot/v1.4.8; http://mj12bot.com/)"
54.37.252.130 - - [25/Jun/2026:09:22:53 -0400] "GET /?path=//lib/debug/usr HTTP/1.1" 200 3485 "-" "Mozilla/5.0 (compatible; MJ12bot/v1.4.8; http://mj12bot.com/)"
148.113.128.64 - - [25/Jun/2026:09:22:54 -0400] "GET /products/49177901 HTTP/1.1" 200 4700 "-" "Mozilla/5.0 (compatible; AhrefsBot/7.0; +http://ahrefs.com/robot/)"
54.37.252.130 - - [25/Jun/2026:09:22:55 -0400] "GET /?path=//lib/dracut/dracut.conf.d HTTP/1.1" 200 3567 "-" "Mozilla/5.0 (compatible; MJ12bot/v1.4.8; http://mj12bot.com/)"
54.37.252.130 - - [25/Jun/2026:09:22:56 -0400] "GET /?path=//lib/dracut/modules.d HTTP/1.1" 200 5441 "-" "Mozilla/5.0 (compatible; MJ12bot/v1.4.8; http://mj12bot.com/)"
54.37.252.130 - - [25/Jun/2026:09:22:58 -0400] "GET /?path=//lib/exim/bin HTTP/1.1" 200 3528 "-" "Mozilla/5.0 (compatible; MJ12bot/v1.4.8; http://mj12bot.com/)"
66.249.68.8 - - [25/Jun/2026:09:22:59 -0400] "GET /products/48200172?fileloc=/home/aurelytl/access-logs/numidialezoul.com.auresexpress.com-ssl_log&path=/home/aurelytl/access-logs HTTP/1.1" 200 3115 "-" "Mozilla/5.0 (Linux; Android 6.0.1; Nexus 5X Build/MMB29P) AppleWebKit/537.36 (KHTML, like Gecko) Chrome/148.0.7778.96 Mobile Safari/537.36 (compatible; Googlebot/2.1; +http://www.google.com/bot.html)"
54.37.252.130 - - [25/Jun/2026:09:22:59 -0400] "GET /?path=//lib/firewalld/helpers HTTP/1.1" 200 3777 "-" "Mozilla/5.0 (compatible; MJ12bot/v1.4.8; http://mj12bot.com/)"
142.44.233.130 - - [25/Jun/2026:09:23:00 -0400] "GET /products/4894173 HTTP/1.1" 200 4634 "-" "Mozilla/5.0 (compatible; AhrefsBot/7.0; +http://ahrefs.com/robot/)"
54.37.252.130 - - [25/Jun/2026:09:23:01 -0400] "GET /?path=//lib/firewalld/icmptypes HTTP/1.1" 200 5181 "-" "Mozilla/5.0 (compatible; MJ12bot/v1.4.8; http://mj12bot.com/)"
54.37.252.130 - - [25/Jun/2026:09:23:03 -0400] "GET /?path=//lib/firewalld/ipsets HTTP/1.1" 200 3409 "-" "Mozilla/5.0 (compatible; MJ12bot/v1.4.8; http://mj12bot.com/)"
54.39.210.100 - - [25/Jun/2026:09:23:04 -0400] "GET /products/487286486 HTTP/1.1" 200 4676 "-" "Mozilla/5.0 (compatible; AhrefsBot/7.0; +http://ahrefs.com/robot/)"
54.37.252.130 - - [25/Jun/2026:09:23:04 -0400] "GET /?path=//lib/firewalld/policies HTTP/1.1" 200 3373 "-" "Mozilla/5.0 (compatible; MJ12bot/v1.4.8; http://mj12bot.com/)"
54.37.252.130 - - [25/Jun/2026:09:23:06 -0400] "GET /?path=//lib/firewalld/services HTTP/1.1" 200 8697 "-" "Mozilla/5.0 (compatible; MJ12bot/v1.4.8; http://mj12bot.com/)"
15.235.98.252 - - [25/Jun/2026:09:23:08 -0400] "GET /products/486119576 HTTP/1.1" 200 4643 "-" "Mozilla/5.0 (compatible; AhrefsBot/7.0; +http://ahrefs.com/robot/)"
54.37.252.130 - - [25/Jun/2026:09:23:08 -0400] "GET /?path=//lib/firewalld/zones HTTP/1.1" 200 3696 "-" "Mozilla/5.0 (compatible; MJ12bot/v1.4.8; http://mj12bot.com/)"
54.37.252.130 - - [25/Jun/2026:09:23:09 -0400] "GET /?path=//lib/fontconfig/cache HTTP/1.1" 200 3682 "-" "Mozilla/5.0 (compatible; MJ12bot/v1.4.8; http://mj12bot.com/)"
15.235.96.8 - - [25/Jun/2026:09:23:11 -0400] "GET /products/48516988 HTTP/1.1" 200 4676 "-" "Mozilla/5.0 (compatible; AhrefsBot/7.0; +http://ahrefs.com/robot/)"
54.37.252.130 - - [25/Jun/2026:09:23:11 -0400] "GET /?path=//lib/gcc/x86_64-redhat-linux HTTP/1.1" 200 3355 "-" "Mozilla/5.0 (compatible; MJ12bot/v1.4.8; http://mj12bot.com/)"
54.37.252.130 - - [25/Jun/2026:09:23:13 -0400] "GET /?path=//lib/gems/ruby HTTP/1.1" 200 3130 "-" "Mozilla/5.0 (compatible; MJ12bot/v1.4.8; http://mj12bot.com/)"
51.161.65.21 - - [25/Jun/2026:09:23:14 -0400] "GET /products/484067521 HTTP/1.1" 200 4684 "-" "Mozilla/5.0 (compatible; AhrefsBot/7.0; +http://ahrefs.com/robot/)"
54.37.252.130 - - [25/Jun/2026:09:23:14 -0400] "GET /?path=//lib/grub/i386-pc HTTP/1.1" 200 13074 "-" "Mozilla/5.0 (compatible; MJ12bot/v1.4.8; http://mj12bot.com/)"
185.191.171.14 - - [25/Jun/2026:09:23:16 -0400] "GET /products/380467570 HTTP/1.1" 200 5734 "-" "Mozilla/5.0 (compatible; SemrushBot/7~bl; +http://www.semrush.com/bot.html)"
54.37.252.130 - - [25/Jun/2026:09:23:16 -0400] "GET /?path=//lib/kbd/consolefonts HTTP/1.1" 200 8643 "-" "Mozilla/5.0 (compatible; MJ12bot/v1.4.8; http://mj12bot.com/)"
66.249.68.8 - - [25/Jun/2026:09:23:16 -0400] "GET /products/5304490?fileloc=//lib64/python3.12/operator.py&path=//lib64/python3.12 HTTP/1.1" 200 6178 "-" "Mozilla/5.0 (Linux; Android 6.0.1; Nexus 5X Build/MMB29P) AppleWebKit/537.36 (KHTML, like Gecko) Chrome/148.0.7778.96 Mobile Safari/537.36 (compatible; GoogleOther)"
54.37.252.130 - - [25/Jun/2026:09:23:18 -0400] "GET /?path=//lib/kbd/consoletrans HTTP/1.1" 200 4697 "-" "Mozilla/5.0 (compatible; MJ12bot/v1.4.8; http://mj12bot.com/)"
148.113.130.107 - - [25/Jun/2026:09:23:18 -0400] "GET /products/482734177 HTTP/1.1" 200 4624 "-" "Mozilla/5.0 (compatible; AhrefsBot/7.0; +http://ahrefs.com/robot/)"
54.37.252.130 - - [25/Jun/2026:09:23:19 -0400] "GET /?path=//lib/kbd/keymaps HTTP/1.1" 200 3418 "-" "Mozilla/5.0 (compatible; MJ12bot/v1.4.8; http://mj12bot.com/)"
54.37.252.130 - - [25/Jun/2026:09:23:21 -0400] "GET /?path=//lib/kbd/unimaps HTTP/1.1" 200 5092 "-" "Mozilla/5.0 (compatible; MJ12bot/v1.4.8; http://mj12bot.com/)"
142.44.220.31 - - [25/Jun/2026:09:23:22 -0400] "GET /products/48137848 HTTP/1.1" 200 4702 "-" "Mozilla/5.0 (compatible; AhrefsBot/7.0; +http://ahrefs.com/robot/)"
54.37.252.130 - - [25/Jun/2026:09:23:23 -0400] "GET /?path=//lib/kernel/install.d HTTP/1.1" 200 3716 "-" "Mozilla/5.0 (compatible; MJ12bot/v1.4.8; http://mj12bot.com/)"
66.249.68.6 - - [25/Jun/2026:09:23:24 -0400] "GET /products/5304490?fileloc=//lib/.build-id/48/0889b0e65adac2585fede8e2161886b87ed108&path=//lib/.build-id/48 HTTP/1.1" 200 3097 "-" "Mozilla/5.0 (Linux; Android 6.0.1; Nexus 5X Build/MMB29P) AppleWebKit/537.36 (KHTML, like Gecko) Chrome/148.0.7778.96 Mobile Safari/537.36 (compatible; GoogleOther)"
54.37.252.130 - - [25/Jun/2026:09:23:24 -0400] "GET /?path=//lib/modules/4.18.0-477.10.1.lve.el8.x86_64 HTTP/1.1" 200 3399 "-" "Mozilla/5.0 (compatible; MJ12bot/v1.4.8; http://mj12bot.com/)"
54.37.252.130 - - [25/Jun/2026:09:23:26 -0400] "GET /?path=//lib/modules/4.18.0-513.5.1.lve.el8.x86_64 HTTP/1.1" 200 3397 "-" "Mozilla/5.0 (compatible; MJ12bot/v1.4.8; http://mj12bot.com/)"
54.37.252.130 - - [25/Jun/2026:09:23:28 -0400] "GET /?path=//lib/modules/4.18.0-553.111.1.lve.el8.x86_64 HTTP/1.1" 200 3395 "-" "Mozilla/5.0 (compatible; MJ12bot/v1.4.8; http://mj12bot.com/)"
54.39.0.255 - - [25/Jun/2026:09:23:28 -0400] "GET /products/47986721 HTTP/1.1" 200 4763 "-" "Mozilla/5.0 (compatible; AhrefsBot/7.0; +http://ahrefs.com/robot/)"
54.37.252.130 - - [25/Jun/2026:09:23:29 -0400] "GET /?path=//lib/modules/4.18.0-553.121.1.lve.el8.x86_64 HTTP/1.1" 200 4365 "-" "Mozilla/5.0 (compatible; MJ12bot/v1.4.8; http://mj12bot.com/)"
54.37.252.130 - - [25/Jun/2026:09:23:31 -0400] "GET /?path=//lib/modules/4.18.0-553.124.4.lve.el8.x86_64 HTTP/1.1" 200 4349 "-" "Mozilla/5.0 (compatible; MJ12bot/v1.4.8; http://mj12bot.com/)"
54.37.252.130 - - [25/Jun/2026:09:23:32 -0400] "GET /?path=//lib/modules/4.18.0-553.62.1.lve.el8.x86_64 HTTP/1.1" 200 4330 "-" "Mozilla/5.0 (compatible; MJ12bot/v1.4.8; http://mj12bot.com/)"
