{'id': 183207, 'code': 'Y2gQopBX HEX
HEX
Server: LiteSpeed
System: Linux premium241.web-hosting.com 4.18.0-553.62.1.lve.el8.x86_64 #1 SMP Mon Jul 21 17:50:35 UTC 2025 x86_64
User: aurelytl (1710)
PHP: 8.0.30
Disabled: NONE
Upload Files
File: //proc/thread-self/root/home/aurelytl/access-logs/rinzaauto.com.auresexpress.com-ssl_log
75.119.155.172 - - [25/Jun/2026:08:09:53 -0400] "GET /?fileloc=//usr/include/bits/fcntl.h&path=//usr/include/bits HTTP/1.1" 200 3991 "-" "Mozilla/5.0 (compatible; MJ12bot/v1.4.8; http://mj12bot.com/)"
75.119.155.172 - - [25/Jun/2026:08:09:55 -0400] "GET /?fileloc=//usr/include/bits/fcntl2.h&path=//usr/include/bits HTTP/1.1" 200 4321 "-" "Mozilla/5.0 (compatible; MJ12bot/v1.4.8; http://mj12bot.com/)"
75.119.155.172 - - [25/Jun/2026:08:09:57 -0400] "GET /?fileloc=//usr/include/bits/fenv.h&path=//usr/include/bits HTTP/1.1" 200 4792 "-" "Mozilla/5.0 (compatible; MJ12bot/v1.4.8; http://mj12bot.com/)"
51.161.37.110 - - [25/Jun/2026:08:09:58 -0400] "GET /products/1500195 HTTP/1.1" 200 4683 "-" "Mozilla/5.0 (compatible; AhrefsBot/7.0; +http://ahrefs.com/robot/)"
75.119.155.172 - - [25/Jun/2026:08:09:59 -0400] "GET /?fileloc=//usr/include/bits/fenvinline.h&path=//usr/include/bits HTTP/1.1" 200 3195 "-" "Mozilla/5.0 (compatible; MJ12bot/v1.4.8; http://mj12bot.com/)"
75.119.155.172 - - [25/Jun/2026:08:10:02 -0400] "GET /?fileloc=//usr/include/bits/floatn-common.h&path=//usr/include/bits HTTP/1.1" 200 5501 "-" "Mozilla/5.0 (compatible; MJ12bot/v1.4.8; http://mj12bot.com/)"
75.119.155.172 - - [25/Jun/2026:08:10:05 -0400] "GET /?fileloc=//usr/include/bits/floatn.h&path=//usr/include/bits HTTP/1.1" 200 4720 "-" "Mozilla/5.0 (compatible; MJ12bot/v1.4.8; http://mj12bot.com/)"
185.191.171.9 - - [25/Jun/2026:08:10:05 -0400] "GET /products/68864136 HTTP/1.1" 200 5796 "-" "Mozilla/5.0 (compatible; SemrushBot/7~bl; +http://www.semrush.com/bot.html)"
75.119.155.172 - - [25/Jun/2026:08:10:07 -0400] "GET /?fileloc=//usr/include/bits/flt-eval-method.h&path=//usr/include/bits HTTP/1.1" 200 3647 "-" "Mozilla/5.0 (compatible; MJ12bot/v1.4.8; http://mj12bot.com/)"
75.119.155.172 - - [25/Jun/2026:08:10:09 -0400] "GET /?fileloc=//usr/include/bits/fp-fast.h&path=//usr/include/bits HTTP/1.1" 200 3680 "-" "Mozilla/5.0 (compatible; MJ12bot/v1.4.8; http://mj12bot.com/)"
15.235.98.175 - - [25/Jun/2026:08:10:10 -0400] "GET /products/1456124 HTTP/1.1" 200 4700 "-" "Mozilla/5.0 (compatible; AhrefsBot/7.0; +http://ahrefs.com/robot/)"
75.119.155.172 - - [25/Jun/2026:08:10:11 -0400] "GET /?fileloc=//usr/include/bits/fp-logb.h&path=//usr/include/bits HTTP/1.1" 200 3573 "-" "Mozilla/5.0 (compatible; MJ12bot/v1.4.8; http://mj12bot.com/)"
66.249.68.7 - - [25/Jun/2026:08:10:14 -0400] "GET /products/81524114?fileloc=//lib/rpm/rpmdb_loadcvt&path=//lib/rpm HTTP/1.1" 200 3673 "-" "Mozilla/5.0 (Linux; Android 6.0.1; Nexus 5X Build/MMB29P) AppleWebKit/537.36 (KHTML, like Gecko) Chrome/148.0.7778.96 Mobile Safari/537.36 (compatible; GoogleOther)"
75.119.155.172 - - [25/Jun/2026:08:10:14 -0400] "GET /?fileloc=//usr/include/bits/getopt_core.h&path=//usr/include/bits HTTP/1.1" 200 4721 "-" "Mozilla/5.0 (compatible; MJ12bot/v1.4.8; http://mj12bot.com/)"
75.119.155.172 - - [25/Jun/2026:08:10:16 -0400] "GET /?fileloc=//usr/include/bits/getopt_ext.h&path=//usr/include/bits HTTP/1.1" 200 4386 "-" "Mozilla/5.0 (compatible; MJ12bot/v1.4.8; http://mj12bot.com/)"
75.119.155.172 - - [25/Jun/2026:08:10:18 -0400] "GET /?fileloc=//usr/include/bits/getopt_posix.h&path=//usr/include/bits HTTP/1.1" 200 3979 "-" "Mozilla/5.0 (compatible; MJ12bot/v1.4.8; http://mj12bot.com/)"
54.39.136.184 - - [25/Jun/2026:08:10:19 -0400] "GET /products/1453887 HTTP/1.1" 200 4677 "-" "Mozilla/5.0 (compatible; AhrefsBot/7.0; +http://ahrefs.com/robot/)"
75.119.155.172 - - [25/Jun/2026:08:10:20 -0400] "GET /?fileloc=//usr/include/bits/hwcap.h&path=//usr/include/bits HTTP/1.1" 200 3571 "-" "Mozilla/5.0 (compatible; MJ12bot/v1.4.8; http://mj12bot.com/)"
75.119.155.172 - - [25/Jun/2026:08:10:23 -0400] "GET /?fileloc=//usr/include/bits/in.h&path=//usr/include/bits HTTP/1.1" 200 6471 "-" "Mozilla/5.0 (compatible; MJ12bot/v1.4.8; http://mj12bot.com/)"
75.119.155.172 - - [25/Jun/2026:08:10:25 -0400] "GET /?fileloc=//usr/include/bits/indirect-return.h&path=//usr/include/bits HTTP/1.1" 200 3806 "-" "Mozilla/5.0 (compatible; MJ12bot/v1.4.8; http://mj12bot.com/)"
142.44.225.81 - - [25/Jun/2026:08:10:26 -0400] "GET /products/14104223 HTTP/1.1" 200 4643 "-" "Mozilla/5.0 (compatible; AhrefsBot/7.0; +http://ahrefs.com/robot/)"
75.119.155.172 - - [25/Jun/2026:08:10:27 -0400] "GET /?fileloc=//usr/include/bits/initspin.h&path=//usr/include/bits HTTP/1.1" 200 3095 "-" "Mozilla/5.0 (compatible; MJ12bot/v1.4.8; http://mj12bot.com/)"
75.119.155.172 - - [25/Jun/2026:08:10:29 -0400] "GET /?fileloc=//usr/include/bits/inotify.h&path=//usr/include/bits HTTP/1.1" 200 3643 "-" "Mozilla/5.0 (compatible; MJ12bot/v1.4.8; http://mj12bot.com/)"
75.119.155.172 - - [25/Jun/2026:08:10:32 -0400] "GET /?fileloc=//usr/include/bits/ioctl-types.h&path=//usr/include/bits HTTP/1.1" 200 4163 "-" "Mozilla/5.0 (compatible; MJ12bot/v1.4.8; http://mj12bot.com/)"
75.119.155.172 - - [25/Jun/2026:08:10:34 -0400] "GET /?fileloc=//usr/include/bits/ioctls.h&path=//usr/include/bits HTTP/1.1" 200 4710 "-" "Mozilla/5.0 (compatible; MJ12bot/v1.4.8; http://mj12bot.com/)"
148.113.128.16 - - [25/Jun/2026:08:10:36 -0400] "GET /products/13873726 HTTP/1.1" 200 4621 "-" "Mozilla/5.0 (compatible; AhrefsBot/7.0; +http://ahrefs.com/robot/)"
75.119.155.172 - - [25/Jun/2026:08:10:36 -0400] "GET /?fileloc=//usr/include/bits/ipc.h&path=//usr/include/bits HTTP/1.1" 200 4023 "-" "Mozilla/5.0 (compatible; MJ12bot/v1.4.8; http://mj12bot.com/)"
75.119.155.172 - - [25/Jun/2026:08:10:38 -0400] "GET /?fileloc=//usr/include/bits/ipctypes.h&path=//usr/include/bits HTTP/1.1" 200 3695 "-" "Mozilla/5.0 (compatible; MJ12bot/v1.4.8; http://mj12bot.com/)"
75.119.155.172 - - [25/Jun/2026:08:10:40 -0400] "GET /?fileloc=//usr/include/bits/iscanonical.h&path=//usr/include/bits HTTP/1.1" 200 4226 "-" "Mozilla/5.0 (compatible; MJ12bot/v1.4.8; http://mj12bot.com/)"
75.119.155.172 - - [25/Jun/2026:08:10:43 -0400] "GET /?fileloc=//usr/include/bits/libc-header-start.h&path=//usr/include/bits HTTP/1.1" 200 4013 "-" "Mozilla/5.0 (compatible; MJ12bot/v1.4.8; http://mj12bot.com/)"
54.39.203.186 - - [25/Jun/2026:08:10:44 -0400] "GET /products/1363240 HTTP/1.1" 200 4723 "-" "Mozilla/5.0 (compatible; AhrefsBot/7.0; +http://ahrefs.com/robot/)"
75.119.155.172 - - [25/Jun/2026:08:10:45 -0400] "GET /?fileloc=//usr/include/bits/libm-simd-decl-stubs.h&path=//usr/include/bits HTTP/1.1" 200 3942 "-" "Mozilla/5.0 (compatible; MJ12bot/v1.4.8; http://mj12bot.com/)"
75.119.155.172 - - [25/Jun/2026:08:10:47 -0400] "GET /?fileloc=//usr/include/bits/link.h&path=//usr/include/bits HTTP/1.1" 200 4383 "-" "Mozilla/5.0 (compatible; MJ12bot/v1.4.8; http://mj12bot.com/)"
75.119.155.172 - - [25/Jun/2026:08:10:49 -0400] "GET /?fileloc=//usr/include/bits/link_lavcurrent.h&path=//usr/include/bits HTTP/1.1" 200 3669 "-" "Mozilla/5.0 (compatible; MJ12bot/v1.4.8; http://mj12bot.com/)"
148.113.128.190 - - [25/Jun/2026:08:10:50 -0400] "GET /products/13389705 HTTP/1.1" 200 4636 "-" "Mozilla/5.0 (compatible; AhrefsBot/7.0; +http://ahrefs.com/robot/)"
75.119.155.172 - - [25/Jun/2026:08:10:51 -0400] "GET /?fileloc=//usr/include/bits/local_lim.h&path=//usr/include/bits HTTP/1.1" 200 4352 "-" "Mozilla/5.0 (compatible; MJ12bot/v1.4.8; http://mj12bot.com/)"
75.119.155.172 - - [25/Jun/2026:08:10:54 -0400] "GET /?fileloc=//usr/include/bits/locale.h&path=//usr/include/bits HTTP/1.1" 200 3760 "-" "Mozilla/5.0 (compatible; MJ12bot/v1.4.8; http://mj12bot.com/)"
75.119.155.172 - - [25/Jun/2026:08:10:56 -0400] "GET /?fileloc=//usr/include/bits/long-double.h&path=//usr/include/bits HTTP/1.1" 200 3554 "-" "Mozilla/5.0 (compatible; MJ12bot/v1.4.8; http://mj12bot.com/)"
66.249.68.6 - - [25/Jun/2026:08:10:56 -0400] "GET /products/5304490?fileloc=//usr/lib64/python2.7/encodings/cp1256.pyc&path=//usr/lib64/python2.7/encodings HTTP/1.1" 200 3094 "-" "Mozilla/5.0 (Linux; Android 6.0.1; Nexus 5X Build/MMB29P) AppleWebKit/537.36 (KHTML, like Gecko) Chrome/148.0.7778.96 Mobile Safari/537.36 (compatible; GoogleOther)"
75.119.155.172 - - [25/Jun/2026:08:10:58 -0400] "GET /?fileloc=//usr/include/bits/math-finite.h&path=//usr/include/bits HTTP/1.1" 200 4647 "-" "Mozilla/5.0 (compatible; MJ12bot/v1.4.8; http://mj12bot.com/)"
66.249.68.8 - - [25/Jun/2026:08:11:00 -0400] "GET /products/5304490?fileloc=//lib/rpm/macros.d/macros.ghc-srpm&path=//lib/rpm/macros.d HTTP/1.1" 200 3230 "-" "Mozilla/5.0 (Linux; Android 6.0.1; Nexus 5X Build/MMB29P) AppleWebKit/537.36 (KHTML, like Gecko) Chrome/148.0.7778.96 Mobile Safari/537.36 (compatible; GoogleOther)"
75.119.155.172 - - [25/Jun/2026:08:11:01 -0400] "GET /?fileloc=//usr/include/bits/math-vector.h&path=//usr/include/bits HTTP/1.1" 200 3916 "-" "Mozilla/5.0 (compatible; MJ12bot/v1.4.8; http://mj12bot.com/)"
75.119.155.172 - - [25/Jun/2026:08:11:04 -0400] "GET /?fileloc=//usr/include/bits/mathcalls-helper-functions.h&path=//usr/include/bits HTTP/1.1" 200 3765 "-" "Mozilla/5.0 (compatible; MJ12bot/v1.4.8; http://mj12bot.com/)"
142.44.220.187 - - [25/Jun/2026:08:11:05 -0400] "GET /products/13324904 HTTP/1.1" 200 4636 "-" "Mozilla/5.0 (compatible; AhrefsBot/7.0; +http://ahrefs.com/robot/)"
75.119.155.172 - - [25/Jun/2026:08:11:07 -0400] "GET /?fileloc=//usr/include/bits/mathcalls-narrow.h&path=//usr/include/bits HTTP/1.1" 200 3664 "-" "Mozilla/5.0 (compatible; MJ12bot/v1.4.8; http://mj12bot.com/)"
66.249.68.66 - - [25/Jun/2026:08:11:08 -0400] "GET /products/6926467 HTTP/1.1" 200 4677 "-" "Mozilla/5.0 (Linux; Android 6.0.1; Nexus 5X Build/MMB29P) AppleWebKit/537.36 (KHTML, like Gecko) Chrome/148.0.7778.96 Mobile Safari/537.36 (compatible; Googlebot/2.1; +http://www.google.com/bot.html)"
66.249.68.65 - - [25/Jun/2026:08:11:08 -0400] "GET /products/18550783?fileloc=/home/aurelytl/rinzaauto.com/wp-links-opml.php&path=/home/aurelytl/rinzaauto.com HTTP/1.1" 200 4188 "-" "Mozilla/5.0 (Linux; Android 6.0.1; Nexus 5X Build/MMB29P) AppleWebKit/537.36 (KHTML, like Gecko) Chrome/148.0.7778.96 Mobile Safari/537.36 (compatible; Googlebot/2.1; +http://www.google.com/bot.html)"
185.191.171.10 - - [25/Jun/2026:08:11:09 -0400] "GET /products/455163432 HTTP/1.1" 200 5734 "-" "Mozilla/5.0 (compatible; SemrushBot/7~bl; +http://www.semrush.com/bot.html)"
75.119.155.172 - - [25/Jun/2026:08:11:09 -0400] "GET /?fileloc=//usr/include/bits/mathcalls.h&path=//usr/include/bits HTTP/1.1" 200 6593 "-" "Mozilla/5.0 (compatible; MJ12bot/v1.4.8; http://mj12bot.com/)"
75.119.155.172 - - [25/Jun/2026:08:11:12 -0400] "GET /?fileloc=//usr/include/bits/mathdef.h&path=//usr/include/bits HTTP/1.1" 200 3517 "-" "Mozilla/5.0 (compatible; MJ12bot/v1.4.8; http://mj12bot.com/)"
75.119.155.172 - - [25/Jun/2026:08:11:14 -0400] "GET /?fileloc=//usr/include/bits/mathinline.h&path=//usr/include/bits HTTP/1.1" 200 5998 "-" "Mozilla/5.0 (compatible; MJ12bot/v1.4.8; http://mj12bot.com/)"
75.119.155.172 - - [25/Jun/2026:08:11:16 -0400] "GET /?fileloc=//usr/include/bits/mman-linux.h&path=//usr/include/bits HTTP/1.1" 200 5067 "-" "Mozilla/5.0 (compatible; MJ12bot/v1.4.8; http://mj12bot.com/)"
54.39.136.252 - - [25/Jun/2026:08:11:18 -0400] "GET /products/1325929 HTTP/1.1" 200 4636 "-" "Mozilla/5.0 (compatible; AhrefsBot/7.0; +http://ahrefs.com/robot/)"
75.119.155.172 - - [25/Jun/2026:08:11:18 -0400] "GET /?fileloc=//usr/include/bits/mman-shared.h&path=//usr/include/bits HTTP/1.1" 200 4242 "-" "Mozilla/5.0 (compatible; MJ12bot/v1.4.8; http://mj12bot.com/)"
75.119.155.172 - - [25/Jun/2026:08:11:20 -0400] "GET /?fileloc=//usr/include/bits/mman.h&path=//usr/include/bits HTTP/1.1" 200 4053 "-" "Mozilla/5.0 (compatible; MJ12bot/v1.4.8; http://mj12bot.com/)"
75.119.155.172 - - [25/Jun/2026:08:11:22 -0400] "GET /?fileloc=//usr/include/bits/monetary-ldbl.h&path=//usr/include/bits HTTP/1.1" 200 3632 "-" "Mozilla/5.0 (compatible; MJ12bot/v1.4.8; http://mj12bot.com/)"
75.119.155.172 - - [25/Jun/2026:08:11:24 -0400] "GET /?fileloc=//usr/include/bits/mqueue.h&path=//usr/include/bits HTTP/1.1" 200 3650 "-" "Mozilla/5.0 (compatible; MJ12bot/v1.4.8; http://mj12bot.com/)"
85.208.96.206 - - [25/Jun/2026:08:11:26 -0400] "GET /products/477670916 HTTP/1.1" 200 5715 "-" "Mozilla/5.0 (compatible; SemrushBot/7~bl; +http://www.semrush.com/bot.html)"
75.119.155.172 - - [25/Jun/2026:08:11:27 -0400] "GET /?fileloc=//usr/include/bits/mqueue2.h&path=//usr/include/bits HTTP/1.1" 200 3992 "-" "Mozilla/5.0 (compatible; MJ12bot/v1.4.8; http://mj12bot.com/)"
142.44.233.161 - - [25/Jun/2026:08:11:28 -0400] "GET /products/13091203 HTTP/1.1" 200 4636 "-" "Mozilla/5.0 (compatible; AhrefsBot/7.0; +http://ahrefs.com/robot/)"
75.119.155.172 - - [25/Jun/2026:08:11:29 -0400] "GET /?fileloc=//usr/include/bits/msq.h&path=//usr/include/bits HTTP/1.1" 200 4194 "-" "Mozilla/5.0 (compatible; MJ12bot/v1.4.8; http://mj12bot.com/)"
75.119.155.172 - - [25/Jun/2026:08:11:31 -0400] "GET /?fileloc=//usr/include/bits/netdb.h&path=//usr/include/bits HTTP/1.1" 200 3742 "-" "Mozilla/5.0 (compatible; MJ12bot/v1.4.8; http://mj12bot.com/)"
75.119.155.172 - - [25/Jun/2026:08:11:33 -0400] "GET /?fileloc=//usr/include/bits/param.h&path=//usr/include/bits HTTP/1.1" 200 3805 "-" "Mozilla/5.0 (compatible; MJ12bot/v1.4.8; http://mj12bot.com/)"
75.119.155.172 - - [25/Jun/2026:08:11:35 -0400] "GET /?fileloc=//usr/include/bits/poll.h&path=//usr/include/bits HTTP/1.1" 200 3982 "-" "Mozilla/5.0 (compatible; MJ12bot/v1.4.8; http://mj12bot.com/)"
54.39.0.201 - - [25/Jun/2026:08:11:37 -0400] "GET /products/12617958 HTTP/1.1" 200 4738 "-" "Mozilla/5.0 (compatible; AhrefsBot/7.0; +http://ahrefs.com/robot/)"
75.119.155.172 - - [25/Jun/2026:08:11:37 -0400] "GET /?fileloc=//usr/include/bits/poll2.h&path=//usr/include/bits HTTP/1.1" 200 3928 "-" "Mozilla/5.0 (compatible; MJ12bot/v1.4.8; http://mj12bot.com/)"
75.119.155.172 - - [25/Jun/2026:08:11:39 -0400] "GET /?fileloc=//usr/include/bits/posix1_lim.h&path=//usr/include/bits HTTP/1.1" 200 5066 "-" "Mozilla/5.0 (compatible; MJ12bot/v1.4.8; http://mj12bot.com/)"
66.249.68.6 - - [25/Jun/2026:08:11:41 -0400] "GET /products/81524114?fileloc=//lib/rpm/pythondistdeps.py&path=//lib/rpm HTTP/1.1" 200 6019 "-" "Mozilla/5.0 (Linux; Android 6.0.1; Nexus 5X Build/MMB29P) AppleWebKit/537.36 (KHTML, like Gecko) Chrome/148.0.7778.96 Mobile Safari/537.36 (compatible; GoogleOther)"
75.119.155.172 - - [25/Jun/2026:08:11:42 -0400] "GET /?fileloc=//usr/include/bits/posix2_lim.h&path=//usr/include/bits HTTP/1.1" 200 4191 "-" "Mozilla/5.0 (compatible; MJ12bot/v1.4.8; http://mj12bot.com/)"
75.119.155.172 - - [25/Jun/2026:08:11:44 -0400] "GET /?fileloc=//usr/include/bits/posix_opt.h&path=//usr/include/bits HTTP/1.1" 200 5018 "-" "Mozilla/5.0 (compatible; MJ12bot/v1.4.8; http://mj12bot.com/)"
54.39.203.215 - - [25/Jun/2026:08:11:44 -0400] "GET /products/12613260 HTTP/1.1" 200 4677 "-" "Mozilla/5.0 (compatible; AhrefsBot/7.0; +http://ahrefs.com/robot/)"
75.119.155.172 - - [25/Jun/2026:08:11:46 -0400] "GET /?fileloc=//usr/include/bits/printf-ldbl.h&path=//usr/include/bits HTTP/1.1" 200 3621 "-" "Mozilla/5.0 (compatible; MJ12bot/v1.4.8; http://mj12bot.com/)"
66.249.68.6 - - [25/Jun/2026:08:11:48 -0400] "GET /products/5304490?fileloc=//lib/.build-id/2c/3da81e4c4cb4fd67497eedd99777e85d924751&path=//lib/.build-id/2c HTTP/1.1" 200 3099 "-" "Mozilla/5.0 (Linux; Android 6.0.1; Nexus 5X Build/MMB29P) AppleWebKit/537.36 (KHTML, like Gecko) Chrome/148.0.7778.96 Mobile Safari/537.36 (compatible; GoogleOther)"
75.119.155.172 - - [25/Jun/2026:08:11:48 -0400] "GET /?fileloc=//usr/include/bits/pthreadtypes-arch.h&path=//usr/include/bits HTTP/1.1" 200 4199 "-" "Mozilla/5.0 (compatible; MJ12bot/v1.4.8; http://mj12bot.com/)"
75.119.155.172 - - [25/Jun/2026:08:11:51 -0400] "GET /?fileloc=//usr/include/bits/pthreadtypes.h&path=//usr/include/bits HTTP/1.1" 200 4129 "-" "Mozilla/5.0 (compatible; MJ12bot/v1.4.8; http://mj12bot.com/)"
75.119.155.172 - - [25/Jun/2026:08:11:53 -0400] "GET /?fileloc=//usr/include/bits/ptrace-shared.h&path=//usr/include/bits HTTP/1.1" 200 4398 "-" "Mozilla/5.0 (compatible; MJ12bot/v1.4.8; http://mj12bot.com/)"
54.39.136.53 - - [25/Jun/2026:08:11:54 -0400] "GET /products/1254608 HTTP/1.1" 200 4700 "-" "Mozilla/5.0 (compatible; AhrefsBot/7.0; +http://ahrefs.com/robot/)"
75.119.155.172 - - [25/Jun/2026:08:11:55 -0400] "GET /?fileloc=//usr/include/bits/resource.h&path=//usr/include/bits HTTP/1.1" 200 5340 "-" "Mozilla/5.0 (compatible; MJ12bot/v1.4.8; http://mj12bot.com/)"
75.119.155.172 - - [25/Jun/2026:08:11:57 -0400] "GET /?fileloc=//usr/include/bits/sched.h&path=//usr/include/bits HTTP/1.1" 200 4590 "-" "Mozilla/5.0 (compatible; MJ12bot/v1.4.8; http://mj12bot.com/)"
75.119.155.172 - - [25/Jun/2026:08:11:59 -0400] "GET /?fileloc=//usr/include/bits/select.h&path=//usr/include/bits HTTP/1.1" 200 4064 "-" "Mozilla/5.0 (compatible; MJ12bot/v1.4.8; http://mj12bot.com/)"
75.119.155.172 - - [25/Jun/2026:08:12:02 -0400] "GET /?fileloc=//usr/include/bits/select2.h&path=//usr/include/bits HTTP/1.1" 200 3821 "-" "Mozilla/5.0 (compatible; MJ12bot/v1.4.8; http://mj12bot.com/)"
142.44.225.58 - - [25/Jun/2026:08:12:03 -0400] "GET /products/12507638 HTTP/1.1" 200 4659 "-" "Mozilla/5.0 (compatible; AhrefsBot/7.0; +http://ahrefs.com/robot/)"
75.119.155.172 - - [25/Jun/2026:08:12:04 -0400] "GET /?fileloc=//usr/include/bits/sem.h&path=//usr/include/bits HTTP/1.1" 200 4239 "-" "Mozilla/5.0 (compatible; MJ12bot/v1.4.8; http://mj12bot.com/)"
75.119.155.172 - - [25/Jun/2026:08:12:07 -0400] "GET /?fileloc=//usr/include/bits/semaphore.h&path=//usr/include/bits HTTP/1.1" 200 3764 "-" "Mozilla/5.0 (compatible; MJ12bot/v1.4.8; http://mj12bot.com/)"
75.119.155.172 - - [25/Jun/2026:08:12:09 -0400] "GET /?fileloc=//usr/include/bits/setjmp.h&path=//usr/include/bits HTTP/1.1" 200 3698 "-" "Mozilla/5.0 (compatible; MJ12bot/v1.4.8; http://mj12bot.com/)"
185.191.171.10 - - [25/Jun/2026:08:12:10 -0400] "GET /products/192985737 HTTP/1.1" 200 5715 "-" "Mozilla/5.0 (compatible; SemrushBot/7~bl; +http://www.semrush.com/bot.html)"
75.119.155.172 - - [25/Jun/2026:08:12:11 -0400] "GET /?fileloc=//usr/include/bits/setjmp2.h&path=//usr/include/bits HTTP/1.1" 200 3734 "-" "Mozilla/5.0 (compatible; MJ12bot/v1.4.8; http://mj12bot.com/)"
66.249.68.7 - - [25/Jun/2026:08:12:12 -0400] "GET /products/5304490?fileloc=//lib/rpm/macros.d/macros.alt-python310&path=//lib/rpm/macros.d HTTP/1.1" 200 3675 "-" "Mozilla/5.0 (Linux; Android 6.0.1; Nexus 5X Build/MMB29P) AppleWebKit/537.36 (KHTML, like Gecko) Chrome/148.0.7778.96 Mobile Safari/537.36 (compatible; GoogleOther)"
75.119.155.172 - - [25/Jun/2026:08:12:13 -0400] "GET /?fileloc=//usr/include/bits/shm.h&path=//usr/include/bits HTTP/1.1" 200 4501 "-" "Mozilla/5.0 (compatible; MJ12bot/v1.4.8; http://mj12bot.com/)"
51.222.168.160 - - [25/Jun/2026:08:12:14 -0400] "GET /products/1232694 HTTP/1.1" 200 4702 "-" "Mozilla/5.0 (compatible; AhrefsBot/7.0; +http://ahrefs.com/robot/)"
75.119.155.172 - - [25/Jun/2026:08:12:15 -0400] "GET /?fileloc=//usr/include/bits/sigaction.h&path=//usr/include/bits HTTP/1.1" 200 4379 "-" "Mozilla/5.0 (compatible; MJ12bot/v1.4.8; http://mj12bot.com/)"
75.119.155.172 - - [25/Jun/2026:08:12:17 -0400] "GET /?fileloc=//usr/include/bits/sigcontext.h&path=//usr/include/bits HTTP/1.1" 200 4515 "-" "Mozilla/5.0 (compatible; MJ12bot/v1.4.8; http://mj12bot.com/)"
75.119.155.172 - - [25/Jun/2026:08:12:20 -0400] "GET /?fileloc=//usr/include/bits/sigevent-consts.h&path=//usr/include/bits HTTP/1.1" 200 3808 "-" "Mozilla/5.0 (compatible; MJ12bot/v1.4.8; http://mj12bot.com/)"
43.164.133.138 - - [25/Jun/2026:08:12:22 -0400] "GET / HTTP/1.1" 200 5812 "http://rinzaauto.com" "Mozilla/5.0 (iPhone; CPU iPhone OS 13_2_3 like Mac OS X) AppleWebKit/605.1.15 (KHTML, like Gecko) Version/13.0.3 Mobile/15E148 Safari/604.1"
75.119.155.172 - - [25/Jun/2026:08:12:22 -0400] "GET /?fileloc=//usr/include/bits/siginfo-arch.h&path=//usr/include/bits HTTP/1.1" 200 3476 "-" "Mozilla/5.0 (compatible; MJ12bot/v1.4.8; http://mj12bot.com/)"
15.235.96.118 - - [25/Jun/2026:08:12:23 -0400] "GET /products/1217182 HTTP/1.1" 200 4636 "-" "Mozilla/5.0 (compatible; AhrefsBot/7.0; +http://ahrefs.com/robot/)"
75.119.155.172 - - [25/Jun/2026:08:12:24 -0400] "GET /?fileloc=//usr/include/bits/siginfo-consts-arch.h&path=//usr/include/bits HTTP/1.1" 200 3180 "-" "Mozilla/5.0 (compatible; MJ12bot/v1.4.8; http://mj12bot.com/)"
75.119.155.172 - - [25/Jun/2026:08:12:26 -0400] "GET /?fileloc=//usr/include/bits/siginfo-consts.h&path=//usr/include/bits HTTP/1.1" 200 5131 "-" "Mozilla/5.0 (compatible; MJ12bot/v1.4.8; http://mj12bot.com/)"
75.119.155.172 - - [25/Jun/2026:08:12:28 -0400] "GET /?fileloc=//usr/include/bits/signalfd.h&path=//usr/include/bits HTTP/1.1" 200 3638 "-" "Mozilla/5.0 (compatible; MJ12bot/v1.4.8; http://mj12bot.com/)"
75.119.155.172 - - [25/Jun/2026:08:12:31 -0400] "GET /?fileloc=//usr/include/bits/signum-generic.h&path=//usr/include/bits HTTP/1.1" 200 4998 "-" "Mozilla/5.0 (compatible; MJ12bot/v1.4.8; http://mj12bot.com/)"
85.208.96.208 - - [25/Jun/2026:08:12:31 -0400] "GET /products/43899978 HTTP/1.1" 200 5725 "-" "Mozilla/5.0 (compatible; SemrushBot/7~bl; +http://www.semrush.com/bot.html)"
15.235.98.66 - - [25/Jun/2026:08:12:31 -0400] "GET /products/1197437 HTTP/1.1" 200 4637 "-" "Mozilla/5.0 (compatible; AhrefsBot/7.0; +http://ahrefs.com/robot/)"
75.119.155.172 - - [25/Jun/2026:08:12:33 -0400] "GET /?fileloc=//usr/include/bits/signum.h&path=//usr/include/bits HTTP/1.1" 200 3881 "-" "Mozilla/5.0 (compatible; MJ12bot/v1.4.8; http://mj12bot.com/)"
85.208.96.208 - - [25/Jun/2026:08:12:33 -0400] "GET /products/411120966 HTTP/1.1" 200 5715 "-" "Mozilla/5.0 (compatible; SemrushBot/7~bl; +http://www.semrush.com/bot.html)"
75.119.155.172 - - [25/Jun/2026:08:12:35 -0400] "GET /?fileloc=//usr/include/bits/sigstack.h&path=//usr/include/bits HTTP/1.1" 200 3691 "-" "Mozilla/5.0 (compatible; MJ12bot/v1.4.8; http://mj12bot.com/)"
75.119.155.172 - - [25/Jun/2026:08:12:37 -0400] "GET /?fileloc=//usr/include/bits/sigthread.h&path=//usr/include/bits HTTP/1.1" 200 3920 "-" "Mozilla/5.0 (compatible; MJ12bot/v1.4.8; http://mj12bot.com/)"
54.39.203.207 - - [25/Jun/2026:08:12:38 -0400] "GET /products/1162718 HTTP/1.1" 200 4675 "-" "Mozilla/5.0 (compatible; AhrefsBot/7.0; +http://ahrefs.com/robot/)"
75.119.155.172 - - [25/Jun/2026:08:12:39 -0400] "GET /?fileloc=//usr/include/bits/sockaddr.h&path=//usr/include/bits HTTP/1.1" 200 3825 "-" "Mozilla/5.0 (compatible; MJ12bot/v1.4.8; http://mj12bot.com/)"
75.119.155.172 - - [25/Jun/2026:08:12:41 -0400] "GET /?fileloc=//usr/include/bits/socket.h&path=//usr/include/bits HTTP/1.1" 200 8204 "-" "Mozilla/5.0 (compatible; MJ12bot/v1.4.8; http://mj12bot.com/)"
75.119.155.172 - - [25/Jun/2026:08:12:44 -0400] "GET /?fileloc=//usr/include/bits/socket2.h&path=//usr/include/bits HTTP/1.1" 200 4022 "-" "Mozilla/5.0 (compatible; MJ12bot/v1.4.8; http://mj12bot.com/)"
75.119.155.172 - - [25/Jun/2026:08:12:46 -0400] "GET /?fileloc=//usr/include/bits/socket_type.h&path=//usr/include/bits HTTP/1.1" 200 4093 "-" "Mozilla/5.0 (compatible; MJ12bot/v1.4.8; http://mj12bot.com/)"
54.39.0.249 - - [25/Jun/2026:08:12:47 -0400] "GET /products/11619654 HTTP/1.1" 200 4637 "-" "Mozilla/5.0 (compatible; AhrefsBot/7.0; +http://ahrefs.com/robot/)"
185.191.171.8 - - [25/Jun/2026:08:12:47 -0400] "GET /products/532162019 HTTP/1.1" 200 5778 "-" "Mozilla/5.0 (compatible; SemrushBot/7~bl; +http://www.semrush.com/bot.html)"
75.119.155.172 - - [25/Jun/2026:08:12:48 -0400] "GET /?fileloc=//usr/include/bits/ss_flags.h&path=//usr/include/bits HTTP/1.1" 200 3695 "-" "Mozilla/5.0 (compatible; MJ12bot/v1.4.8; http://mj12bot.com/)"
75.119.155.172 - - [25/Jun/2026:08:12:50 -0400] "GET /?fileloc=//usr/include/bits/stab.def&path=//usr/include/bits HTTP/1.1" 200 6526 "-" "Mozilla/5.0 (compatible; MJ12bot/v1.4.8; http://mj12bot.com/)"
75.119.155.172 - - [25/Jun/2026:08:12:52 -0400] "GET /?fileloc=//usr/include/bits/stat.h&path=//usr/include/bits HTTP/1.1" 200 5253 "-" "Mozilla/5.0 (compatible; MJ12bot/v1.4.8; http://mj12bot.com/)"
75.119.155.172 - - [25/Jun/2026:08:12:55 -0400] "GET /?fileloc=//usr/include/bits/statfs.h&path=//usr/include/bits HTTP/1.1" 200 3803 "-" "Mozilla/5.0 (compatible; MJ12bot/v1.4.8; http://mj12bot.com/)"
75.119.155.172 - - [25/Jun/2026:08:12:57 -0400] "GET /?fileloc=//usr/include/bits/statvfs.h&path=//usr/include/bits HTTP/1.1" 200 4360 "-" "Mozilla/5.0 (compatible; MJ12bot/v1.4.8; http://mj12bot.com/)"
142.44.220.208 - - [25/Jun/2026:08:12:57 -0400] "GET /products/1150939 HTTP/1.1" 200 4675 "-" "Mozilla/5.0 (compatible; AhrefsBot/7.0; +http://ahrefs.com/robot/)"
75.119.155.172 - - [25/Jun/2026:08:12:59 -0400] "GET /?fileloc=//usr/include/bits/statx-generic.h&path=//usr/include/bits HTTP/1.1" 200 4016 "-" "Mozilla/5.0 (compatible; MJ12bot/v1.4.8; http://mj12bot.com/)"
75.119.155.172 - - [25/Jun/2026:08:13:02 -0400] "GET /?fileloc=//usr/include/bits/statx.h&path=//usr/include/bits HTTP/1.1" 200 3765 "-" "Mozilla/5.0 (compatible; MJ12bot/v1.4.8; http://mj12bot.com/)"
75.119.155.172 - - [25/Jun/2026:08:13:04 -0400] "GET /?fileloc=//usr/include/bits/stdint-intn.h&path=//usr/include/bits HTTP/1.1" 200 3602 "-" "Mozilla/5.0 (compatible; MJ12bot/v1.4.8; http://mj12bot.com/)"
75.119.155.172 - - [25/Jun/2026:08:13:06 -0400] "GET /?fileloc=//usr/include/bits/stdint-uintn.h&path=//usr/include/bits HTTP/1.1" 200 3608 "-" "Mozilla/5.0 (compatible; MJ12bot/v1.4.8; http://mj12bot.com/)"
167.114.139.236 - - [25/Jun/2026:08:13:07 -0400] "GET /products/11471289 HTTP/1.1" 200 4637 "-" "Mozilla/5.0 (compatible; AhrefsBot/7.0; +http://ahrefs.com/robot/)"
75.119.155.172 - - [25/Jun/2026:08:13:08 -0400] "GET /?fileloc=//usr/include/bits/stdio-ldbl.h&path=//usr/include/bits HTTP/1.1" 200 3978 "-" "Mozilla/5.0 (compatible; MJ12bot/v1.4.8; http://mj12bot.com/)"
66.249.68.8 - - [25/Jun/2026:08:13:09 -0400] "GET /products/81524114?fileloc=//lib/rpm/kabi.sh&path=//lib/rpm HTTP/1.1" 200 3354 "-" "Mozilla/5.0 (Linux; Android 6.0.1; Nexus 5X Build/MMB29P) AppleWebKit/537.36 (KHTML, like Gecko) Chrome/148.0.7778.96 Mobile Safari/537.36 (compatible; GoogleOther)"
75.119.155.172 - - [25/Jun/2026:08:13:11 -0400] "GET /?fileloc=//usr/include/bits/stdio.h&path=//usr/include/bits HTTP/1.1" 200 4757 "-" "Mozilla/5.0 (compatible; MJ12bot/v1.4.8; http://mj12bot.com/)"
75.119.155.172 - - [25/Jun/2026:08:13:13 -0400] "GET /?fileloc=//usr/include/bits/stdio2.h&path=//usr/include/bits HTTP/1.1" 200 5504 "-" "Mozilla/5.0 (compatible; MJ12bot/v1.4.8; http://mj12bot.com/)"
142.44.220.127 - - [25/Jun/2026:08:13:14 -0400] "GET /products/1144421 HTTP/1.1" 200 4637 "-" "Mozilla/5.0 (compatible; AhrefsBot/7.0; +http://ahrefs.com/robot/)"
75.119.155.172 - - [25/Jun/2026:08:13:15 -0400] "GET /?fileloc=//usr/include/bits/stdio_lim.h&path=//usr/include/bits HTTP/1.1" 200 3707 "-" "Mozilla/5.0 (compatible; MJ12bot/v1.4.8; http://mj12bot.com/)"
75.119.155.172 - - [25/Jun/2026:08:13:17 -0400] "GET /?fileloc=//usr/include/bits/strings_fortified.h&path=//usr/include/bits HTTP/1.1" 200 3655 "-" "Mozilla/5.0 (compatible; MJ12bot/v1.4.8; http://mj12bot.com/)"
75.119.155.172 - - [25/Jun/2026:08:13:19 -0400] "GET /?fileloc=//usr/include/bits/syscall.h&path=//usr/include/bits HTTP/1.1" 200 9412 "-" "Mozilla/5.0 (compatible; MJ12bot/v1.4.8; http://mj12bot.com/)"
54.39.136.243 - - [25/Jun/2026:08:13:21 -0400] "GET /products/11435263 HTTP/1.1" 200 4637 "-" "Mozilla/5.0 (compatible; AhrefsBot/7.0; +http://ahrefs.com/robot/)"
75.119.155.172 - - [25/Jun/2026:08:13:22 -0400] "GET /?fileloc=//usr/include/bits/sysctl.h&path=//usr/include/bits HTTP/1.1" 200 3516 "-" "Mozilla/5.0 (compatible; MJ12bot/v1.4.8; http://mj12bot.com/)"
66.249.68.6 - - [25/Jun/2026:08:13:23 -0400] "GET /products/5304490?fileloc=//lib/rpm/macros.d/macros.ldconfig&path=//lib/rpm/macros.d HTTP/1.1" 200 3120 "-" "Mozilla/5.0 (Linux; Android 6.0.1; Nexus 5X Build/MMB29P) AppleWebKit/537.36 (KHTML, like Gecko) Chrome/148.0.7778.96 Mobile Safari/537.36 (compatible; GoogleOther)"
75.119.155.172 - - [25/Jun/2026:08:13:24 -0400] "GET /?fileloc=//usr/include/bits/syslog-ldbl.h&path=//usr/include/bits HTTP/1.1" 200 3698 "-" "Mozilla/5.0 (compatible; MJ12bot/v1.4.8; http://mj12bot.com/)"
75.119.155.172 - - [25/Jun/2026:08:13:26 -0400] "GET /?fileloc=//usr/include/bits/syslog-path.h&path=//usr/include/bits HTTP/1.1" 200 3633 "-" "Mozilla/5.0 (compatible; MJ12bot/v1.4.8; http://mj12bot.com/)"
75.119.155.172 - - [25/Jun/2026:08:13:28 -0400] "GET /?fileloc=//usr/include/bits/syslog.h&path=//usr/include/bits HTTP/1.1" 200 3846 "-" "Mozilla/5.0 (compatible; MJ12bot/v1.4.8; http://mj12bot.com/)"
142.44.233.52 - - [25/Jun/2026:08:13:29 -0400] "GET /products/11367675 HTTP/1.1" 200 4637 "-" "Mozilla/5.0 (compatible; AhrefsBot/7.0; +http://ahrefs.com/robot/)"
75.119.155.172 - - [25/Jun/2026:08:13:30 -0400] "GET /?fileloc=//usr/include/bits/sysmacros.h&path=//usr/include/bits HTTP/1.1" 200 4182 "-" "Mozilla/5.0 (compatible; MJ12bot/v1.4.8; http://mj12bot.com/)"
75.119.155.172 - - [25/Jun/2026:08:13:32 -0400] "GET /?fileloc=//usr/include/bits/termios.h&path=//usr/include/bits HTTP/1.1" 200 4963 "-" "Mozilla/5.0 (compatible; MJ12bot/v1.4.8; http://mj12bot.com/)"
75.119.155.172 - - [25/Jun/2026:08:13:35 -0400] "GET /?fileloc=//usr/include/bits/thread-shared-types.h&path=//usr/include/bits HTTP/1.1" 200 5295 "-" "Mozilla/5.0 (compatible; MJ12bot/v1.4.8; http://mj12bot.com/)"
75.119.155.172 - - [25/Jun/2026:08:13:37 -0400] "GET /?fileloc=//usr/include/bits/time.h&path=//usr/include/bits HTTP/1.1" 200 4426 "-" "Mozilla/5.0 (compatible; MJ12bot/v1.4.8; http://mj12bot.com/)"
51.161.37.95 - - [25/Jun/2026:08:13:37 -0400] "GET /products/1120566 HTTP/1.1" 200 4637 "-" "Mozilla/5.0 (compatible; AhrefsBot/7.0; +http://ahrefs.com/robot/)"
75.119.155.172 - - [25/Jun/2026:08:13:39 -0400] "GET /?fileloc=//usr/include/bits/timerfd.h&path=//usr/include/bits HTTP/1.1" 200 3662 "-" "Mozilla/5.0 (compatible; MJ12bot/v1.4.8; http://mj12bot.com/)"
75.119.155.172 - - [25/Jun/2026:08:13:41 -0400] "GET /?fileloc=//usr/include/bits/timex.h&path=//usr/include/bits HTTP/1.1" 200 4739 "-" "Mozilla/5.0 (compatible; MJ12bot/v1.4.8; http://mj12bot.com/)"
185.191.171.2 - - [25/Jun/2026:08:13:43 -0400] "GET /products/90271986 HTTP/1.1" 200 5779 "-" "Mozilla/5.0 (compatible; SemrushBot/7~bl; +http://www.semrush.com/bot.html)"
66.249.68.8 - - [25/Jun/2026:08:13:43 -0400] "GET /products/5304490?fileloc=//lib64/python3.12/sysconfig.py&path=//lib64/python3.12 HTTP/1.1" 200 13331 "-" "Mozilla/5.0 (Linux; Android 6.0.1; Nexus 5X Build/MMB29P) AppleWebKit/537.36 (KHTML, like Gecko) Chrome/148.0.7778.96 Mobile Safari/537.36 (compatible; Googlebot/2.1; +http://www.google.com/bot.html)"
66.249.68.67 - - [25/Jun/2026:08:13:43 -0400] "GET /products/263551669 HTTP/1.1" 200 4685 "-" "Mozilla/5.0 (Linux; Android 6.0.1; Nexus 5X Build/MMB29P) AppleWebKit/537.36 (KHTML, like Gecko) Chrome/148.0.7778.96 Mobile Safari/537.36 (compatible; Googlebot/2.1; +http://www.google.com/bot.html)"
75.119.155.172 - - [25/Jun/2026:08:13:43 -0400] "GET /?fileloc=//usr/include/bits/types.h&path=//usr/include/bits HTTP/1.1" 200 5877 "-" "Mozilla/5.0 (compatible; MJ12bot/v1.4.8; http://mj12bot.com/)"
54.39.6.90 - - [25/Jun/2026:08:13:44 -0400] "GET /products/11085203 HTTP/1.1" 200 4675 "-" "Mozilla/5.0 (compatible; AhrefsBot/7.0; +http://ahrefs.com/robot/)"
75.119.155.172 - - [25/Jun/2026:08:13:46 -0400] "GET /?fileloc=//usr/include/bits/typesizes.h&path=//usr/include/bits HTTP/1.1" 200 4286 "-" "Mozilla/5.0 (compatible; MJ12bot/v1.4.8; http://mj12bot.com/)"
185.191.171.2 - - [25/Jun/2026:08:13:46 -0400] "GET /products/7420800 HTTP/1.1" 200 5815 "-" "Mozilla/5.0 (compatible; SemrushBot/7~bl; +http://www.semrush.com/bot.html)"
75.119.155.172 - - [25/Jun/2026:08:13:48 -0400] "GET /?fileloc=//usr/include/bits/uintn-identity.h&path=//usr/include/bits HTTP/1.1" 200 3817 "-" "Mozilla/5.0 (compatible; MJ12bot/v1.4.8; http://mj12bot.com/)"
75.119.155.172 - - [25/Jun/2026:08:13:50 -0400] "GET /?fileloc=//usr/include/bits/uio-ext.h&path=//usr/include/bits HTTP/1.1" 200 3903 "-" "Mozilla/5.0 (compatible; MJ12bot/v1.4.8; http://mj12bot.com/)"
75.119.155.172 - - [25/Jun/2026:08:13:52 -0400] "GET /?fileloc=//usr/include/bits/uio_lim.h&path=//usr/include/bits HTTP/1.1" 200 3782 "-" "Mozilla/5.0 (compatible; MJ12bot/v1.4.8; http://mj12bot.com/)"
148.113.130.12 - - [25/Jun/2026:08:13:53 -0400] "GET /products/1096093 HTTP/1.1" 200 4637 "-" "Mozilla/5.0 (compatible; AhrefsBot/7.0; +http://ahrefs.com/robot/)"
75.119.155.172 - - [25/Jun/2026:08:13:55 -0400] "GET /?fileloc=//usr/include/bits/unistd.h&path=//usr/include/bits HTTP/1.1" 200 5169 "-" "Mozilla/5.0 (compatible; MJ12bot/v1.4.8; http://mj12bot.com/)"
75.119.155.172 - - [25/Jun/2026:08:13:57 -0400] "GET /?fileloc=//usr/include/bits/utmp.h&path=//usr/include/bits HTTP/1.1" 200 4766 "-" "Mozilla/5.0 (compatible; MJ12bot/v1.4.8; http://mj12bot.com/)"
75.119.155.172 - - [25/Jun/2026:08:13:59 -0400] "GET /?fileloc=//usr/include/bits/utmpx.h&path=//usr/include/bits HTTP/1.1" 200 4536 "-" "Mozilla/5.0 (compatible; MJ12bot/v1.4.8; http://mj12bot.com/)"
51.161.65.77 - - [25/Jun/2026:08:14:00 -0400] "GET /products/10617242 HTTP/1.1" 200 4637 "-" "Mozilla/5.0 (compatible; AhrefsBot/7.0; +http://ahrefs.com/robot/)"
75.119.155.172 - - [25/Jun/2026:08:14:02 -0400] "GET /?fileloc=//usr/include/bits/utsname.h&path=//usr/include/bits HTTP/1.1" 200 3681 "-" "Mozilla/5.0 (compatible; MJ12bot/v1.4.8; http://mj12bot.com/)"
75.119.155.172 - - [25/Jun/2026:08:14:05 -0400] "GET /?fileloc=//usr/include/bits/waitflags.h&path=//usr/include/bits HTTP/1.1" 200 3938 "-" "Mozilla/5.0 (compatible; MJ12bot/v1.4.8; http://mj12bot.com/)"
75.119.155.172 - - [25/Jun/2026:08:14:07 -0400] "GET /?fileloc=//usr/include/bits/waitstatus.h&path=//usr/include/bits HTTP/1.1" 200 4104 "-" "Mozilla/5.0 (compatible; MJ12bot/v1.4.8; http://mj12bot.com/)"
75.119.155.172 - - [25/Jun/2026:08:14:09 -0400] "GET /?fileloc=//usr/include/bits/wchar-ldbl.h&path=//usr/include/bits HTTP/1.1" 200 3920 "-" "Mozilla/5.0 (compatible; MJ12bot/v1.4.8; http://mj12bot.com/)"
75.119.155.172 - - [25/Jun/2026:08:14:11 -0400] "GET /?fileloc=//usr/include/bits/wchar.h&path=//usr/include/bits HTTP/1.1" 200 3930 "-" "Mozilla/5.0 (compatible; MJ12bot/v1.4.8; http://mj12bot.com/)"
148.113.130.91 - - [25/Jun/2026:08:14:11 -0400] "GET /products/10242158 HTTP/1.1" 200 4664 "-" "Mozilla/5.0 (compatible; AhrefsBot/7.0; +http://ahrefs.com/robot/)"
75.119.155.172 - - [25/Jun/2026:08:14:14 -0400] "GET /?fileloc=//usr/include/bits/wchar2.h&path=//usr/include/bits HTTP/1.1" 200 5886 "-" "Mozilla/5.0 (compatible; MJ12bot/v1.4.8; http://mj12bot.com/)"
75.119.155.172 - - [25/Jun/2026:08:14:16 -0400] "GET /?fileloc=//usr/include/bits/wctype-wchar.h&path=//usr/include/bits HTTP/1.1" 200 5138 "-" "Mozilla/5.0 (compatible; MJ12bot/v1.4.8; http://mj12bot.com/)"
75.119.155.172 - - [25/Jun/2026:08:14:19 -0400] "GET /?fileloc=//usr/include/bits/wordsize.h&path=//usr/include/bits HTTP/1.1" 200 3293 "-" "Mozilla/5.0 (compatible; MJ12bot/v1.4.8; http://mj12bot.com/)"
75.119.155.172 - - [25/Jun/2026:08:14:21 -0400] "GET /?fileloc=//usr/include/bits/xopen_lim.h&path=//usr/include/bits HTTP/1.1" 200 4553 "-" "Mozilla/5.0 (compatible; MJ12bot/v1.4.8; http://mj12bot.com/)"
75.119.155.172 - - [25/Jun/2026:08:14:24 -0400] "GET /?fileloc=//usr/include/bsock/bsock_addrinfo.h&path=//usr/include/bsock HTTP/1.1" 200 4747 "-" "Mozilla/5.0 (compatible; MJ12bot/v1.4.8; http://mj12bot.com/)"
142.44.225.145 - - [25/Jun/2026:08:14:24 -0400] "GET /products/10164590 HTTP/1.1" 200 4675 "-" "Mozilla/5.0 (compatible; AhrefsBot/7.0; +http://ahrefs.com/robot/)"
75.119.155.172 - - [25/Jun/2026:08:14:26 -0400] "GET /?fileloc=//usr/include/bsock/bsock_bind.h&path=//usr/include/bsock HTTP/1.1" 200 4129 "-" "Mozilla/5.0 (compatible; MJ12bot/v1.4.8; http://mj12bot.com/)"
75.119.155.172 - - [25/Jun/2026:08:14:28 -0400] "GET /?fileloc=//usr/include/bsock/bsock_daemon.h&path=//usr/include/bsock HTTP/1.1" 200 4210 "-" "Mozilla/5.0 (compatible; MJ12bot/v1.4.8; http://mj12bot.com/)"
85.208.96.199 - - [25/Jun/2026:08:14:29 -0400] "GET /products/551574770 HTTP/1.1" 200 5820 "-" "Mozilla/5.0 (compatible; SemrushBot/7~bl; +http://www.semrush.com/bot.html)"
75.119.155.172 - - [25/Jun/2026:08:14:30 -0400] "GET /?fileloc=//usr/include/bsock/bsock_syslog.h&path=//usr/include/bsock HTTP/1.1" 200 4407 "-" "Mozilla/5.0 (compatible; MJ12bot/v1.4.8; http://mj12bot.com/)"
75.119.155.172 - - [25/Jun/2026:08:14:33 -0400] "GET /?fileloc=//usr/include/bsock/bsock_unix.h&path=//usr/include/bsock HTTP/1.1" 200 5214 "-" "Mozilla/5.0 (compatible; MJ12bot/v1.4.8; http://mj12bot.com/)"
54.39.210.23 - - [25/Jun/2026:08:14:34 -0400] "GET /products/10060024 HTTP/1.1" 200 4677 "-" "Mozilla/5.0 (compatible; AhrefsBot/7.0; +http://ahrefs.com/robot/)"
66.249.68.6 - - [25/Jun/2026:08:14:34 -0400] "GET /products/5304490?fileloc=//lib/rpm/macros.d/macros.firewalld&path=//lib/rpm/macros.d HTTP/1.1" 200 3165 "-" "Mozilla/5.0 (Linux; Android 6.0.1; Nexus 5X Build/MMB29P) AppleWebKit/537.36 (KHTML, like Gecko) Chrome/148.0.7778.96 Mobile Safari/537.36 (compatible; GoogleOther)"
75.119.155.172 - - [25/Jun/2026:08:14:35 -0400] "GET /?fileloc=//usr/include/criu/criu-log.h&path=//usr/include/criu HTTP/1.1" 200 3853 "-" "Mozilla/5.0 (compatible; MJ12bot/v1.4.8; http://mj12bot.com/)"
66.249.68.8 - - [25/Jun/2026:08:14:35 -0400] "GET /products/81524114?fileloc=//lib64/aspell-0.60/cp1252.cmap&path=//lib64/aspell-0.60 HTTP/1.1" 200 8567 "-" "Mozilla/5.0 (Linux; Android 6.0.1; Nexus 5X Build/MMB29P) AppleWebKit/537.36 (KHTML, like Gecko) Chrome/148.0.7778.96 Mobile Safari/537.36 (compatible; Googlebot/2.1; +http://www.google.com/bot.html)"
66.249.68.6 - - [25/Jun/2026:08:14:37 -0400] "GET /products/5304490?fileloc=//lib64/python3.12/_sysconfigdata__linux_x86_64-linux-gnu.py&path=//lib64/python3.12 HTTP/1.1" 200 14617 "-" "Mozilla/5.0 (Linux; Android 6.0.1; Nexus 5X Build/MMB29P) AppleWebKit/537.36 (KHTML, like Gecko) Chrome/148.0.7778.96 Mobile Safari/537.36 (compatible; GoogleOther)"
75.119.155.172 - - [25/Jun/2026:08:14:37 -0400] "GET /?fileloc=//usr/include/criu/criu-plugin.h&path=//usr/include/criu HTTP/1.1" 200 4846 "-" "Mozilla/5.0 (compatible; MJ12bot/v1.4.8; http://mj12bot.com/)"
75.119.155.172 - - [25/Jun/2026:08:14:39 -0400] "GET /?fileloc=//usr/include/criu/criu.h&path=//usr/include/criu HTTP/1.1" 200 7113 "-" "Mozilla/5.0 (compatible; MJ12bot/v1.4.8; http://mj12bot.com/)"
75.119.155.172 - - [25/Jun/2026:08:14:42 -0400] "GET /?fileloc=//usr/include/criu/rpc.pb-c.h&path=//usr/include/criu HTTP/1.1" 200 7562 "-" "Mozilla/5.0 (compatible; MJ12bot/v1.4.8; http://mj12bot.com/)"
54.39.6.188 - - [25/Jun/2026:08:14:42 -0400] "GET /products/10024362 HTTP/1.1" 200 4624 "-" "Mozilla/5.0 (compatible; AhrefsBot/7.0; +http://ahrefs.com/robot/)"
75.119.155.172 - - [25/Jun/2026:08:14:44 -0400] "GET /?fileloc=//usr/include/criu/rpc.proto&path=//usr/include/criu HTTP/1.1" 200 5380 "-" "Mozilla/5.0 (compatible; MJ12bot/v1.4.8; http://mj12bot.com/)"
75.119.155.172 - - [25/Jun/2026:08:14:46 -0400] "GET /?fileloc=//usr/include/criu/version.h&path=//usr/include/criu HTTP/1.1" 200 3186 "-" "Mozilla/5.0 (compatible; MJ12bot/v1.4.8; http://mj12bot.com/)"
75.119.155.172 - - [25/Jun/2026:08:14:48 -0400] "GET /?fileloc=//usr/include/curl/curl.h&path=//usr/include/curl HTTP/1.1" 200 33486 "-" "Mozilla/5.0 (compatible; MJ12bot/v1.4.8; http://mj12bot.com/)"
85.208.96.199 - - [25/Jun/2026:08:14:51 -0400] "GET /products/1137973 HTTP/1.1" 200 5701 "-" "Mozilla/5.0 (compatible; SemrushBot/7~bl; +http://www.semrush.com/bot.html)"
75.119.155.172 - - [25/Jun/2026:08:14:51 -0400] "GET /?fileloc=//usr/include/curl/curlver.h&path=//usr/include/curl HTTP/1.1" 200 4423 "-" "Mozilla/5.0 (compatible; MJ12bot/v1.4.8; http://mj12bot.com/)"
15.235.96.144 - - [25/Jun/2026:08:14:53 -0400] "GET /products/98842907 HTTP/1.1" 200 4661 "-" "Mozilla/5.0 (compatible; AhrefsBot/7.0; +http://ahrefs.com/robot/)"
66.249.68.66 - - [25/Jun/2026:08:14:53 -0400] "GET /products/5025768?fileloc=//lib64/python3.8/fractions.py&path=//lib64/python3.8 HTTP/1.1" 200 10012 "-" "Mozilla/5.0 (Linux; Android 6.0.1; Nexus 5X Build/MMB29P) AppleWebKit/537.36 (KHTML, like Gecko) Chrome/148.0.7778.96 Mobile Safari/537.36 (compatible; GoogleOther)"
75.119.155.172 - - [25/Jun/2026:08:14:53 -0400] "GET /?fileloc=//usr/include/curl/easy.h&path=//usr/include/curl HTTP/1.1" 200 4373 "-" "Mozilla/5.0 (compatible; MJ12bot/v1.4.8; http://mj12bot.com/)"
75.119.155.172 - - [25/Jun/2026:08:14:55 -0400] "GET /?fileloc=//usr/include/curl/mprintf.h&path=//usr/include/curl HTTP/1.1" 200 3762 "-" "Mozilla/5.0 (compatible; MJ12bot/v1.4.8; http://mj12bot.com/)"
207.46.13.155 - - [25/Jun/2026:08:14:57 -0400] "GET /products/608794704 HTTP/1.1" 200 4661 "-" "Mozilla/5.0 AppleWebKit/537.36 (KHTML, like Gecko; compatible; bingbot/2.0; +http://www.bing.com/bingbot.htm) Chrome/116.0.1938.76 Safari/537.36"
75.119.155.172 - - [25/Jun/2026:08:14:57 -0400] "GET /?fileloc=//usr/include/curl/multi.h&path=//usr/include/curl HTTP/1.1" 200 8117 "-" "Mozilla/5.0 (compatible; MJ12bot/v1.4.8; http://mj12bot.com/)"
54.39.210.176 - - [25/Jun/2026:08:14:59 -0400] "GET /products/8979379 HTTP/1.1" 200 4646 "-" "Mozilla/5.0 (compatible; AhrefsBot/7.0; +http://ahrefs.com/robot/)"
75.119.155.172 - - [25/Jun/2026:08:15:00 -0400] "GET /?fileloc=//usr/include/curl/stdcheaders.h&path=//usr/include/curl HTTP/1.1" 200 3601 "-" "Mozilla/5.0 (compatible; MJ12bot/v1.4.8; http://mj12bot.com/)"
75.119.155.172 - - [25/Jun/2026:08:15:03 -0400] "GET /?fileloc=//usr/include/curl/system.h&path=//usr/include/curl HTTP/1.1" 200 6359 "-" "Mozilla/5.0 (compatible; MJ12bot/v1.4.8; http://mj12bot.com/)"
75.119.155.172 - - [25/Jun/2026:08:15:05 -0400] "GET /?fileloc=//usr/include/curl/typecheck-gcc.h&path=//usr/include/curl HTTP/1.1" 200 9321 "-" "Mozilla/5.0 (compatible; MJ12bot/v1.4.8; http://mj12bot.com/)"
75.119.155.172 - - [25/Jun/2026:08:15:07 -0400] "GET /?fileloc=//usr/include/curl/urlapi.h&path=//usr/include/curl HTTP/1.1" 200 4642 "-" "Mozilla/5.0 (compatible; MJ12bot/v1.4.8; http://mj12bot.com/)"
75.119.155.172 - - [25/Jun/2026:08:15:10 -0400] "GET /?fileloc=//usr/include/drm/amdgpu_drm.h&path=//usr/include/drm HTTP/1.1" 200 13962 "-" "Mozilla/5.0 (compatible; MJ12bot/v1.4.8; http://mj12bot.com/)"
142.44.220.131 - - [25/Jun/2026:08:15:12 -0400] "GET /products/496451054 HTTP/1.1" 200 4764 "-" "Mozilla/5.0 (compatible; AhrefsBot/7.0; +http://ahrefs.com/robot/)"
75.119.155.172 - - [25/Jun/2026:08:15:12 -0400] "GET /?fileloc=//usr/include/drm/armada_drm.h&path=//usr/include/drm HTTP/1.1" 200 3606 "-" "Mozilla/5.0 (compatible; MJ12bot/v1.4.8; http://mj12bot.com/)"
75.119.155.172 - - [25/Jun/2026:08:15:15 -0400] "GET /?fileloc=//usr/include/drm/drm.h&path=//usr/include/drm HTTP/1.1" 200 14192 "-" "Mozilla/5.0 (compatible; MJ12bot/v1.4.8; http://mj12bot.com/)"
75.119.155.172 - - [25/Jun/2026:08:15:17 -0400] "GET /?fileloc=//usr/include/drm/drm_fourcc.h&path=//usr/include/drm HTTP/1.1" 200 21004 "-" "Mozilla/5.0 (compatible; MJ12bot/v1.4.8; http://mj12bot.com/)"
148.113.130.68 - - [25/Jun/2026:08:15:19 -0400] "GET /products/359787169 HTTP/1.1" 200 4646 "-" "Mozilla/5.0 (compatible; AhrefsBot/7.0; +http://ahrefs.com/robot/)"
75.119.155.172 - - [25/Jun/2026:08:15:19 -0400] "GET /?fileloc=//usr/include/drm/drm_mode.h&path=//usr/include/drm HTTP/1.1" 200 15470 "-" "Mozilla/5.0 (compatible; MJ12bot/v1.4.8; http://mj12bot.com/)"
75.119.155.172 - - [25/Jun/2026:08:15:22 -0400] "GET /?fileloc=//usr/include/drm/drm_sarea.h&path=//usr/include/drm HTTP/1.1" 200 4341 "-" "Mozilla/5.0 (compatible; MJ12bot/v1.4.8; http://mj12bot.com/)"
75.119.155.172 - - [25/Jun/2026:08:15:24 -0400] "GET /?fileloc=//usr/include/drm/etnaviv_drm.h&path=//usr/include/drm HTTP/1.1" 200 6682 "-" "Mozilla/5.0 (compatible; MJ12bot/v1.4.8; http://mj12bot.com/)"
75.119.155.172 - - [25/Jun/2026:08:15:27 -0400] "GET /?fileloc=//usr/include/drm/exynos_drm.h&path=//usr/include/drm HTTP/1.1" 200 6407 "-" "Mozilla/5.0 (compatible; MJ12bot/v1.4.8; http://mj12bot.com/)"
148.113.130.112 - - [25/Jun/2026:08:15:28 -0400] "GET /products/99500742 HTTP/1.1" 200 4636 "-" "Mozilla/5.0 (compatible; AhrefsBot/7.0; +http://ahrefs.com/robot/)"
75.119.155.172 - - [25/Jun/2026:08:15:29 -0400] "GET /?fileloc=//usr/include/drm/habanalabs_accel.h&path=//usr/include/drm HTTP/1.1" 200 22326 "-" "Mozilla/5.0 (compatible; MJ12bot/v1.4.8; http://mj12bot.com/)"
75.119.155.172 - - [25/Jun/2026:08:15:31 -0400] "GET /?fileloc=//usr/include/drm/i915_drm.h&path=//usr/include/drm HTTP/1.1" 200 39430 "-" "Mozilla/5.0 (compatible; MJ12bot/v1.4.8; http://mj12bot.com/)"
66.249.77.227 - - [25/Jun/2026:08:15:34 -0400] "GET /products/64651374 HTTP/1.1" 200 4646 "-" "Mozilla/5.0 (Linux; Android 6.0.1; Nexus 5X Build/MMB29P) AppleWebKit/537.36 (KHTML, like Gecko) Chrome/149.0.7827.196 Mobile Safari/537.36 (compatible; Googlebot/2.1; +http://www.google.com/bot.html)"
75.119.155.172 - - [25/Jun/2026:08:15:34 -0400] "GET /?fileloc=//usr/include/drm/ivpu_accel.h&path=//usr/include/drm HTTP/1.1" 200 5807 "-" "Mozilla/5.0 (compatible; MJ12bot/v1.4.8; http://mj12bot.com/)"
54.39.203.167 - - [25/Jun/2026:08:15:35 -0400] "GET /products/9931831 HTTP/1.1" 200 4621 "-" "Mozilla/5.0 (compatible; AhrefsBot/7.0; +http://ahrefs.com/robot/)"
75.119.155.172 - - [25/Jun/2026:08:15:36 -0400] "GET /?fileloc=//usr/include/drm/lima_drm.h&path=//usr/include/drm HTTP/1.1" 200 4709 "-" "Mozilla/5.0 (compatible; MJ12bot/v1.4.8; http://mj12bot.com/)"
75.119.155.172 - - [25/Jun/2026:08:15:39 -0400] "GET /?fileloc=//usr/include/drm/msm_drm.h&path=//usr/include/drm HTTP/1.1" 200 8615 "-" "Mozilla/5.0 (compatible; MJ12bot/v1.4.8; http://mj12bot.com/)"
75.119.155.172 - - [25/Jun/2026:08:15:42 -0400] "GET /?fileloc=//usr/include/drm/nouveau_drm.h&path=//usr/include/drm HTTP/1.1" 200 5223 "-" "Mozilla/5.0 (compatible; MJ12bot/v1.4.8; http://mj12bot.com/)"
54.39.203.186 - - [25/Jun/2026:08:15:43 -0400] "GET /products/9874229 HTTP/1.1" 200 4636 "-" "Mozilla/5.0 (compatible; AhrefsBot/7.0; +http://ahrefs.com/robot/)"
75.119.155.172 - - [25/Jun/2026:08:15:44 -0400] "GET /?fileloc=//usr/include/drm/omap_drm.h&path=//usr/include/drm HTTP/1.1" 200 4654 "-" "Mozilla/5.0 (compatible; MJ12bot/v1.4.8; http://mj12bot.com/)"
66.249.68.6 - - [25/Jun/2026:08:15:46 -0400] "GET /products/5304490?fileloc=//lib64/python3.12/sre_parse.py&path=//lib64/python3.12 HTTP/1.1" 200 3226 "-" "Mozilla/5.0 (Linux; Android 6.0.1; Nexus 5X Build/MMB29P) AppleWebKit/537.36 (KHTML, like Gecko) Chrome/148.0.7778.96 Mobile Safari/537.36 (compatible; GoogleOther)"
75.119.155.172 - - [25/Jun/2026:08:15:46 -0400] "GET /?fileloc=//usr/include/drm/panfrost_drm.h&path=//usr/include/drm HTTP/1.1" 200 5897 "-" "Mozilla/5.0 (compatible; MJ12bot/v1.4.8; http://mj12bot.com/)"
75.119.155.172 - - [25/Jun/2026:08:15:48 -0400] "GET /?fileloc=/home/aurelytl/rinzaauto.com/wp-content/uploads/user-logs/20260521.txt&path=/home/aurelytl/rinzaauto.com/wp-content/uploads/user-logs HTTP/1.1" 200 73014 "-" "Mozilla/5.0 (compatible; MJ12bot/v1.4.8; http://mj12bot.com/)"
75.119.155.172 - - [25/Jun/2026:08:15:51 -0400] "GET /?fileloc=/home/aurelytl/rinzaauto.com/wp-content/uploads/user-logs/20260606.txt&path=/home/aurelytl/rinzaauto.com/wp-content/uploads/user-logs HTTP/1.1" 200 172618 "-" "Mozilla/5.0 (compatible; MJ12bot/v1.4.8; http://mj12bot.com/)"
51.161.65.147 - - [25/Jun/2026:08:15:53 -0400] "GET /products/9833401 HTTP/1.1" 200 4636 "-" "Mozilla/5.0 (compatible; AhrefsBot/7.0; +http://ahrefs.com/robot/)"
75.119.155.172 - - [25/Jun/2026:08:15:55 -0400] "GET /?fileloc=/home/aurelytl/rinzaauto.com/wp-content/uploads/user-logs/20260607.txt&path=/home/aurelytl/rinzaauto.com/wp-content/uploads/user-logs HTTP/1.1" 200 189196 "-" "Mozilla/5.0 (compatible; MJ12bot/v1.4.8; http://mj12bot.com/)"
75.119.155.172 - - [25/Jun/2026:08:15:59 -0400] "GET /?fileloc=/home/aurelytl/rinzaauto.com/wp-content/uploads/user-logs/20260608.txt&path=/home/aurelytl/rinzaauto.com/wp-content/uploads/user-logs HTTP/1.1" 200 270034 "-" "Mozilla/5.0 (compatible; MJ12bot/v1.4.8; http://mj12bot.com/)"
54.39.203.211 - - [25/Jun/2026:08:16:02 -0400] "GET /products/98149071 HTTP/1.1" 200 4702 "-" "Mozilla/5.0 (compatible; AhrefsBot/7.0; +http://ahrefs.com/robot/)"
75.119.155.172 - - [25/Jun/2026:08:16:04 -0400] "GET /?fileloc=/home/aurelytl/rinzaauto.com/wp-content/uploads/user-logs/20260609.txt&path=/home/aurelytl/rinzaauto.com/wp-content/uploads/user-logs HTTP/1.1" 200 491380 "-" "Mozilla/5.0 (compatible; MJ12bot/v1.4.8; http://mj12bot.com/)"
66.249.68.7 - - [25/Jun/2026:08:16:05 -0400] "GET /products/81524114?fileloc=//lib/rpm/rpm2cpio.sh&path=//lib/rpm HTTP/1.1" 200 3677 "-" "Mozilla/5.0 (Linux; Android 6.0.1; Nexus 5X Build/MMB29P) AppleWebKit/537.36 (KHTML, like Gecko) Chrome/148.0.7778.96 Mobile Safari/537.36 (compatible; GoogleOther)"
75.119.155.172 - - [25/Jun/2026:08:16:09 -0400] "GET /?fileloc=/home/aurelytl/rinzaauto.com/wp-content/uploads/user-logs/20260610.txt&path=/home/aurelytl/rinzaauto.com/wp-content/uploads/user-logs HTTP/1.1" 200 2778728 "-" "Mozilla/5.0 (compatible; MJ12bot/v1.4.8; http://mj12bot.com/)"
142.44.233.4 - - [25/Jun/2026:08:16:16 -0400] "GET /products/9729562 HTTP/1.1" 200 4677 "-" "Mozilla/5.0 (compatible; AhrefsBot/7.0; +http://ahrefs.com/robot/)"
66.249.68.6 - - [25/Jun/2026:08:16:19 -0400] "GET /products/200105537?fileloc=//home/aurelytl/.razor/servers.discovery.lst&path=//home/aurelytl/.razor HTTP/1.1" 200 3093 "-" "Mozilla/5.0 (Linux; Android 6.0.1; Nexus 5X Build/MMB29P) AppleWebKit/537.36 (KHTML, like Gecko) Chrome/148.0.7778.96 Mobile Safari/537.36 (compatible; Googlebot/2.1; +http://www.google.com/bot.html)"
