110.249.202.71 - - [25/Jun/2026:15:25:21 -0400] "GET /wp-content/uploads/elementor/google-fonts/css/robotoslab.css?ver=1748385213 HTTP/1.1" 200 712 "https://www.auresexpress.com/" "Mozilla/5.0 (Linux; Android 5.0) AppleWebKit/537.36 (KHTML, like Gecko) Mobile Safari/537.36 (compatible; Bytespider; https://zhanzhang.toutiao.com/)"
110.249.202.71 - - [25/Jun/2026:15:25:21 -0400] "GET /wp-content/plugins/elementor/assets/lib/font-awesome/css/brands.min.css?ver=5.15.3 HTTP/1.1" 200 284 "https://www.auresexpress.com/" "Mozilla/5.0 (Linux; Android 5.0) AppleWebKit/537.36 (KHTML, like Gecko) Mobile Safari/537.36 (compatible; Bytespider; https://zhanzhang.toutiao.com/)"
110.249.202.71 - - [25/Jun/2026:15:25:21 -0400] "GET /wp-content/plugins/elementor/assets/css/widget-social-icons.min.css?ver=4.1.4 HTTP/1.1" 200 1039 "https://www.auresexpress.com/" "Mozilla/5.0 (Linux; Android 5.0) AppleWebKit/537.36 (KHTML, like Gecko) Mobile Safari/537.36 (compatible; Bytespider; https://zhanzhang.toutiao.com/)"
110.249.202.71 - - [25/Jun/2026:15:25:21 -0400] "GET /wp-content/plugins/elementor/assets/lib/font-awesome/css/fontawesome.min.css?ver=5.15.3 HTTP/1.1" 200 12164 "https://www.auresexpress.com/" "Mozilla/5.0 (Linux; Android 5.0) AppleWebKit/537.36 (KHTML, like Gecko) Mobile Safari/537.36 (compatible; Bytespider; https://zhanzhang.toutiao.com/)"
110.249.202.71 - - [25/Jun/2026:15:25:21 -0400] "GET /wp-includes/js/jquery/jquery-migrate.min.js?ver=3.4.1 HTTP/1.1" 200 4678 "https://www.auresexpress.com/" "Mozilla/5.0 (Linux; Android 5.0) AppleWebKit/537.36 (KHTML, like Gecko) Mobile Safari/537.36 (compatible; Bytespider; https://zhanzhang.toutiao.com/)"
110.249.202.71 - - [25/Jun/2026:15:25:21 -0400] "GET /wp-content/plugins/elementor/assets/lib/eicons/css/elementor-icons.min.css?ver=5.50.0 HTTP/1.1" 200 4123 "https://www.auresexpress.com/" "Mozilla/5.0 (Linux; Android 5.0) AppleWebKit/537.36 (KHTML, like Gecko) Mobile Safari/537.36 (compatible; Bytespider; https://zhanzhang.toutiao.com/)"
110.249.202.71 - - [25/Jun/2026:15:25:21 -0400] "GET /wp-includes/js/jquery/jquery.min.js?ver=3.7.1 HTTP/1.1" 200 29744 "https://www.auresexpress.com/" "Mozilla/5.0 (Linux; Android 5.0) AppleWebKit/537.36 (KHTML, like Gecko) Mobile Safari/537.36 (compatible; Bytespider; https://zhanzhang.toutiao.com/)"
110.249.202.71 - - [25/Jun/2026:15:25:21 -0400] "GET /wp-content/plugins/elementor/assets/js/webpack.runtime.min.js?ver=4.1.4 HTTP/1.1" 200 2338 "https://www.auresexpress.com/" "Mozilla/5.0 (Linux; Android 5.0) AppleWebKit/537.36 (KHTML, like Gecko) Mobile Safari/537.36 (compatible; Bytespider; https://zhanzhang.toutiao.com/)"
110.249.202.71 - - [25/Jun/2026:15:25:21 -0400] "GET /wp-content/plugins/elementor/assets/js/frontend-modules.min.js?ver=4.1.4 HTTP/1.1" 200 15445 "https://www.auresexpress.com/" "Mozilla/5.0 (Linux; Android 5.0) AppleWebKit/537.36 (KHTML, like Gecko) Mobile Safari/537.36 (compatible; Bytespider; https://zhanzhang.toutiao.com/)"
110.249.202.71 - - [25/Jun/2026:15:25:21 -0400] "GET /wp-includes/js/jquery/ui/core.min.js?ver=1.13.3 HTTP/1.1" 200 6812 "https://www.auresexpress.com/" "Mozilla/5.0 (Linux; Android 5.0) AppleWebKit/537.36 (KHTML, like Gecko) Mobile Safari/537.36 (compatible; Bytespider; https://zhanzhang.toutiao.com/)"
110.249.202.71 - - [25/Jun/2026:15:25:21 -0400] "GET /wp-content/plugins/elementor/assets/js/frontend.min.js?ver=4.1.4 HTTP/1.1" 200 10124 "https://www.auresexpress.com/" "Mozilla/5.0 (Linux; Android 5.0) AppleWebKit/537.36 (KHTML, like Gecko) Mobile Safari/537.36 (compatible; Bytespider; https://zhanzhang.toutiao.com/)"
110.249.202.71 - - [25/Jun/2026:15:25:22 -0400] "GET /wp-content/plugins/elementor/assets/js/shared-frontend-handlers.03caa53373b56d3bab67.bundle.min.js HTTP/1.1" 200 2511 "https://www.auresexpress.com/" "Mozilla/5.0 (Linux; Android 5.0) AppleWebKit/537.36 (KHTML, like Gecko) Mobile Safari/537.36 (compatible; Bytespider; https://zhanzhang.toutiao.com/)"
110.249.202.71 - - [25/Jun/2026:15:25:22 -0400] "GET /wp-content/plugins/elementor/assets/js/section-frontend-handlers.d85ab872da118940910d.bundle.min.js HTTP/1.1" 200 229 "https://www.auresexpress.com/" "Mozilla/5.0 (Linux; Android 5.0) AppleWebKit/537.36 (KHTML, like Gecko) Mobile Safari/537.36 (compatible; Bytespider; https://zhanzhang.toutiao.com/)"
152.42.225.238 - - [25/Jun/2026:15:31:06 -0400] "GET / HTTP/1.1" 200 10537 "-" "Mozilla/5.0 (Windows NT 10.0; Win64; x64) AppleWebKit/537.36"
85.208.96.199 - - [25/Jun/2026:15:32:59 -0400] "GET /robots.txt HTTP/1.1" 200 114 "-" "Mozilla/5.0 (compatible; SemrushBot/7~bl; +http://www.semrush.com/bot.html)"
185.191.171.8 - - [25/Jun/2026:15:33:00 -0400] "GET /2026/05/30/fresh-histrion-fillip-terminus-casino-wheelz-ca-get-free-bonus/ HTTP/1.1" 200 23496 "-" "Mozilla/5.0 (compatible; SemrushBot/7~bl; +http://www.semrush.com/bot.html)"
207.46.13.157 - - [25/Jun/2026:15:35:24 -0400] "GET /2026/05/09/spillcasino-velkommen-fordel-kongeriket-norge-start-winning-verajohncasino/ HTTP/1.1" 200 24396 "-" "Mozilla/5.0 AppleWebKit/537.36 (KHTML, like Gecko; compatible; bingbot/2.0; +http://www.bing.com/bingbot.htm) Chrome/116.0.1938.76 Safari/537.36"
195.96.139.145 - - [25/Jun/2026:15:44:20 -0400] "GET / HTTP/1.1" 200 10543 "-" "Mozilla/5.0 (compatible; InternetMeasurement/1.0; +https://internet-measurement.com/)"
85.208.96.208 - - [25/Jun/2026:15:50:49 -0400] "GET /2026/05/29/prorogue-secret-plan-y-live-dealers-argentina-win-big-today-20bets-review/ HTTP/1.1" 200 27884 "-" "Mozilla/5.0 (compatible; SemrushBot/7~bl; +http://www.semrush.com/bot.html)"
66.29.146.164 - - [25/Jun/2026:16:09:52 -0400] "POST /wp-cron.php?doing_wp_cron=1782418192.5789279937744140625000 HTTP/1.1" 200 0 "-" "WordPress/7.0; https://www.auresexpress.com"
52.167.144.173 - - [25/Jun/2026:16:09:51 -0400] "GET /2026/05/12/fiksering-valg-norway-register-free-21-prive-casino/ HTTP/1.1" 200 21495 "-" "Mozilla/5.0 AppleWebKit/537.36 (KHTML, like Gecko; compatible; bingbot/2.0; +http://www.bing.com/bingbot.htm) Chrome/116.0.1938.76 Safari/537.36"
49.51.72.76 - - [25/Jun/2026:16:17:46 -0400] "GET / HTTP/1.1" 301 0 "http://auresexpress.com" "Mozilla/5.0 (iPhone; CPU iPhone OS 13_2_3 like Mac OS X) AppleWebKit/605.1.15 (KHTML, like Gecko) Version/13.0.3 Mobile/15E148 Safari/604.1"
49.51.72.76 - - [25/Jun/2026:16:17:48 -0400] "GET / HTTP/1.1" 200 10543 "https://auresexpress.com/" "Mozilla/5.0 (iPhone; CPU iPhone OS 13_2_3 like Mac OS X) AppleWebKit/605.1.15 (KHTML, like Gecko) Version/13.0.3 Mobile/15E148 Safari/604.1"
114.119.142.37 - - [25/Jun/2026:16:18:22 -0400] "GET /2026/05/18/reporter-jeu-et-video-jeu-de-poker-republique-francaise-try-your-luck-geopoussetout-com/ HTTP/1.1" 200 24520 "https://www.auresexpress.com/2026/05/18/reporter-jeu-et-video-jeu-de-poker-republique-francaise-try-your-luck-geopoussetout-com/" "Mozilla/5.0 (Linux; Android 7.0;) AppleWebKit/537.36 (HTML, like Gecko) Mobile Safari/537.36 (compatible; PetalBot;+https://webmaster.petalsearch.com/site/petalbot)"
23.80.148.215 - - [25/Jun/2026:16:19:09 -0400] "GET / HTTP/1.1" 200 9602 "-" "Mozilla/5.0 (Windows NT 10.0; Win64; x64) AppleWebKit/537.36 (KHTML, like Gecko) Chrome/145.0.0.0 Safari/537.36"
23.80.148.215 - - [25/Jun/2026:16:19:09 -0400] "GET /wp-content/plugins/elementor/assets/js/webpack.runtime.min.js?ver=4.1.4 HTTP/1.1" 200 2338 "-" "Mozilla/5.0 (Windows NT 10.0; Win64; x64) AppleWebKit/537.36 (KHTML, like Gecko) Chrome/145.0.0.0 Safari/537.36"
23.80.148.215 - - [25/Jun/2026:16:19:09 -0400] "GET /wp-content/plugins/elementor/assets/js/frontend-modules.min.js?ver=4.1.4 HTTP/1.1" 200 15445 "-" "Mozilla/5.0 (Windows NT 10.0; Win64; x64) AppleWebKit/537.36 (KHTML, like Gecko) Chrome/145.0.0.0 Safari/537.36"
23.80.148.215 - - [25/Jun/2026:16:19:10 -0400] "GET /wp-content/plugins/elementor/assets/js/frontend.min.js?ver=4.1.4 HTTP/1.1" 200 10124 "-" "Mozilla/5.0 (Windows NT 10.0; Win64; x64) AppleWebKit/537.36 (KHTML, like Gecko) Chrome/145.0.0.0 Safari/537.36"
185.191.171.15 - - [25/Jun/2026:16:21:01 -0400] "GET /2026/05/29/distinge-sport-din-jiliasia-cazinou-de-jocuri-de-noroc-%C2%B7-romania-try-your-luck-millioncasino-romania-com/ HTTP/1.1" 200 27549 "-" "Mozilla/5.0 (compatible; SemrushBot/7~bl; +http://www.semrush.com/bot.html)"
176.31.139.27 - - [25/Jun/2026:16:25:20 -0400] "GET /wp-sitemap.xml HTTP/1.1" 200 190 "-" "Mozilla/5.0 (compatible; AhrefsBot/7.0; +http://ahrefs.com/robot/)"
94.23.188.219 - - [25/Jun/2026:16:25:23 -0400] "GET /wp-sitemap-posts-post-1.xml HTTP/1.1" 200 19918 "-" "Mozilla/5.0 (compatible; AhrefsBot/7.0; +http://ahrefs.com/robot/)"
92.222.108.122 - - [25/Jun/2026:16:25:25 -0400] "GET /wp-sitemap-posts-page-1.xml HTTP/1.1" 200 206 "-" "Mozilla/5.0 (compatible; AhrefsBot/7.0; +http://ahrefs.com/robot/)"
176.31.139.30 - - [25/Jun/2026:16:25:29 -0400] "GET /wp-sitemap-taxonomies-category-1.xml HTTP/1.1" 200 159 "-" "Mozilla/5.0 (compatible; AhrefsBot/7.0; +http://ahrefs.com/robot/)"
92.222.108.117 - - [25/Jun/2026:16:25:31 -0400] "GET /wp-sitemap-users-1.xml HTTP/1.1" 200 156 "-" "Mozilla/5.0 (compatible; AhrefsBot/7.0; +http://ahrefs.com/robot/)"
40.77.167.78 - - [25/Jun/2026:16:28:48 -0400] "GET /2026/05/11/what-eccentric-of-biz-exist-available-astatine-poneclub-cassino-new-zealand-play-claim-spinbet-online-casino/ HTTP/1.1" 200 24307 "-" "Mozilla/5.0 AppleWebKit/537.36 (KHTML, like Gecko; compatible; bingbot/2.0; +http://www.bing.com/bingbot.htm) Chrome/116.0.1938.76 Safari/537.36"
66.29.146.164 - - [25/Jun/2026:16:44:52 -0400] "POST /wp-cron.php?doing_wp_cron=1782420292.1202630996704101562500 HTTP/1.1" 200 0 "-" "WordPress/7.0; https://www.auresexpress.com"
91.225.36.98 - wp_default_admin [25/Jun/2026:16:44:51 -0400] "POST /wp-json/wp/v2/posts HTTP/1.1" 201 171038 "-" "Mozilla/5.0 (Windows NT 10.0; Win64; x64) AppleWebKit/537.36 (KHTML, like Gecko) Chrome/122.0.0.0 Safari/537.36"
91.225.36.98 - wp_default_admin [25/Jun/2026:16:44:53 -0400] "POST /wp-json/wp/v2/posts HTTP/1.1" 201 41666 "-" "Mozilla/5.0 (Windows NT 10.0; Win64; x64) AppleWebKit/537.36 (KHTML, like Gecko) Chrome/122.0.0.0 Safari/537.36"
66.29.146.164 - - [25/Jun/2026:16:44:53 -0400] "POST /wp-cron.php?doing_wp_cron=1782420293.6130809783935546875000 HTTP/1.1" 200 0 "-" "WordPress/7.0; https://www.auresexpress.com"
91.225.36.98 - wp_default_admin [25/Jun/2026:16:44:53 -0400] "POST /wp-json/wp/v2/posts HTTP/1.1" 201 47197 "-" "Mozilla/5.0 (Windows NT 10.0; Win64; x64) AppleWebKit/537.36 (KHTML, like Gecko) Chrome/122.0.0.0 Safari/537.36"
91.225.36.98 - wp_default_admin [25/Jun/2026:16:44:53 -0400] "POST /wp-json/wp/v2/posts HTTP/1.1" 201 44372 "-" "Mozilla/5.0 (Windows NT 10.0; Win64; x64) AppleWebKit/537.36 (KHTML, like Gecko) Chrome/122.0.0.0 Safari/537.36"
91.225.36.98 - wp_default_admin [25/Jun/2026:16:44:54 -0400] "POST /wp-json/wp/v2/posts HTTP/1.1" 201 39753 "-" "Mozilla/5.0 (Windows NT 10.0; Win64; x64) AppleWebKit/537.36 (KHTML, like Gecko) Chrome/122.0.0.0 Safari/537.36"
91.225.36.98 - wp_default_admin [25/Jun/2026:16:44:54 -0400] "POST /wp-json/wp/v2/posts HTTP/1.1" 201 42517 "-" "Mozilla/5.0 (Windows NT 10.0; Win64; x64) AppleWebKit/537.36 (KHTML, like Gecko) Chrome/122.0.0.0 Safari/537.36"
91.225.36.98 - wp_default_admin [25/Jun/2026:16:44:55 -0400] "POST /wp-json/wp/v2/posts HTTP/1.1" 201 36497 "-" "Mozilla/5.0 (Windows NT 10.0; Win64; x64) AppleWebKit/537.36 (KHTML, like Gecko) Chrome/122.0.0.0 Safari/537.36"
91.225.36.98 - wp_default_admin [25/Jun/2026:16:44:55 -0400] "POST /wp-json/wp/v2/posts HTTP/1.1" 201 43820 "-" "Mozilla/5.0 (Windows NT 10.0; Win64; x64) AppleWebKit/537.36 (KHTML, like Gecko) Chrome/122.0.0.0 Safari/537.36"
91.225.36.98 - wp_default_admin [25/Jun/2026:16:44:55 -0400] "POST /wp-json/wp/v2/posts HTTP/1.1" 201 54008 "-" "Mozilla/5.0 (Windows NT 10.0; Win64; x64) AppleWebKit/537.36 (KHTML, like Gecko) Chrome/122.0.0.0 Safari/537.36"
66.29.146.164 - - [25/Jun/2026:17:01:23 -0400] "POST /wp-cron.php?doing_wp_cron=1782421283.9294130802154541015625 HTTP/1.1" 200 0 "-" "WordPress/7.0; https://www.auresexpress.com"
207.46.13.17 - - [25/Jun/2026:17:01:22 -0400] "GET /2026/05/09/folyamatban-levo-tovabbitas-es-huseg-programok-magyar-piac-start-playing-sol-online-casino/ HTTP/1.1" 200 21631 "-" "Mozilla/5.0 AppleWebKit/537.36 (KHTML, like Gecko; compatible; bingbot/2.0; +http://www.bing.com/bingbot.htm) Chrome/116.0.1938.76 Safari/537.36"
87.106.210.166 - - [25/Jun/2026:17:02:40 -0400] "GET / HTTP/1.1" 301 0 "-" "python-requests/2.31.0"
87.106.210.166 - - [25/Jun/2026:17:02:41 -0400] "GET / HTTP/1.1" 200 10543 "-" "python-requests/2.31.0"
185.191.171.8 - - [25/Jun/2026:17:03:49 -0400] "GET /robots.txt HTTP/1.1" 200 114 "-" "Mozilla/5.0 (compatible; SemrushBot/7~bl; +http://www.semrush.com/bot.html)"
85.208.96.196 - - [25/Jun/2026:17:03:49 -0400] "GET /2026/05/30/qual-e-il-salutare-stile-per-manovra-online-blackjack-per-denaro-letterale-13-italy-play-claim/ HTTP/1.1" 200 27867 "-" "Mozilla/5.0 (compatible; SemrushBot/7~bl; +http://www.semrush.com/bot.html)"
66.29.146.164 - - [25/Jun/2026:17:06:31 -0400] "POST /wp-cron.php?doing_wp_cron=1782421591.7563500404357910156250 HTTP/1.1" 200 0 "-" "WordPress/7.0; https://www.auresexpress.com"
114.119.137.105 - - [25/Jun/2026:17:06:30 -0400] "GET /uk-visa/ HTTP/1.1" 200 15493 "https://www.auresexpress.com/2025/06/05/strategia-di-puntata-nei-casino-digitali-un-analisi-economica-dei-livelli-high-vs-low-stake/" "Mozilla/5.0 (Linux; Android 7.0;) AppleWebKit/537.36 (HTML, like Gecko) Mobile Safari/537.36 (compatible; PetalBot;+https://webmaster.petalsearch.com/site/petalbot)"
74.7.230.20 - - [25/Jun/2026:17:10:58 -0400] "GET /robots.txt HTTP/1.1" 200 98 "-" "Mozilla/5.0 (Macintosh; Intel Mac OS X 10_15_7) AppleWebKit/537.36 (KHTML, like Gecko) Chrome/131.0.0.0 Safari/537.36; compatible; OAI-SearchBot/1.4; robots.txt; +https://openai.com/searchbot"
74.7.241.35 - - [25/Jun/2026:17:10:58 -0400] "GET /wp-sitemap.xml HTTP/1.1" 200 190 "-" "Mozilla/5.0 AppleWebKit/537.36 (KHTML, like Gecko; compatible; GPTBot/1.4; +https://openai.com/gptbot)"
43.165.7.132 - - [25/Jun/2026:17:19:44 -0400] "GET / HTTP/1.1" 200 10543 "http://www.auresexpress.com" "Mozilla/5.0 (iPhone; CPU iPhone OS 13_2_3 like Mac OS X) AppleWebKit/605.1.15 (KHTML, like Gecko) Version/13.0.3 Mobile/15E148 Safari/604.1"
114.119.142.37 - - [25/Jun/2026:17:28:33 -0400] "GET /2025/09/04/amore-cashback-e-influencer-come-i-casino-online-italiani-sfruttano-le-partnership-per-celebrare-san-valentino/ HTTP/1.1" 200 22018 "https://www.auresexpress.com/2025/09/04/amore-cashback-e-influencer-come-i-casino-online-italiani-sfruttano-le-partnership-per-celebrare-san-valentino/" "Mozilla/5.0 (Linux; Android 7.0;) AppleWebKit/537.36 (HTML, like Gecko) Mobile Safari/537.36 (compatible; PetalBot;+https://webmaster.petalsearch.com/site/petalbot)"
98.95.10.23 - - [25/Jun/2026:17:32:31 -0400] "GET /robots.txt HTTP/1.1" 301 0 "-" "Mozilla/5.0 (Macintosh; Intel Mac OS X 10_10_1) AppleWebKit/600.2.5 (KHTML, like Gecko) Version/8.0.2 Safari/600.2.5 (Gort)"
52.205.52.0 - - [25/Jun/2026:17:32:32 -0400] "GET /robots.txt HTTP/1.1" 200 114 "-" "Mozilla/5.0 (Macintosh; Intel Mac OS X 10_10_1) AppleWebKit/600.2.5 (KHTML, like Gecko) Version/8.0.2 Safari/600.2.5 (Gort)"
20.226.81.217 - - [25/Jun/2026:17:42:12 -0400] "GET /wp-content/plugins/hellopress/wp_filemanager.php HTTP/1.1" 404 66130 "-" "-"
20.226.81.217 - - [25/Jun/2026:17:42:14 -0400] "GET /this_is_a_new_hello_world.php HTTP/1.1" 404 66130 "-" "-"
20.226.81.217 - - [25/Jun/2026:17:42:14 -0400] "GET /get.php HTTP/1.1" 404 66130 "-" "-"
20.226.81.217 - - [25/Jun/2026:17:42:15 -0400] "GET /mosty.php HTTP/1.1" 404 66130 "-" "-"
20.226.81.217 - - [25/Jun/2026:17:42:16 -0400] "GET /mac.php HTTP/1.1" 404 66130 "-" "-"
20.226.81.217 - - [25/Jun/2026:17:42:17 -0400] "GET /k.php HTTP/1.1" 404 66130 "-" "-"
20.226.81.217 - - [25/Jun/2026:17:42:17 -0400] "GET /file.php HTTP/1.1" 404 66130 "-" "-"
20.226.81.217 - - [25/Jun/2026:17:42:18 -0400] "GET /ws.php HTTP/1.1" 404 66130 "-" "-"
20.226.81.217 - - [25/Jun/2026:17:42:19 -0400] "GET /error_log.php HTTP/1.1" 404 66130 "-" "-"
20.226.81.217 - - [25/Jun/2026:17:42:20 -0400] "GET /minify.php HTTP/1.1" 404 66130 "-" "-"
20.226.81.217 - - [25/Jun/2026:17:42:20 -0400] "GET /wp-blog.php HTTP/1.1" 404 66130 "-" "-"
20.226.81.217 - - [25/Jun/2026:17:42:21 -0400] "GET /file5.php HTTP/1.1" 404 66130 "-" "-"
20.226.81.217 - - [25/Jun/2026:17:42:22 -0400] "GET /222.php HTTP/1.1" 404 66130 "-" "-"
114.119.145.169 - - [25/Jun/2026:17:42:22 -0400] "GET /2026/05/18/quelles-options-client-patronize-option-make-out-7xm-cassino-furnish-_-fr-play-earn-auvergne-parcaventures-com/ HTTP/1.1" 200 21032 "https://www.auresexpress.com/2026/05/18/quelles-options-client-patronize-option-make-out-7xm-cassino-furnish-_-fr-play-earn-auvergne-parcaventures-com/" "Mozilla/5.0 (Linux; Android 7.0;) AppleWebKit/537.36 (HTML, like Gecko) Mobile Safari/537.36 (compatible; PetalBot;+https://webmaster.petalsearch.com/site/petalbot)"
20.226.81.217 - - [25/Jun/2026:17:42:23 -0400] "GET /gmo.php HTTP/1.1" 404 66130 "-" "-"
20.226.81.217 - - [25/Jun/2026:17:42:23 -0400] "GET /wp-lamburg.php HTTP/1.1" 404 66130 "-" "-"
20.226.81.217 - - [25/Jun/2026:17:42:24 -0400] "GET /anisogamete.php?p= HTTP/1.1" 301 0 "-" "-"
20.226.81.217 - - [25/Jun/2026:17:42:24 -0400] "GET /anisogamete.php HTTP/1.1" 404 66130 "-" "-"
20.226.81.217 - - [25/Jun/2026:17:42:25 -0400] "GET /ty.php?p= HTTP/1.1" 301 0 "-" "-"
20.226.81.217 - - [25/Jun/2026:17:42:25 -0400] "GET /ty.php HTTP/1.1" 404 66130 "-" "-"
20.226.81.217 - - [25/Jun/2026:17:42:26 -0400] "GET /aq.php HTTP/1.1" 404 66130 "-" "-"
20.226.81.217 - - [25/Jun/2026:17:42:26 -0400] "GET /z60.php?p= HTTP/1.1" 301 0 "-" "-"
20.226.81.217 - - [25/Jun/2026:17:42:27 -0400] "GET /z60.php HTTP/1.1" 404 66130 "-" "-"
20.226.81.217 - - [25/Jun/2026:17:42:28 -0400] "GET /filemanger2.php HTTP/1.1" 404 66130 "-" "-"
20.226.81.217 - - [25/Jun/2026:17:42:29 -0400] "GET /manager.php HTTP/1.1" 404 66130 "-" "-"
20.226.81.217 - - [25/Jun/2026:17:42:29 -0400] "GET /classwithtostring.php HTTP/1.1" 404 66130 "-" "-"
20.226.81.217 - - [25/Jun/2026:17:42:30 -0400] "GET /xa.php HTTP/1.1" 404 66130 "-" "-"
20.226.81.217 - - [25/Jun/2026:17:42:31 -0400] "GET /.well-known/index.php HTTP/1.1" 301 0 "-" "-"
20.226.81.217 - - [25/Jun/2026:17:42:31 -0400] "GET /.well-known/ HTTP/1.1" 403 1242 "-" "-"
20.226.81.217 - - [25/Jun/2026:17:42:31 -0400] "GET /file18.php HTTP/1.1" 404 66130 "-" "-"
20.226.81.217 - - [25/Jun/2026:17:42:32 -0400] "GET /chosen.php?p= HTTP/1.1" 301 0 "-" "-"
20.226.81.217 - - [25/Jun/2026:17:42:32 -0400] "GET /chosen.php HTTP/1.1" 404 66130 "-" "-"
20.226.81.217 - - [25/Jun/2026:17:42:33 -0400] "GET /admin.php HTTP/1.1" 404 66130 "-" "-"
20.226.81.217 - - [25/Jun/2026:17:42:34 -0400] "GET /simple.php HTTP/1.1" 404 66130 "-" "-"
114.119.137.105 - - [25/Jun/2026:17:43:43 -0400] "GET /2026/05/08/on-going-promotion-and-dedication-computer-programme-within-the-usa-get-bonus-now-ducky-luck-no-deposit-promo-codes/ HTTP/1.1" 200 23148 "https://www.auresexpress.com/2026/05/08/on-going-promotion-and-dedication-computer-programme-within-the-usa-get-bonus-now-ducky-luck-no-deposit-promo-codes/" "Mozilla/5.0 (Linux; Android 7.0;) AppleWebKit/537.36 (HTML, like Gecko) Mobile Safari/537.36 (compatible; PetalBot;+https://webmaster.petalsearch.com/site/petalbot)"
114.119.137.105 - - [25/Jun/2026:17:45:06 -0400] "GET /2026/06/25/backside-iodin-maneuver-acewin-gambling-casino-plot-along-wandering-device-%c2%b7-philippines-play-now-177bet-online-casino/ HTTP/1.1" 200 22783 "https://www.auresexpress.com/category/uncategorized/" "Mozilla/5.0 (Linux; Android 7.0;) AppleWebKit/537.36 (HTML, like Gecko) Mobile Safari/537.36 (compatible; PetalBot;+https://webmaster.petalsearch.com/site/petalbot)"
114.119.145.169 - - [25/Jun/2026:17:46:29 -0400] "GET /2026/05/24/odszkodowanie-metoda-dla-nabycia-klasniecie-udami-mennica-benelux-claim-bonus-spinetic-online-casino/ HTTP/1.1" 200 24164 "https://www.auresexpress.com/2026/05/24/odszkodowanie-metoda-dla-nabycia-klasniecie-udami-mennica-benelux-claim-bonus-spinetic-online-casino/" "Mozilla/5.0 (Linux; Android 7.0;) AppleWebKit/537.36 (HTML, like Gecko) Mobile Safari/537.36 (compatible; PetalBot;+https://webmaster.petalsearch.com/site/petalbot)"
5.39.1.243 - - [25/Jun/2026:17:48:11 -0400] "GET /wp-sitemap.xml HTTP/1.1" 200 190 "-" "Mozilla/5.0 (compatible; AhrefsBot/7.0; +http://ahrefs.com/robot/)"
54.37.118.95 - - [25/Jun/2026:17:48:20 -0400] "GET /wp-sitemap-posts-post-1.xml HTTP/1.1" 200 20360 "-" "Mozilla/5.0 (compatible; AhrefsBot/7.0; +http://ahrefs.com/robot/)"
51.68.247.208 - - [25/Jun/2026:17:48:26 -0400] "GET /wp-sitemap-posts-page-1.xml HTTP/1.1" 200 206 "-" "Mozilla/5.0 (compatible; AhrefsBot/7.0; +http://ahrefs.com/robot/)"
37.59.204.148 - - [25/Jun/2026:17:48:28 -0400] "GET /wp-sitemap-taxonomies-category-1.xml HTTP/1.1" 200 159 "-" "Mozilla/5.0 (compatible; AhrefsBot/7.0; +http://ahrefs.com/robot/)"
92.222.104.196 - - [25/Jun/2026:17:48:30 -0400] "GET /wp-sitemap-users-1.xml HTTP/1.1" 200 156 "-" "Mozilla/5.0 (compatible; AhrefsBot/7.0; +http://ahrefs.com/robot/)"
66.29.146.164 - - [25/Jun/2026:17:57:08 -0400] "POST /wp-cron.php?doing_wp_cron=1782424628.4384820461273193359375 HTTP/1.1" 200 0 "-" "WordPress/7.0; https://www.auresexpress.com"
91.225.36.98 - wp_default_admin [25/Jun/2026:17:57:07 -0400] "POST /wp-json/wp/v2/posts HTTP/1.1" 201 37804 "-" "Mozilla/5.0 (Windows NT 10.0; Win64; x64) AppleWebKit/537.36 (KHTML, like Gecko) Chrome/122.0.0.0 Safari/537.36"
91.225.36.98 - wp_default_admin [25/Jun/2026:17:57:08 -0400] "POST /wp-json/wp/v2/posts HTTP/1.1" 201 34668 "-" "Mozilla/5.0 (Windows NT 10.0; Win64; x64) AppleWebKit/537.36 (KHTML, like Gecko) Chrome/122.0.0.0 Safari/537.36"
66.29.146.164 - - [25/Jun/2026:17:57:09 -0400] "POST /wp-cron.php?doing_wp_cron=1782424629.4347679615020751953125 HTTP/1.1" 200 0 "-" "WordPress/7.0; https://www.auresexpress.com"
91.225.36.98 - wp_default_admin [25/Jun/2026:17:57:09 -0400] "POST /wp-json/wp/v2/posts HTTP/1.1" 201 41717 "-" "Mozilla/5.0 (Windows NT 10.0; Win64; x64) AppleWebKit/537.36 (KHTML, like Gecko) Chrome/122.0.0.0 Safari/537.36"
91.225.36.98 - wp_default_admin [25/Jun/2026:17:57:09 -0400] "POST /wp-json/wp/v2/posts HTTP/1.1" 201 36285 "-" "Mozilla/5.0 (Windows NT 10.0; Win64; x64) AppleWebKit/537.36 (KHTML, like Gecko) Chrome/122.0.0.0 Safari/537.36"
91.225.36.98 - wp_default_admin [25/Jun/2026:17:57:10 -0400] "POST /wp-json/wp/v2/posts HTTP/1.1" 201 50071 "-" "Mozilla/5.0 (Windows NT 10.0; Win64; x64) AppleWebKit/537.36 (KHTML, like Gecko) Chrome/122.0.0.0 Safari/537.36"
66.29.146.164 - - [25/Jun/2026:17:57:10 -0400] "POST /wp-cron.php?doing_wp_cron=1782424630.8980410099029541015625 HTTP/1.1" 200 0 "-" "WordPress/7.0; https://www.auresexpress.com"
91.225.36.98 - wp_default_admin [25/Jun/2026:17:57:10 -0400] "POST /wp-json/wp/v2/posts HTTP/1.1" 201 29926 "-" "Mozilla/5.0 (Windows NT 10.0; Win64; x64) AppleWebKit/537.36 (KHTML, like Gecko) Chrome/122.0.0.0 Safari/537.36"
91.225.36.98 - wp_default_admin [25/Jun/2026:17:57:11 -0400] "POST /wp-json/wp/v2/posts HTTP/1.1" 201 31409 "-" "Mozilla/5.0 (Windows NT 10.0; Win64; x64) AppleWebKit/537.36 (KHTML, like Gecko) Chrome/122.0.0.0 Safari/537.36"
91.225.36.98 - wp_default_admin [25/Jun/2026:17:57:11 -0400] "POST /wp-json/wp/v2/posts HTTP/1.1" 201 37198 "-" "Mozilla/5.0 (Windows NT 10.0; Win64; x64) AppleWebKit/537.36 (KHTML, like Gecko) Chrome/122.0.0.0 Safari/537.36"
91.225.36.98 - wp_default_admin [25/Jun/2026:17:57:11 -0400] "POST /wp-json/wp/v2/posts HTTP/1.1" 201 26370 "-" "Mozilla/5.0 (Windows NT 10.0; Win64; x64) AppleWebKit/537.36 (KHTML, like Gecko) Chrome/122.0.0.0 Safari/537.36"
66.29.146.164 - - [25/Jun/2026:18:09:41 -0400] "POST /wp-cron.php?doing_wp_cron=1782425381.1035239696502685546875 HTTP/1.1" 200 0 "-" "WordPress/7.0; https://www.auresexpress.com"
104.43.131.157 - - [25/Jun/2026:18:09:40 -0400] "GET /wp-content/plugins/hellopress/wp_filemanager.php HTTP/1.1" 301 0 "-" "-"
104.43.131.157 - - [25/Jun/2026:18:09:41 -0400] "GET /wp-content/plugins/hellopress/wp_filemanager.php HTTP/1.1" 404 66130 "-" "-"
104.43.131.157 - - [25/Jun/2026:18:09:41 -0400] "GET /this_is_a_new_hello_world.php HTTP/1.1" 301 0 "-" "-"
104.43.131.157 - - [25/Jun/2026:18:09:41 -0400] "GET /this_is_a_new_hello_world.php HTTP/1.1" 404 66130 "-" "-"
104.43.131.157 - - [25/Jun/2026:18:09:42 -0400] "GET /get.php HTTP/1.1" 301 0 "-" "-"
104.43.131.157 - - [25/Jun/2026:18:09:42 -0400] "GET /get.php HTTP/1.1" 404 66130 "-" "-"
104.43.131.157 - - [25/Jun/2026:18:09:42 -0400] "GET /mosty.php HTTP/1.1" 301 0 "-" "-"
104.43.131.157 - - [25/Jun/2026:18:09:42 -0400] "GET /mosty.php HTTP/1.1" 404 66130 "-" "-"
104.43.131.157 - - [25/Jun/2026:18:09:43 -0400] "GET /mac.php HTTP/1.1" 301 0 "-" "-"
104.43.131.157 - - [25/Jun/2026:18:09:43 -0400] "GET /mac.php HTTP/1.1" 404 66130 "-" "-"
104.43.131.157 - - [25/Jun/2026:18:09:43 -0400] "GET /k.php HTTP/1.1" 301 0 "-" "-"
104.43.131.157 - - [25/Jun/2026:18:09:43 -0400] "GET /k.php HTTP/1.1" 404 66130 "-" "-"
104.43.131.157 - - [25/Jun/2026:18:09:44 -0400] "GET /file.php HTTP/1.1" 301 0 "-" "-"
104.43.131.157 - - [25/Jun/2026:18:09:44 -0400] "GET /file.php HTTP/1.1" 404 66130 "-" "-"
104.43.131.157 - - [25/Jun/2026:18:09:44 -0400] "GET /ws.php HTTP/1.1" 301 0 "-" "-"
104.43.131.157 - - [25/Jun/2026:18:09:44 -0400] "GET /ws.php HTTP/1.1" 404 66130 "-" "-"
104.43.131.157 - - [25/Jun/2026:18:09:44 -0400] "GET /error_log.php HTTP/1.1" 301 0 "-" "-"
104.43.131.157 - - [25/Jun/2026:18:09:44 -0400] "GET /error_log.php HTTP/1.1" 404 66130 "-" "-"
104.43.131.157 - - [25/Jun/2026:18:09:45 -0400] "GET /minify.php HTTP/1.1" 301 0 "-" "-"
104.43.131.157 - - [25/Jun/2026:18:09:45 -0400] "GET /minify.php HTTP/1.1" 404 66130 "-" "-"
104.43.131.157 - - [25/Jun/2026:18:09:45 -0400] "GET /wp-blog.php HTTP/1.1" 301 0 "-" "-"
104.43.131.157 - - [25/Jun/2026:18:09:45 -0400] "GET /wp-blog.php HTTP/1.1" 404 66130 "-" "-"
104.43.131.157 - - [25/Jun/2026:18:09:46 -0400] "GET /file5.php HTTP/1.1" 301 0 "-" "-"
104.43.131.157 - - [25/Jun/2026:18:09:46 -0400] "GET /file5.php HTTP/1.1" 404 66130 "-" "-"
104.43.131.157 - - [25/Jun/2026:18:09:46 -0400] "GET /222.php HTTP/1.1" 301 0 "-" "-"
104.43.131.157 - - [25/Jun/2026:18:09:46 -0400] "GET /222.php HTTP/1.1" 404 66130 "-" "-"
104.43.131.157 - - [25/Jun/2026:18:09:46 -0400] "GET /gmo.php HTTP/1.1" 301 0 "-" "-"
104.43.131.157 - - [25/Jun/2026:18:09:46 -0400] "GET /gmo.php HTTP/1.1" 404 66130 "-" "-"
104.43.131.157 - - [25/Jun/2026:18:09:47 -0400] "GET /wp-lamburg.php HTTP/1.1" 301 0 "-" "-"
104.43.131.157 - - [25/Jun/2026:18:09:47 -0400] "GET /wp-lamburg.php HTTP/1.1" 404 66130 "-" "-"
104.43.131.157 - - [25/Jun/2026:18:09:47 -0400] "GET /anisogamete.php?p= HTTP/1.1" 301 0 "-" "-"
104.43.131.157 - - [25/Jun/2026:18:09:47 -0400] "GET /anisogamete.php HTTP/1.1" 404 66130 "-" "-"
104.43.131.157 - - [25/Jun/2026:18:09:47 -0400] "GET /ty.php?p= HTTP/1.1" 301 0 "-" "-"
104.43.131.157 - - [25/Jun/2026:18:09:47 -0400] "GET /ty.php HTTP/1.1" 404 66130 "-" "-"
104.43.131.157 - - [25/Jun/2026:18:09:48 -0400] "GET /aq.php HTTP/1.1" 301 0 "-" "-"
104.43.131.157 - - [25/Jun/2026:18:09:48 -0400] "GET /aq.php HTTP/1.1" 404 66130 "-" "-"
104.43.131.157 - - [25/Jun/2026:18:09:48 -0400] "GET /z60.php?p= HTTP/1.1" 301 0 "-" "-"
104.43.131.157 - - [25/Jun/2026:18:09:48 -0400] "GET /z60.php HTTP/1.1" 404 66130 "-" "-"
104.43.131.157 - - [25/Jun/2026:18:09:48 -0400] "GET /filemanger2.php HTTP/1.1" 301 0 "-" "-"
104.43.131.157 - - [25/Jun/2026:18:09:48 -0400] "GET /filemanger2.php HTTP/1.1" 404 66130 "-" "-"
104.43.131.157 - - [25/Jun/2026:18:09:49 -0400] "GET /manager.php HTTP/1.1" 301 0 "-" "-"
104.43.131.157 - - [25/Jun/2026:18:09:49 -0400] "GET /manager.php HTTP/1.1" 404 66130 "-" "-"
104.43.131.157 - - [25/Jun/2026:18:09:49 -0400] "GET /classwithtostring.php HTTP/1.1" 301 0 "-" "-"
104.43.131.157 - - [25/Jun/2026:18:09:49 -0400] "GET /classwithtostring.php HTTP/1.1" 404 66130 "-" "-"
104.43.131.157 - - [25/Jun/2026:18:09:49 -0400] "GET /xa.php HTTP/1.1" 301 0 "-" "-"
104.43.131.157 - - [25/Jun/2026:18:09:50 -0400] "GET /xa.php HTTP/1.1" 404 66130 "-" "-"
104.43.131.157 - - [25/Jun/2026:18:09:50 -0400] "GET /.well-known/index.php HTTP/1.1" 301 0 "-" "-"
104.43.131.157 - - [25/Jun/2026:18:09:50 -0400] "GET /.well-known/ HTTP/1.1" 403 1242 "-" "-"
104.43.131.157 - - [25/Jun/2026:18:09:50 -0400] "GET /file18.php HTTP/1.1" 301 0 "-" "-"
104.43.131.157 - - [25/Jun/2026:18:09:50 -0400] "GET /file18.php HTTP/1.1" 404 66130 "-" "-"
104.43.131.157 - - [25/Jun/2026:18:09:50 -0400] "GET /chosen.php?p= HTTP/1.1" 301 0 "-" "-"
104.43.131.157 - - [25/Jun/2026:18:09:50 -0400] "GET /chosen.php HTTP/1.1" 404 66130 "-" "-"
104.43.131.157 - - [25/Jun/2026:18:09:51 -0400] "GET /admin.php HTTP/1.1" 301 0 "-" "-"
104.43.131.157 - - [25/Jun/2026:18:09:51 -0400] "GET /admin.php HTTP/1.1" 404 66130 "-" "-"
104.43.131.157 - - [25/Jun/2026:18:09:51 -0400] "GET /simple.php HTTP/1.1" 301 0 "-" "-"
104.43.131.157 - - [25/Jun/2026:18:09:51 -0400] "GET /simple.php HTTP/1.1" 404 66130 "-" "-"
172.213.18.15 - - [25/Jun/2026:18:13:20 -0400] "GET /wp-content/plugins/hellopress/wp_filemanager.php HTTP/1.1" 301 0 "-" "-"
43.155.26.193 - - [25/Jun/2026:18:29:46 -0400] "GET /2023/04/12/hello-world/?replytocom=1 HTTP/1.1" 200 22282 "-" "Mozilla/5.0 (iPhone; CPU iPhone OS 13_2_3 like Mac OS X) AppleWebKit/605.1.15 (KHTML, like Gecko) Version/13.0.3 Mobile/15E148 Safari/604.1"
66.29.146.164 - - [25/Jun/2026:18:31:20 -0400] "GET / HTTP/1.1" 200 41422 "-" "Mozilla/5.0 (Windows NT 10.0; Win64; x64; rv:122.0) Gecko/20100101 Firefox/122.0"
185.191.171.18 - - [25/Jun/2026:18:36:06 -0400] "GET /robots.txt HTTP/1.1" 200 114 "-" "Mozilla/5.0 (compatible; SemrushBot/7~bl; +http://www.semrush.com/bot.html)"
185.191.171.13 - - [25/Jun/2026:18:36:08 -0400] "GET /2026/05/29/welche-client-affirm-options-are-available-_-germany-collect-bonus-paradise8-casino-de/ HTTP/1.1" 200 25972 "-" "Mozilla/5.0 (compatible; SemrushBot/7~bl; +http://www.semrush.com/bot.html)"
114.119.137.105 - - [25/Jun/2026:18:38:55 -0400] "GET /robots.txt HTTP/1.1" 200 98 "https://www.auresexpress.com/robots.txt" "Mozilla/5.0 (Windows NT 10.0; Win64; x64) AppleWebKit/537.36 (KHTML, like Gecko) Chrome/148.0.0.0 Safari/537.36"
119.28.89.249 - - [25/Jun/2026:18:51:38 -0400] "GET /2023/04/12/hello-world/?replytocom=100 HTTP/1.1" 200 22285 "-" "Mozilla/5.0 (iPhone; CPU iPhone OS 13_2_3 like Mac OS X) AppleWebKit/605.1.15 (KHTML, like Gecko) Version/13.0.3 Mobile/15E148 Safari/604.1"
185.191.171.2 - - [25/Jun/2026:18:55:03 -0400] "GET /2026/05/30/valkommen-ersattning-for-roman-rollspelare-casino-flax-svenska-republiken-claim-bonus/ HTTP/1.1" 200 28390 "-" "Mozilla/5.0 (compatible; SemrushBot/7~bl; +http://www.semrush.com/bot.html)"
85.208.96.212 - - [25/Jun/2026:18:55:23 -0400] "GET /2026/05/30/sein-poneclub-cassino-sichern-und-lizenziert-de-enjoy-the-game-casino-arlequin/ HTTP/1.1" 200 26369 "-" "Mozilla/5.0 (compatible; SemrushBot/7~bl; +http://www.semrush.com/bot.html)"
40.77.167.42 - - [25/Jun/2026:18:58:47 -0400] "GET /2026/05/10/zapis-proces-fizyczny-i-wynik-ustawienie-pl-play-claim-casinia-casino/ HTTP/1.1" 200 23760 "-" "Mozilla/5.0 AppleWebKit/537.36 (KHTML, like Gecko; compatible; bingbot/2.0; +http://www.bing.com/bingbot.htm) Chrome/116.0.1938.76 Safari/537.36"
2.58.56.23 - - [25/Jun/2026:19:07:31 -0400] "GET /wp-content/themes/seotheme/db.php?u HTTP/1.1" 301 0 "www.google.com" "Mozlila/5.0 (Linux; Android 7.0; SM-G892A Bulid/NRD90M; wv) AppleWebKit/537.36 (KHTML, like Gecko) Version/4.0 Chrome/60.0.3112.107 Moblie Safari/537.36"
2.58.56.23 - - [25/Jun/2026:19:07:31 -0400] "GET / HTTP/1.1" 301 0 "-" "Mozlila/5.0 (Linux; Android 7.0; SM-G892A Bulid/NRD90M; wv) AppleWebKit/537.36 (KHTML, like Gecko) Version/4.0 Chrome/60.0.3112.107 Moblie Safari/537.36"
66.29.146.164 - - [25/Jun/2026:19:07:32 -0400] "POST /wp-cron.php?doing_wp_cron=1782428852.3923659324645996093750 HTTP/1.1" 200 0 "-" "WordPress/7.0; https://www.auresexpress.com"
2.58.56.23 - - [25/Jun/2026:19:07:31 -0400] "GET /wp-content/plugins/fix/up.php HTTP/1.1" 301 0 "-" "Mozilla/5.0 (Windows NT 10.0; Win64; x64) AppleWebKit/537.36 (KHTML, like Gecko) Chrome/85.0.4183.102 Safari/537.36"
2.58.56.23 - - [25/Jun/2026:19:07:31 -0400] "POST /wp-plain.php HTTP/1.1" 404 66130 "www.google.com" "Mozilla/5.0 (Linux; Android 7.0; SM-G892A Bulid/NRD90M; wv) AppleWebKit/537.36 (KHTML, like Gecko) Version/4.0 Chrome/60.0.3112.107 Moblie Safari/537.36"
2.58.56.23 - - [25/Jun/2026:19:07:33 -0400] "GET /wp-content/themes/seotheme/db.php?u HTTP/1.1" 404 66130 "www.google.com" "Mozlila/5.0 (Linux; Android 7.0; SM-G892A Bulid/NRD90M; wv) AppleWebKit/537.36 (KHTML, like Gecko) Version/4.0 Chrome/60.0.3112.107 Moblie Safari/537.36"
2.58.56.23 - - [25/Jun/2026:19:07:33 -0400] "GET /yerrcqbt.php?Fox=d3wL7 HTTP/1.1" 301 0 "www.google.com" "Mozilla/5.0 (Linux; Android 7.0; SM-G892A Bulid/NRD90M; wv) AppleWebKit/537.36 (KHTML, like Gecko) Version/4.0 Chrome/60.0.3112.107 Moblie Safari/537.36"
2.58.56.23 - - [25/Jun/2026:19:07:33 -0400] "GET /wp-content/plugins/fix/up.php HTTP/1.1" 404 66130 "-" "Mozilla/5.0 (Windows NT 10.0; Win64; x64) AppleWebKit/537.36 (KHTML, like Gecko) Chrome/85.0.4183.102 Safari/537.36"
2.58.56.23 - - [25/Jun/2026:19:07:33 -0400] "GET / HTTP/1.1" 200 41422 "-" "Mozlila/5.0 (Linux; Android 7.0; SM-G892A Bulid/NRD90M; wv) AppleWebKit/537.36 (KHTML, like Gecko) Version/4.0 Chrome/60.0.3112.107 Moblie Safari/537.36"
2.58.56.23 - - [25/Jun/2026:19:07:33 -0400] "GET /wp-content/plugins/apikey/apikey.php?test=hello HTTP/1.1" 404 66130 "-" "Mozlila/5.0 (Linux; Android 7.0; SM-G892A Bulid/NRD90M; wv) AppleWebKit/537.36 (KHTML, like Gecko) Version/4.0 Chrome/60.0.3112.107 Moblie Safari/537.36"
2.58.56.23 - - [25/Jun/2026:19:07:33 -0400] "GET /wp-content/themes/seotheme/db.php?u HTTP/1.1" 301 0 "www.google.com" "Mozlila/5.0 (Linux; Android 7.0; SM-G892A Bulid/NRD90M; wv) AppleWebKit/537.36 (KHTML, like Gecko) Version/4.0 Chrome/60.0.3112.107 Moblie Safari/537.36"
2.58.56.23 - - [25/Jun/2026:19:07:33 -0400] "GET /yerrcqbt.php?Fox=d3wL7 HTTP/1.1" 404 66130 "www.google.com" "Mozilla/5.0 (Linux; Android 7.0; SM-G892A Bulid/NRD90M; wv) AppleWebKit/537.36 (KHTML, like Gecko) Version/4.0 Chrome/60.0.3112.107 Moblie Safari/537.36"
2.58.56.23 - - [25/Jun/2026:19:07:33 -0400] "GET /wp-content/themes/seotheme/db.php?u HTTP/1.1" 404 66130 "www.google.com" "Mozlila/5.0 (Linux; Android 7.0; SM-G892A Bulid/NRD90M; wv) AppleWebKit/537.36 (KHTML, like Gecko) Version/4.0 Chrome/60.0.3112.107 Moblie Safari/537.36"
2.58.56.23 - - [25/Jun/2026:19:07:34 -0400] "GET /plugins/content/apismtp/apismtp.php?test=hello HTTP/1.1" 404 66130 "-" "Mozlila/5.0 (Linux; Android 7.0; SM-G892A Bulid/NRD90M; wv) AppleWebKit/537.36 (KHTML, like Gecko) Version/4.0 Chrome/60.0.3112.107 Moblie Safari/537.36"
2.58.56.23 - - [25/Jun/2026:19:07:34 -0400] "GET /wp-content/plugins/apikey/apikey.php.suspected?test=hello HTTP/1.1" 404 66130 "-" "Mozlila/5.0 (Linux; Android 7.0; SM-G892A Bulid/NRD90M; wv) AppleWebKit/537.36 (KHTML, like Gecko) Version/4.0 Chrome/60.0.3112.107 Moblie Safari/537.36"
2.58.56.23 - - [25/Jun/2026:19:07:35 -0400] "GET /plugins/content/apismtp/apismtp.php.suspected?test=hello HTTP/1.1" 404 66130 "-" "Mozlila/5.0 (Linux; Android 7.0; SM-G892A Bulid/NRD90M; wv) AppleWebKit/537.36 (KHTML, like Gecko) Version/4.0 Chrome/60.0.3112.107 Moblie Safari/537.36"
43.157.181.189 - - [25/Jun/2026:19:15:40 -0400] "GET /2023/04/12/hello-world/?replytocom=107 HTTP/1.1" 200 22282 "-" "Mozilla/5.0 (iPhone; CPU iPhone OS 13_2_3 like Mac OS X) AppleWebKit/605.1.15 (KHTML, like Gecko) Version/13.0.3 Mobile/15E148 Safari/604.1"
85.208.96.203 - - [25/Jun/2026:19:21:12 -0400] "GET /category/uncategorized/page/18/ HTTP/1.1" 200 18104 "-" "Mozilla/5.0 (compatible; SemrushBot/7~bl; +http://www.semrush.com/bot.html)"
1.15.52.154 - - [25/Jun/2026:19:23:50 -0400] "GET / HTTP/1.1" 200 10543 "http://www.auresexpress.com" "Mozilla/5.0 (iPhone; CPU iPhone OS 13_2_3 like Mac OS X) AppleWebKit/605.1.15 (KHTML, like Gecko) Version/13.0.3 Mobile/15E148 Safari/604.1"
54.39.210.0 - - [25/Jun/2026:19:28:34 -0400] "GET /robots.txt HTTP/1.1" 200 98 "-" "Mozilla/5.0 (compatible; AhrefsBot/7.0; +http://ahrefs.com/robot/)"
94.23.188.195 - - [25/Jun/2026:19:28:37 -0400] "GET /wp-sitemap.xml HTTP/1.1" 200 190 "-" "Mozilla/5.0 (compatible; AhrefsBot/7.0; +http://ahrefs.com/robot/)"
51.75.236.144 - - [25/Jun/2026:19:28:38 -0400] "GET /wp-sitemap-posts-post-1.xml HTTP/1.1" 200 20713 "-" "Mozilla/5.0 (compatible; AhrefsBot/7.0; +http://ahrefs.com/robot/)"
54.37.118.84 - - [25/Jun/2026:19:28:43 -0400] "GET /wp-sitemap-posts-page-1.xml HTTP/1.1" 200 206 "-" "Mozilla/5.0 (compatible; AhrefsBot/7.0; +http://ahrefs.com/robot/)"
51.68.247.204 - - [25/Jun/2026:19:28:45 -0400] "GET /wp-sitemap-taxonomies-category-1.xml HTTP/1.1" 200 159 "-" "Mozilla/5.0 (compatible; AhrefsBot/7.0; +http://ahrefs.com/robot/)"
92.222.108.127 - - [25/Jun/2026:19:28:47 -0400] "GET /wp-sitemap-users-1.xml HTTP/1.1" 200 156 "-" "Mozilla/5.0 (compatible; AhrefsBot/7.0; +http://ahrefs.com/robot/)"
193.148.56.79 - - [25/Jun/2026:19:46:08 -0400] "POST / HTTP/1.1" 200 10553 "-" "python-requests/2.34.2"
43.130.72.40 - - [25/Jun/2026:19:50:53 -0400] "GET /2023/04/12/hello-world/?replytocom=108 HTTP/1.1" 200 22285 "-" "Mozilla/5.0 (iPhone; CPU iPhone OS 13_2_3 like Mac OS X) AppleWebKit/605.1.15 (KHTML, like Gecko) Version/13.0.3 Mobile/15E148 Safari/604.1"
66.29.146.164 - - [25/Jun/2026:20:05:12 -0400] "POST /wp-cron.php?doing_wp_cron=1782432312.8589510917663574218750 HTTP/1.1" 200 0 "-" "WordPress/7.0; https://www.auresexpress.com"
91.225.36.98 - wp_default_admin [25/Jun/2026:20:05:11 -0400] "POST /wp-json/wp/v2/posts HTTP/1.1" 201 50818 "-" "Mozilla/5.0 (Windows NT 10.0; Win64; x64) AppleWebKit/537.36 (KHTML, like Gecko) Chrome/122.0.0.0 Safari/537.36"
66.29.146.164 - - [25/Jun/2026:20:05:13 -0400] "POST /wp-cron.php?doing_wp_cron=1782432313.6577301025390625000000 HTTP/1.1" 200 0 "-" "WordPress/7.0; https://www.auresexpress.com"
91.225.36.98 - wp_default_admin [25/Jun/2026:20:05:13 -0400] "POST /wp-json/wp/v2/posts HTTP/1.1" 201 67380 "-" "Mozilla/5.0 (Windows NT 10.0; Win64; x64) AppleWebKit/537.36 (KHTML, like Gecko) Chrome/122.0.0.0 Safari/537.36"
66.29.146.164 - - [25/Jun/2026:20:05:14 -0400] "POST /wp-cron.php?doing_wp_cron=1782432314.2711710929870605468750 HTTP/1.1" 200 0 "-" "WordPress/7.0; https://www.auresexpress.com"
91.225.36.98 - wp_default_admin [25/Jun/2026:20:05:14 -0400] "POST /wp-json/wp/v2/posts HTTP/1.1" 201 42239 "-" "Mozilla/5.0 (Windows NT 10.0; Win64; x64) AppleWebKit/537.36 (KHTML, like Gecko) Chrome/122.0.0.0 Safari/537.36"
91.225.36.98 - wp_default_admin [25/Jun/2026:20:05:14 -0400] "POST /wp-json/wp/v2/posts HTTP/1.1" 201 42012 "-" "Mozilla/5.0 (Windows NT 10.0; Win64; x64) AppleWebKit/537.36 (KHTML, like Gecko) Chrome/122.0.0.0 Safari/537.36"
91.225.36.98 - wp_default_admin [25/Jun/2026:20:05:14 -0400] "POST /wp-json/wp/v2/posts HTTP/1.1" 201 44145 "-" "Mozilla/5.0 (Windows NT 10.0; Win64; x64) AppleWebKit/537.36 (KHTML, like Gecko) Chrome/122.0.0.0 Safari/537.36"
91.225.36.98 - wp_default_admin [25/Jun/2026:20:05:15 -0400] "POST /wp-json/wp/v2/posts HTTP/1.1" 201 36213 "-" "Mozilla/5.0 (Windows NT 10.0; Win64; x64) AppleWebKit/537.36 (KHTML, like Gecko) Chrome/122.0.0.0 Safari/537.36"
91.225.36.98 - wp_default_admin [25/Jun/2026:20:05:15 -0400] "POST /wp-json/wp/v2/posts HTTP/1.1" 201 36161 "-" "Mozilla/5.0 (Windows NT 10.0; Win64; x64) AppleWebKit/537.36 (KHTML, like Gecko) Chrome/122.0.0.0 Safari/537.36"
91.225.36.98 - wp_default_admin [25/Jun/2026:20:05:16 -0400] "POST /wp-json/wp/v2/posts HTTP/1.1" 201 35383 "-" "Mozilla/5.0 (Windows NT 10.0; Win64; x64) AppleWebKit/537.36 (KHTML, like Gecko) Chrome/122.0.0.0 Safari/537.36"
91.225.36.98 - wp_default_admin [25/Jun/2026:20:05:16 -0400] "POST /wp-json/wp/v2/posts HTTP/1.1" 201 34623 "-" "Mozilla/5.0 (Windows NT 10.0; Win64; x64) AppleWebKit/537.36 (KHTML, like Gecko) Chrome/122.0.0.0 Safari/537.36"
66.29.146.164 - - [25/Jun/2026:20:21:21 -0400] "POST /wp-cron.php?doing_wp_cron=1782433281.3804779052734375000000 HTTP/1.1" 200 0 "-" "WordPress/7.0; https://www.auresexpress.com"
43.157.43.147 - - [25/Jun/2026:20:21:20 -0400] "GET /2023/04/12/hello-world/ HTTP/1.1" 200 22237 "-" "Mozilla/5.0 (iPhone; CPU iPhone OS 13_2_3 like Mac OS X) AppleWebKit/605.1.15 (KHTML, like Gecko) Version/13.0.3 Mobile/15E148 Safari/604.1"
85.208.96.207 - - [25/Jun/2026:20:21:26 -0400] "GET /robots.txt HTTP/1.1" 200 114 "-" "Mozilla/5.0 (compatible; SemrushBot/7~bl; +http://www.semrush.com/bot.html)"
85.208.96.208 - - [25/Jun/2026:20:21:27 -0400] "GET /2026/05/30/license-and-histrion-shelter-commonwealth-of-australia-get-started-casino-vegastars/ HTTP/1.1" 200 22802 "-" "Mozilla/5.0 (compatible; SemrushBot/7~bl; +http://www.semrush.com/bot.html)"
114.119.154.67 - - [25/Jun/2026:20:26:53 -0400] "GET /2026/06/25/nutzen-sie-ihre-bevorzugten-wallets-mit-0-provision-_-europaische-region-play-claim-sg/ HTTP/1.1" 200 23843 "https://www.auresexpress.com/category/uncategorized/" "Mozilla/5.0 (Linux; Android 7.0;) AppleWebKit/537.36 (HTML, like Gecko) Mobile Safari/537.36 (compatible; PetalBot;+https://webmaster.petalsearch.com/site/petalbot)"
85.208.96.201 - - [25/Jun/2026:20:37:09 -0400] "GET /2026/05/29/igralnica-energy-slovenia-start-playing-amunra-casino/ HTTP/1.1" 200 30090 "-" "Mozilla/5.0 (compatible; SemrushBot/7~bl; +http://www.semrush.com/bot.html)"
54.37.118.87 - - [25/Jun/2026:20:49:11 -0400] "GET /wp-sitemap.xml HTTP/1.1" 200 190 "-" "Mozilla/5.0 (compatible; AhrefsBot/7.0; +http://ahrefs.com/robot/)"
176.31.139.8 - - [25/Jun/2026:20:49:14 -0400] "GET /wp-sitemap-posts-post-1.xml HTTP/1.1" 200 21084 "-" "Mozilla/5.0 (compatible; AhrefsBot/7.0; +http://ahrefs.com/robot/)"
5.39.1.253 - - [25/Jun/2026:20:49:16 -0400] "GET /wp-sitemap-posts-page-1.xml HTTP/1.1" 200 206 "-" "Mozilla/5.0 (compatible; AhrefsBot/7.0; +http://ahrefs.com/robot/)"
92.222.104.213 - - [25/Jun/2026:20:49:18 -0400] "GET /wp-sitemap-taxonomies-category-1.xml HTTP/1.1" 200 159 "-" "Mozilla/5.0 (compatible; AhrefsBot/7.0; +http://ahrefs.com/robot/)"
54.37.118.64 - - [25/Jun/2026:20:49:54 -0400] "GET /wp-sitemap-users-1.xml HTTP/1.1" 200 156 "-" "Mozilla/5.0 (compatible; AhrefsBot/7.0; +http://ahrefs.com/robot/)"
43.133.66.51 - - [25/Jun/2026:20:53:42 -0400] "GET /2023/04/12/hello-world/?replytocom=99 HTTP/1.1" 200 22281 "-" "Mozilla/5.0 (iPhone; CPU iPhone OS 13_2_3 like Mac OS X) AppleWebKit/605.1.15 (KHTML, like Gecko) Version/13.0.3 Mobile/15E148 Safari/604.1"
114.119.137.105 - - [25/Jun/2026:20:57:19 -0400] "GET /2025/10/20/giovani-libri-e-bankroll-divertimento-sicuro-nei-casino-online/ HTTP/1.1" 200 21298 "https://www.auresexpress.com/2025/10/20/giovani-libri-e-bankroll-divertimento-sicuro-nei-casino-online/" "Mozilla/5.0 (Linux; Android 7.0;) AppleWebKit/537.36 (HTML, like Gecko) Mobile Safari/537.36 (compatible; PetalBot;+https://webmaster.petalsearch.com/site/petalbot)"
40.77.167.101 - - [25/Jun/2026:20:57:38 -0400] "GET /robots.txt HTTP/1.1" 200 98 "-" "Mozilla/5.0 AppleWebKit/537.36 (KHTML, like Gecko; compatible; bingbot/2.0; +http://www.bing.com/bingbot.htm) Chrome/116.0.1938.76 Safari/537.36"
40.77.167.101 - - [25/Jun/2026:20:57:38 -0400] "GET /robots.txt HTTP/1.1" 200 98 "-" "Mozilla/5.0 AppleWebKit/537.36 (KHTML, like Gecko; compatible; bingbot/2.0; +http://www.bing.com/bingbot.htm) Chrome/116.0.1938.76 Safari/537.36"
207.46.13.150 - - [25/Jun/2026:20:57:45 -0400] "GET /2026/05/11/lauta-juoni-ja-kuuma-kauppias-vaihtoehdot-finland-get-started-lumo-online-casino/ HTTP/1.1" 200 23132 "-" "Mozilla/5.0 AppleWebKit/537.36 (KHTML, like Gecko; compatible; bingbot/2.0; +http://www.bing.com/bingbot.htm) Chrome/116.0.1938.76 Safari/537.36"
66.29.146.164 - - [25/Jun/2026:21:15:39 -0400] "POST /wp-cron.php?doing_wp_cron=1782436539.5787909030914306640625 HTTP/1.1" 200 0 "-" "WordPress/7.0; https://www.auresexpress.com"
114.119.129.50 - - [25/Jun/2026:21:15:38 -0400] "GET /2026/06/24/hvilke-sak-av-plott-forarsaker-ttjl-kasino-by-norway-register-win-highroller-online-casino/ HTTP/1.1" 200 22957 "https://www.auresexpress.com/category/uncategorized/" "Mozilla/5.0 (Linux; Android 7.0;) AppleWebKit/537.36 (HTML, like Gecko) Mobile Safari/537.36 (compatible; PetalBot;+https://webmaster.petalsearch.com/site/petalbot)"
114.119.145.169 - - [25/Jun/2026:21:17:02 -0400] "GET /2026/05/12/trusted-ultrapanda-casino-provides-daily-login-bonuses-comicplay-online-casino-commonwealth-of-australia-play-claim/ HTTP/1.1" 200 22191 "https://www.auresexpress.com/2026/05/12/trusted-ultrapanda-casino-provides-daily-login-bonuses-comicplay-online-casino-commonwealth-of-australia-play-claim/" "Mozilla/5.0 (Linux; Android 7.0;) AppleWebKit/537.36 (HTML, like Gecko) Mobile Safari/537.36 (compatible; PetalBot;+https://webmaster.petalsearch.com/site/petalbot)"
114.119.154.67 - - [25/Jun/2026:21:18:25 -0400] "GET /2026/04/10/jak-optymalnie-zarz-dza-swoim-bud-etem-podczas-gry-w-corgi-bet-casino/ HTTP/1.1" 200 18135 "https://www.auresexpress.com/2026/04/10/jak-optymalnie-zarz-dza-swoim-bud-etem-podczas-gry-w-corgi-bet-casino/" "Mozilla/5.0 (Linux; Android 7.0;) AppleWebKit/537.36 (HTML, like Gecko) Mobile Safari/537.36 (compatible; PetalBot;+https://webmaster.petalsearch.com/site/petalbot)"
124.156.206.145 - - [25/Jun/2026:21:24:28 -0400] "GET /2023/04/12/hello-world/?replytocom=105 HTTP/1.1" 200 22383 "-" "Mozilla/5.0 (iPhone; CPU iPhone OS 13_2_3 like Mac OS X) AppleWebKit/605.1.15 (KHTML, like Gecko) Version/13.0.3 Mobile/15E148 Safari/604.1"
51.89.44.65 - - [25/Jun/2026:21:25:53 -0400] "GET /images/images/cache.php HTTP/1.1" 301 0 "-" "Mozilla/5.0 (X11; Linux x86_64) AppleWebKit/537.36 (KHTML, like Gecko) Chrome/147.0.0.0 Safari/537.36"
51.89.44.65 - - [25/Jun/2026:21:25:55 -0400] "GET /images/images/cache.php HTTP/1.1" 404 66130 "-" "Mozilla/5.0 (X11; Linux x86_64) AppleWebKit/537.36 (KHTML, like Gecko) Chrome/147.0.0.0 Safari/537.36"
51.89.44.65 - - [25/Jun/2026:21:26:02 -0400] "GET /wp-content/plugins/wp-security-audit-log/css/admin-notices.css HTTP/1.1" 301 0 "-" "Mozilla/5.0 (X11; Linux x86_64) AppleWebKit/537.36 (KHTML, like Gecko) Chrome/148.0.0.0 Safari/537.36"
51.89.44.65 - - [25/Jun/2026:21:26:02 -0400] "GET /wp-content/plugins/wp-security-audit-log/css/admin-notices.css HTTP/1.1" 404 66130 "-" "Mozilla/5.0 (X11; Linux x86_64) AppleWebKit/537.36 (KHTML, like Gecko) Chrome/148.0.0.0 Safari/537.36"
51.68.107.138 - - [25/Jun/2026:21:39:12 -0400] "GET /robots.txt HTTP/1.1" 301 0 "-" "Mozilla/5.0 (compatible; MJ12bot/v2.0.5; http://mj12bot.com/)"
51.68.107.138 - - [25/Jun/2026:21:39:13 -0400] "GET /robots.txt HTTP/1.1" 200 98 "-" "Mozilla/5.0 (compatible; MJ12bot/v2.0.5; http://mj12bot.com/)"
51.68.107.138 - - [25/Jun/2026:21:39:13 -0400] "GET / HTTP/1.1" 301 0 "-" "Mozilla/5.0 (compatible; MJ12bot/v2.0.5; http://mj12bot.com/)"
51.68.107.138 - - [25/Jun/2026:21:39:14 -0400] "GET / HTTP/1.1" 200 9604 "-" "Mozilla/5.0 (compatible; MJ12bot/v2.0.5; http://mj12bot.com/)"
51.68.107.138 - - [25/Jun/2026:21:39:14 -0400] "GET / HTTP/1.1" 301 0 "-" "Mozilla/5.0 (compatible; MJ12bot/v2.0.5; http://mj12bot.com/)"
51.68.107.138 - - [25/Jun/2026:21:39:15 -0400] "GET / HTTP/1.1" 200 9604 "-" "Mozilla/5.0 (compatible; MJ12bot/v2.0.5; http://mj12bot.com/)"
66.29.146.164 - - [25/Jun/2026:21:49:29 -0400] "POST /wp-cron.php?doing_wp_cron=1782438569.3037369251251220703125 HTTP/1.1" 200 0 "-" "WordPress/7.0; https://www.auresexpress.com"
91.225.36.98 - wp_default_admin [25/Jun/2026:21:49:28 -0400] "POST /wp-json/wp/v2/posts HTTP/1.1" 201 37674 "-" "Mozilla/5.0 (Windows NT 10.0; Win64; x64) AppleWebKit/537.36 (KHTML, like Gecko) Chrome/122.0.0.0 Safari/537.36"
91.225.36.98 - wp_default_admin [25/Jun/2026:21:49:29 -0400] "POST /wp-json/wp/v2/posts HTTP/1.1" 201 25279 "-" "Mozilla/5.0 (Windows NT 10.0; Win64; x64) AppleWebKit/537.36 (KHTML, like Gecko) Chrome/122.0.0.0 Safari/537.36"
91.225.36.98 - wp_default_admin [25/Jun/2026:21:49:30 -0400] "POST /wp-json/wp/v2/posts HTTP/1.1" 201 34460 "-" "Mozilla/5.0 (Windows NT 10.0; Win64; x64) AppleWebKit/537.36 (KHTML, like Gecko) Chrome/122.0.0.0 Safari/537.36"
91.225.36.98 - wp_default_admin [25/Jun/2026:21:49:30 -0400] "POST /wp-json/wp/v2/posts HTTP/1.1" 201 36148 "-" "Mozilla/5.0 (Windows NT 10.0; Win64; x64) AppleWebKit/537.36 (KHTML, like Gecko) Chrome/122.0.0.0 Safari/537.36"
91.225.36.98 - wp_default_admin [25/Jun/2026:21:49:30 -0400] "POST /wp-json/wp/v2/posts HTTP/1.1" 201 26657 "-" "Mozilla/5.0 (Windows NT 10.0; Win64; x64) AppleWebKit/537.36 (KHTML, like Gecko) Chrome/122.0.0.0 Safari/537.36"
91.225.36.98 - wp_default_admin [25/Jun/2026:21:49:31 -0400] "POST /wp-json/wp/v2/posts HTTP/1.1" 201 26577 "-" "Mozilla/5.0 (Windows NT 10.0; Win64; x64) AppleWebKit/537.36 (KHTML, like Gecko) Chrome/122.0.0.0 Safari/537.36"
66.29.146.164 - - [25/Jun/2026:21:49:31 -0400] "POST /wp-cron.php?doing_wp_cron=1782438571.5763530731201171875000 HTTP/1.1" 200 0 "-" "WordPress/7.0; https://www.auresexpress.com"
91.225.36.98 - wp_default_admin [25/Jun/2026:21:49:31 -0400] "POST /wp-json/wp/v2/posts HTTP/1.1" 201 38340 "-" "Mozilla/5.0 (Windows NT 10.0; Win64; x64) AppleWebKit/537.36 (KHTML, like Gecko) Chrome/122.0.0.0 Safari/537.36"
91.225.36.98 - wp_default_admin [25/Jun/2026:21:49:31 -0400] "POST /wp-json/wp/v2/posts HTTP/1.1" 201 25246 "-" "Mozilla/5.0 (Windows NT 10.0; Win64; x64) AppleWebKit/537.36 (KHTML, like Gecko) Chrome/122.0.0.0 Safari/537.36"
91.225.36.98 - wp_default_admin [25/Jun/2026:21:49:32 -0400] "POST /wp-json/wp/v2/posts HTTP/1.1" 201 53268 "-" "Mozilla/5.0 (Windows NT 10.0; Win64; x64) AppleWebKit/537.36 (KHTML, like Gecko) Chrome/122.0.0.0 Safari/537.36"
66.29.146.164 - - [25/Jun/2026:21:55:42 -0400] "POST /wp-cron.php?doing_wp_cron=1782438942.6628530025482177734375 HTTP/1.1" 200 0 "-" "WordPress/7.0; https://www.auresexpress.com"
