{'id': 183207, 'code': 'Y2gQopBX
185.191.171.8 - - [23/Jun/2026:08:10:54 -0400] "GET /products/9223490 HTTP/1.1" 200 5810 "-" "Mozilla/5.0 (compatible; SemrushBot/7~bl; +http://www.semrush.com/bot.html)"
66.249.68.65 - - [23/Jun/2026:08:10:56 -0400] "GET /products/4662145?fileloc=/home/aurelytl/rinzaauto.com/wp-admin/my-sites.php&path=/home/aurelytl/rinzaauto.com/wp-admin HTTP/1.1" 200 5081 "-" "Mozilla/5.0 (Linux; Android 6.0.1; Nexus 5X Build/MMB29P) AppleWebKit/537.36 (KHTML, like Gecko) Chrome/148.0.7778.96 Mobile Safari/537.36 (compatible; GoogleOther)"
66.249.68.65 - - [23/Jun/2026:08:10:57 -0400] "GET /products/2966675?fileloc=//lib64/libibverbs.so.1.14.48.0&path=//lib64 HTTP/1.1" 200 3067 "-" "Mozilla/5.0 (Linux; Android 6.0.1; Nexus 5X Build/MMB29P) AppleWebKit/537.36 (KHTML, like Gecko) Chrome/148.0.7778.96 Mobile Safari/537.36 (compatible; GoogleOther)"
66.249.68.66 - - [23/Jun/2026:08:10:57 -0400] "GET /products/455679909?path=/home HTTP/1.1" 200 3367 "-" "Mozilla/5.0 (Linux; Android 6.0.1; Nexus 5X Build/MMB29P) AppleWebKit/537.36 (KHTML, like Gecko) Chrome/148.0.7778.96 Mobile Safari/537.36 (compatible; GoogleOther)"
54.39.89.156 - - [23/Jun/2026:08:10:58 -0400] "GET /products/460376835 HTTP/1.1" 200 4684 "-" "Mozilla/5.0 (compatible; AhrefsBot/7.0; +http://ahrefs.com/robot/)"
66.249.68.67 - - [23/Jun/2026:08:11:01 -0400] "GET /products/8193235?fileloc=//lib64/libIlmImf-2_2.so.22.0.0&path=//lib64 HTTP/1.1" 200 3069 "-" "Mozilla/5.0 (Linux; Android 6.0.1; Nexus 5X Build/MMB29P) AppleWebKit/537.36 (KHTML, like Gecko) Chrome/148.0.7778.96 Mobile Safari/537.36 (compatible; GoogleOther)"
66.249.68.65 - - [23/Jun/2026:08:11:01 -0400] "GET /products/551875651?path=/home HTTP/1.1" 200 3325 "-" "Mozilla/5.0 (Linux; Android 6.0.1; Nexus 5X Build/MMB29P) AppleWebKit/537.36 (KHTML, like Gecko) Chrome/148.0.7778.96 Mobile Safari/537.36 (compatible; GoogleOther)"
66.249.68.65 - - [23/Jun/2026:08:11:02 -0400] "GET /products/1860948?path=//sbin HTTP/1.1" 200 5147 "-" "Mozilla/5.0 (Linux; Android 6.0.1; Nexus 5X Build/MMB29P) AppleWebKit/537.36 (KHTML, like Gecko) Chrome/148.0.7778.96 Mobile Safari/537.36 (compatible; GoogleOther)"
66.249.68.66 - - [23/Jun/2026:08:11:03 -0400] "GET /products/1356074?fileloc=/home/aurelytl/rinzaauto.com/wp-settings.php&path=/home/aurelytl/rinzaauto.com HTTP/1.1" 200 9644 "-" "Mozilla/5.0 (Linux; Android 6.0.1; Nexus 5X Build/MMB29P) AppleWebKit/537.36 (KHTML, like Gecko) Chrome/148.0.7778.96 Mobile Safari/537.36 (compatible; GoogleOther)"
167.114.139.102 - - [23/Jun/2026:08:11:04 -0400] "GET /products/459175932 HTTP/1.1" 200 4638 "-" "Mozilla/5.0 (compatible; AhrefsBot/7.0; +http://ahrefs.com/robot/)"
66.249.68.66 - - [23/Jun/2026:08:11:06 -0400] "GET /products/2310313?path=/home/aurelytl/.htpasswds HTTP/1.1" 403 1242 "-" "Mozilla/5.0 (Linux; Android 6.0.1; Nexus 5X Build/MMB29P) AppleWebKit/537.36 (KHTML, like Gecko) Chrome/148.0.7778.96 Mobile Safari/537.36 (compatible; GoogleOther)"
185.191.171.18 - - [23/Jun/2026:08:11:07 -0400] "GET /products/76029377 HTTP/1.1" 200 5734 "-" "Mozilla/5.0 (compatible; SemrushBot/7~bl; +http://www.semrush.com/bot.html)"
66.249.68.65 - - [23/Jun/2026:08:11:07 -0400] "GET /products/63093512?fileloc=/home/aurelytl/rinzaauto.com/wp-admin/post-1781095346.php&path=/home/aurelytl/rinzaauto.com/wp-admin HTTP/1.1" 200 3051 "-" "Mozilla/5.0 (Linux; Android 6.0.1; Nexus 5X Build/MMB29P) AppleWebKit/537.36 (KHTML, like Gecko) Chrome/148.0.7778.96 Mobile Safari/537.36 (compatible; GoogleOther)"
66.249.68.65 - - [23/Jun/2026:08:11:08 -0400] "GET /products/462520067?fileloc=//lib64/libomapi.so.0&path=//lib64 HTTP/1.1" 200 3057 "-" "Mozilla/5.0 (Linux; Android 6.0.1; Nexus 5X Build/MMB29P) AppleWebKit/537.36 (KHTML, like Gecko) Chrome/148.0.7778.96 Mobile Safari/537.36 (compatible; GoogleOther)"
51.161.65.250 - - [23/Jun/2026:08:11:08 -0400] "GET /products/45832264 HTTP/1.1" 200 4679 "-" "Mozilla/5.0 (compatible; AhrefsBot/7.0; +http://ahrefs.com/robot/)"
85.208.96.206 - - [23/Jun/2026:08:11:08 -0400] "GET /products/9711513 HTTP/1.1" 200 5819 "-" "Mozilla/5.0 (compatible; SemrushBot/7~bl; +http://www.semrush.com/bot.html)"
66.249.68.66 - - [23/Jun/2026:08:11:10 -0400] "GET /products/511301149?path=/home/aurelytl/.caldav HTTP/1.1" 200 3991 "-" "Mozilla/5.0 (Linux; Android 6.0.1; Nexus 5X Build/MMB29P) AppleWebKit/537.36 (KHTML, like Gecko) Chrome/148.0.7778.96 Mobile Safari/537.36 (compatible; GoogleOther)"
66.249.68.65 - - [23/Jun/2026:08:11:12 -0400] "GET /products/4304395?fileloc=/home/aurelytl/rinzaauto.com/wp-activate.php&path=/home/aurelytl/rinzaauto.com HTTP/1.1" 200 5607 "-" "Mozilla/5.0 (Linux; Android 6.0.1; Nexus 5X Build/MMB29P) AppleWebKit/537.36 (KHTML, like Gecko) Chrome/148.0.7778.96 Mobile Safari/537.36 (compatible; GoogleOther)"
66.249.68.65 - - [23/Jun/2026:08:11:13 -0400] "GET /products/294226572?path=/home HTTP/1.1" 200 3367 "-" "Mozilla/5.0 (Linux; Android 6.0.1; Nexus 5X Build/MMB29P) AppleWebKit/537.36 (KHTML, like Gecko) Chrome/148.0.7778.96 Mobile Safari/537.36 (compatible; GoogleOther)"
66.249.68.65 - - [23/Jun/2026:08:11:13 -0400] "GET /products/2108945?path=/home HTTP/1.1" 200 3367 "-" "Mozilla/5.0 (Linux; Android 6.0.1; Nexus 5X Build/MMB29P) AppleWebKit/537.36 (KHTML, like Gecko) Chrome/148.0.7778.96 Mobile Safari/537.36 (compatible; GoogleOther)"
51.161.37.242 - - [23/Jun/2026:08:11:13 -0400] "GET /products/45650399 HTTP/1.1" 200 4642 "-" "Mozilla/5.0 (compatible; AhrefsBot/7.0; +http://ahrefs.com/robot/)"
54.39.203.41 - - [23/Jun/2026:08:11:16 -0400] "GET /products/45406241 HTTP/1.1" 200 4638 "-" "Mozilla/5.0 (compatible; AhrefsBot/7.0; +http://ahrefs.com/robot/)"
66.249.68.65 - - [23/Jun/2026:08:11:16 -0400] "GET /products/258861422?fileloc=/home/aurelytl/rinzaauto.com/wp-admin/options-discussion.php&path=/home/aurelytl/rinzaauto.com/wp-admin HTTP/1.1" 200 7693 "-" "Mozilla/5.0 (Linux; Android 6.0.1; Nexus 5X Build/MMB29P) AppleWebKit/537.36 (KHTML, like Gecko) Chrome/148.0.7778.96 Mobile Safari/537.36 (compatible; GoogleOther)"
66.249.68.65 - - [23/Jun/2026:08:11:17 -0400] "GET /products/27663518?fileloc=/home/aurelytl/rinzaauto.com/wp-admin/post-1781095346.php&path=/home/aurelytl/rinzaauto.com/wp-admin HTTP/1.1" 200 3105 "-" "Mozilla/5.0 (Linux; Android 6.0.1; Nexus 5X Build/MMB29P) AppleWebKit/537.36 (KHTML, like Gecko) Chrome/148.0.7778.96 Mobile Safari/537.36 (compatible; GoogleOther)"
40.77.167.22 - - [23/Jun/2026:08:11:18 -0400] "GET /products/6056415 HTTP/1.1" 200 4707 "-" "Mozilla/5.0 AppleWebKit/537.36 (KHTML, like Gecko; compatible; bingbot/2.0; +http://www.bing.com/bingbot.htm) Chrome/116.0.1938.76 Safari/537.36"
66.249.68.65 - - [23/Jun/2026:08:11:18 -0400] "GET /products/436971195?path=/home/aurelytl/rinzaauto.com/.well-known HTTP/1.1" 200 3676 "-" "Mozilla/5.0 (Linux; Android 6.0.1; Nexus 5X Build/MMB29P) AppleWebKit/537.36 (KHTML, like Gecko) Chrome/148.0.7778.96 Mobile Safari/537.36 (compatible; Googlebot/2.1; +http://www.google.com/bot.html)"
66.249.68.65 - - [23/Jun/2026:08:11:19 -0400] "GET /products/6568855?path=/home/aurelytl/.caldav HTTP/1.1" 200 3955 "-" "Mozilla/5.0 (Linux; Android 6.0.1; Nexus 5X Build/MMB29P) AppleWebKit/537.36 (KHTML, like Gecko) Chrome/148.0.7778.96 Mobile Safari/537.36 (compatible; Googlebot/2.1; +http://www.google.com/bot.html)"
66.249.68.65 - - [23/Jun/2026:08:11:19 -0400] "GET /products/6119967?fileloc=//lib64/libGraphicsMagick-Q16.so.3.24.0&path=//lib64 HTTP/1.1" 200 3073 "-" "Mozilla/5.0 (Linux; Android 6.0.1; Nexus 5X Build/MMB29P) AppleWebKit/537.36 (KHTML, like Gecko) Chrome/148.0.7778.96 Mobile Safari/537.36 (compatible; GoogleOther)"
66.249.68.65 - - [23/Jun/2026:08:11:20 -0400] "GET /products/607343163?path=//dev HTTP/1.1" 200 3580 "-" "Mozilla/5.0 (Linux; Android 6.0.1; Nexus 5X Build/MMB29P) AppleWebKit/537.36 (KHTML, like Gecko) Chrome/148.0.7778.96 Mobile Safari/537.36 (compatible; GoogleOther)"
85.208.96.193 - - [23/Jun/2026:08:11:20 -0400] "GET /products/15076073 HTTP/1.1" 200 5701 "-" "Mozilla/5.0 (compatible; SemrushBot/7~bl; +http://www.semrush.com/bot.html)"
54.39.136.169 - - [23/Jun/2026:08:11:21 -0400] "GET /products/45383629 HTTP/1.1" 200 4623 "-" "Mozilla/5.0 (compatible; AhrefsBot/7.0; +http://ahrefs.com/robot/)"
66.249.68.65 - - [23/Jun/2026:08:11:22 -0400] "GET /products/7607828?path=/home HTTP/1.1" 200 3325 "-" "Mozilla/5.0 (Linux; Android 6.0.1; Nexus 5X Build/MMB29P) AppleWebKit/537.36 (KHTML, like Gecko) Chrome/148.0.7778.96 Mobile Safari/537.36 (compatible; GoogleOther)"
66.249.68.65 - - [23/Jun/2026:08:11:23 -0400] "GET /products/341348085?path=/home/aurelytl/rinzaauto.com/wp-content/themes HTTP/1.1" 200 4119 "-" "Mozilla/5.0 (Linux; Android 6.0.1; Nexus 5X Build/MMB29P) AppleWebKit/537.36 (KHTML, like Gecko) Chrome/148.0.7778.96 Mobile Safari/537.36 (compatible; GoogleOther)"
66.249.68.65 - - [23/Jun/2026:08:11:24 -0400] "GET /products/2966675?fileloc=//lib64/libwayland-client.so.0&path=//lib64 HTTP/1.1" 200 3016 "-" "Mozilla/5.0 (Linux; Android 6.0.1; Nexus 5X Build/MMB29P) AppleWebKit/537.36 (KHTML, like Gecko) Chrome/148.0.7778.96 Mobile Safari/537.36 (compatible; GoogleOther)"
66.249.68.65 - - [23/Jun/2026:08:11:27 -0400] "GET /products/77667805?fileloc=/home/aurelytl/rinzaauto.com/wp-admin/export.php&path=/home/aurelytl/rinzaauto.com/wp-admin HTTP/1.1" 200 6431 "-" "Mozilla/5.0 (Linux; Android 6.0.1; Nexus 5X Build/MMB29P) AppleWebKit/537.36 (KHTML, like Gecko) Chrome/148.0.7778.96 Mobile Safari/537.36 (compatible; GoogleOther)"
51.222.95.251 - - [23/Jun/2026:08:11:27 -0400] "GET /products/453052396 HTTP/1.1" 200 4678 "-" "Mozilla/5.0 (compatible; AhrefsBot/7.0; +http://ahrefs.com/robot/)"
66.249.68.65 - - [23/Jun/2026:08:11:28 -0400] "GET /products/8683596?fileloc=/home/aurelytl/rinzaauto.com/wp-admin/plugin-editor.php&path=/home/aurelytl/rinzaauto.com/wp-admin HTTP/1.1" 200 8087 "-" "Mozilla/5.0 (Linux; Android 6.0.1; Nexus 5X Build/MMB29P) AppleWebKit/537.36 (KHTML, like Gecko) Chrome/148.0.7778.96 Mobile Safari/537.36 (compatible; GoogleOther)"
66.249.68.65 - - [23/Jun/2026:08:11:30 -0400] "GET /products/6119967?fileloc=//lib64/libpython3.6m.so.1.0&path=//lib64 HTTP/1.1" 200 3012 "-" "Mozilla/5.0 (Linux; Android 6.0.1; Nexus 5X Build/MMB29P) AppleWebKit/537.36 (KHTML, like Gecko) Chrome/148.0.7778.96 Mobile Safari/537.36 (compatible; GoogleOther)"
66.249.68.65 - - [23/Jun/2026:08:11:30 -0400] "GET /products/2966675?fileloc=//lib64/libncursesw.so&path=//lib64 HTTP/1.1" 200 3082 "-" "Mozilla/5.0 (Linux; Android 6.0.1; Nexus 5X Build/MMB29P) AppleWebKit/537.36 (KHTML, like Gecko) Chrome/148.0.7778.96 Mobile Safari/537.36 (compatible; GoogleOther)"
66.249.68.65 - - [23/Jun/2026:08:11:33 -0400] "GET /products/36470120?fileloc=/home/aurelytl/rinzaauto.com/wp-admin/custom-header.php&path=/home/aurelytl/rinzaauto.com/wp-admin HTTP/1.1" 200 3336 "-" "Mozilla/5.0 (Linux; Android 6.0.1; Nexus 5X Build/MMB29P) AppleWebKit/537.36 (KHTML, like Gecko) Chrome/148.0.7778.96 Mobile Safari/537.36 (compatible; GoogleOther)"
66.249.68.65 - - [23/Jun/2026:08:11:33 -0400] "GET /products/6160722?fileloc=//etc/mailcap&path=//etc HTTP/1.1" 403 1242 "-" "Mozilla/5.0 (Linux; Android 6.0.1; Nexus 5X Build/MMB29P) AppleWebKit/537.36 (KHTML, like Gecko) Chrome/148.0.7778.96 Mobile Safari/537.36 (compatible; GoogleOther)"
66.249.68.65 - - [23/Jun/2026:08:11:34 -0400] "GET /products/318284050?path=/home/aurelytl/rinzaauto.com/wp-includes HTTP/1.1" 200 13090 "-" "Mozilla/5.0 (Linux; Android 6.0.1; Nexus 5X Build/MMB29P) AppleWebKit/537.36 (KHTML, like Gecko) Chrome/148.0.7778.96 Mobile Safari/537.36 (compatible; Googlebot/2.1; +http://www.google.com/bot.html)"
142.44.233.102 - - [23/Jun/2026:08:11:34 -0400] "GET /products/4529560 HTTP/1.1" 200 4678 "-" "Mozilla/5.0 (compatible; AhrefsBot/7.0; +http://ahrefs.com/robot/)"
66.249.68.65 - - [23/Jun/2026:08:11:35 -0400] "GET /products/4463668 HTTP/1.1" 200 4639 "-" "Mozilla/5.0 (Linux; Android 6.0.1; Nexus 5X Build/MMB29P) AppleWebKit/537.36 (KHTML, like Gecko) Chrome/148.0.7778.96 Mobile Safari/537.36 (compatible; GoogleOther)"
66.249.68.65 - - [23/Jun/2026:08:11:36 -0400] "GET /products/2966675?fileloc=//lib64/libpsx.so.2.48&path=//lib64 HTTP/1.1" 200 3059 "-" "Mozilla/5.0 (Linux; Android 6.0.1; Nexus 5X Build/MMB29P) AppleWebKit/537.36 (KHTML, like Gecko) Chrome/148.0.7778.96 Mobile Safari/537.36 (compatible; GoogleOther)"
66.249.68.65 - - [23/Jun/2026:08:11:37 -0400] "GET /products/307237859?path=/home/aurelytl HTTP/1.1" 200 4767 "-" "Mozilla/5.0 (Linux; Android 6.0.1; Nexus 5X Build/MMB29P) AppleWebKit/537.36 (KHTML, like Gecko) Chrome/148.0.7778.96 Mobile Safari/537.36 (compatible; GoogleOther)"
66.249.68.65 - - [23/Jun/2026:08:11:38 -0400] "GET /products/49877139?path=/home/aurelytl/rinzaauto.com/wp-content/uploads HTTP/1.1" 200 3978 "-" "Mozilla/5.0 (Linux; Android 6.0.1; Nexus 5X Build/MMB29P) AppleWebKit/537.36 (KHTML, like Gecko) Chrome/148.0.7778.96 Mobile Safari/537.36 (compatible; GoogleOther)"
54.39.203.93 - - [23/Jun/2026:08:11:39 -0400] "GET /products/452682675 HTTP/1.1" 200 4678 "-" "Mozilla/5.0 (compatible; AhrefsBot/7.0; +http://ahrefs.com/robot/)"
66.249.68.65 - - [23/Jun/2026:08:11:40 -0400] "GET /products/60467097?path=/home HTTP/1.1" 200 3367 "-" "Mozilla/5.0 (Linux; Android 6.0.1; Nexus 5X Build/MMB29P) AppleWebKit/537.36 (KHTML, like Gecko) Chrome/148.0.7778.96 Mobile Safari/537.36 (compatible; GoogleOther)"
66.249.68.65 - - [23/Jun/2026:08:11:41 -0400] "GET /products/37331975?fileloc=//lib64/libgstgl-1.0.so.0&path=//lib64 HTTP/1.1" 200 3062 "-" "Mozilla/5.0 (Linux; Android 6.0.1; Nexus 5X Build/MMB29P) AppleWebKit/537.36 (KHTML, like Gecko) Chrome/148.0.7778.96 Mobile Safari/537.36 (compatible; GoogleOther)"
66.249.68.65 - - [23/Jun/2026:08:11:43 -0400] "GET /products/1361482?path=/home/aurelytl/rinzaauto.com/wp-includes/PHPMailer HTTP/1.1" 200 3709 "-" "Mozilla/5.0 (Linux; Android 6.0.1; Nexus 5X Build/MMB29P) AppleWebKit/537.36 (KHTML, like Gecko) Chrome/148.0.7778.96 Mobile Safari/537.36 (compatible; GoogleOther)"
167.114.139.173 - - [23/Jun/2026:08:11:43 -0400] "GET /products/45216176 HTTP/1.1" 200 4638 "-" "Mozilla/5.0 (compatible; AhrefsBot/7.0; +http://ahrefs.com/robot/)"
85.208.96.196 - - [23/Jun/2026:08:11:44 -0400] "GET /products/423029972 HTTP/1.1" 200 5770 "-" "Mozilla/5.0 (compatible; SemrushBot/7~bl; +http://www.semrush.com/bot.html)"
66.249.68.65 - - [23/Jun/2026:08:11:44 -0400] "GET /products/22990536?path=/home/aurelytl/.cphorde HTTP/1.1" 200 3465 "-" "Mozilla/5.0 (Linux; Android 6.0.1; Nexus 5X Build/MMB29P) AppleWebKit/537.36 (KHTML, like Gecko) Chrome/148.0.7778.96 Mobile Safari/537.36 (compatible; GoogleOther)"
148.113.130.188 - - [23/Jun/2026:08:11:47 -0400] "GET /products/4518300 HTTP/1.1" 200 4703 "-" "Mozilla/5.0 (compatible; AhrefsBot/7.0; +http://ahrefs.com/robot/)"
66.249.68.65 - - [23/Jun/2026:08:11:47 -0400] "GET /products/374249036?path=/home/aurelytl/.trash HTTP/1.1" 200 3394 "-" "Mozilla/5.0 (Linux; Android 6.0.1; Nexus 5X Build/MMB29P) AppleWebKit/537.36 (KHTML, like Gecko) Chrome/148.0.7778.96 Mobile Safari/537.36 (compatible; GoogleOther)"
66.249.68.65 - - [23/Jun/2026:08:11:48 -0400] "GET /products/2966675?fileloc=//lib64/libpanel.so&path=//lib64 HTTP/1.1" 200 3056 "-" "Mozilla/5.0 (Linux; Android 6.0.1; Nexus 5X Build/MMB29P) AppleWebKit/537.36 (KHTML, like Gecko) Chrome/148.0.7778.96 Mobile Safari/537.36 (compatible; GoogleOther)"
66.249.68.65 - - [23/Jun/2026:08:11:48 -0400] "GET /products/52421111?fileloc=/home/aurelytl/rinzaauto.com/wp-links-opml.php&path=/home/aurelytl/rinzaauto.com HTTP/1.1" 200 4188 "-" "Mozilla/5.0 (Linux; Android 6.0.1; Nexus 5X Build/MMB29P) AppleWebKit/537.36 (KHTML, like Gecko) Chrome/148.0.7778.96 Mobile Safari/537.36 (compatible; GoogleOther)"
85.208.96.211 - - [23/Jun/2026:08:11:49 -0400] "GET /products/92806096 HTTP/1.1" 200 5806 "-" "Mozilla/5.0 (compatible; SemrushBot/7~bl; +http://www.semrush.com/bot.html)"
66.249.68.65 - - [23/Jun/2026:08:11:50 -0400] "GET /products/20398325?path=/home HTTP/1.1" 200 3367 "-" "Mozilla/5.0 (Linux; Android 6.0.1; Nexus 5X Build/MMB29P) AppleWebKit/537.36 (KHTML, like Gecko) Chrome/148.0.7778.96 Mobile Safari/537.36 (compatible; GoogleOther)"
54.39.6.179 - - [23/Jun/2026:08:11:52 -0400] "GET /products/4516814 HTTP/1.1" 200 4678 "-" "Mozilla/5.0 (compatible; AhrefsBot/7.0; +http://ahrefs.com/robot/)"
66.249.68.65 - - [23/Jun/2026:08:11:52 -0400] "GET /products/540544330?path=/home/aurelytl/rinzaauto.com HTTP/1.1" 200 4690 "-" "Mozilla/5.0 (Linux; Android 6.0.1; Nexus 5X Build/MMB29P) AppleWebKit/537.36 (KHTML, like Gecko) Chrome/148.0.7778.96 Mobile Safari/537.36 (compatible; Googlebot/2.1; +http://www.google.com/bot.html)"
66.249.68.65 - - [23/Jun/2026:08:11:52 -0400] "GET /products/6160722?fileloc=//lib64/libp11-kit.so.0&path=//lib64 HTTP/1.1" 200 3059 "-" "Mozilla/5.0 (Linux; Android 6.0.1; Nexus 5X Build/MMB29P) AppleWebKit/537.36 (KHTML, like Gecko) Chrome/148.0.7778.96 Mobile Safari/537.36 (compatible; GoogleOther)"
66.249.68.66 - - [23/Jun/2026:08:11:53 -0400] "GET /products/203101226?path=/home/aurelytl/.razor HTTP/1.1" 200 3532 "-" "Mozilla/5.0 (Linux; Android 6.0.1; Nexus 5X Build/MMB29P) AppleWebKit/537.36 (KHTML, like Gecko) Chrome/148.0.7778.96 Mobile Safari/537.36 (compatible; GoogleOther)"
66.249.68.66 - - [23/Jun/2026:08:11:54 -0400] "GET /products/4505527?path=//etc HTTP/1.1" 200 5647 "-" "Mozilla/5.0 (Linux; Android 6.0.1; Nexus 5X Build/MMB29P) AppleWebKit/537.36 (KHTML, like Gecko) Chrome/148.0.7778.96 Mobile Safari/537.36 (compatible; GoogleOther)"
54.39.89.253 - - [23/Jun/2026:08:11:55 -0400] "GET /products/4512958 HTTP/1.1" 200 4684 "-" "Mozilla/5.0 (compatible; AhrefsBot/7.0; +http://ahrefs.com/robot/)"
66.249.68.66 - - [23/Jun/2026:08:11:57 -0400] "GET /products/6568855?path=/home/aurelytl/houssemzaoui.com HTTP/1.1" 200 4352 "-" "Mozilla/5.0 (Linux; Android 6.0.1; Nexus 5X Build/MMB29P) AppleWebKit/537.36 (KHTML, like Gecko) Chrome/148.0.7778.96 Mobile Safari/537.36 (compatible; GoogleOther)"
66.249.68.65 - - [23/Jun/2026:08:11:58 -0400] "GET /products/2966675?fileloc=//lib64/libidn.so&path=//lib64 HTTP/1.1" 200 3053 "-" "Mozilla/5.0 (Linux; Android 6.0.1; Nexus 5X Build/MMB29P) AppleWebKit/537.36 (KHTML, like Gecko) Chrome/148.0.7778.96 Mobile Safari/537.36 (compatible; GoogleOther)"
54.39.210.163 - - [23/Jun/2026:08:11:59 -0400] "GET /products/447438040 HTTP/1.1" 200 4623 "-" "Mozilla/5.0 (compatible; AhrefsBot/7.0; +http://ahrefs.com/robot/)"
66.249.68.65 - - [23/Jun/2026:08:12:00 -0400] "GET /products/83472367?fileloc=//lib64/libp11-kit.so.0.3.0&path=//lib64 HTTP/1.1" 200 3063 "-" "Mozilla/5.0 (Linux; Android 6.0.1; Nexus 5X Build/MMB29P) AppleWebKit/537.36 (KHTML, like Gecko) Chrome/148.0.7778.96 Mobile Safari/537.36 (compatible; GoogleOther)"
66.249.68.65 - - [23/Jun/2026:08:12:01 -0400] "GET /products/5726467?fileloc=/home/aurelytl/rinzaauto.com/.htaccess&path=/home/aurelytl/rinzaauto.com HTTP/1.1" 403 1242 "-" "Mozilla/5.0 (Linux; Android 6.0.1; Nexus 5X Build/MMB29P) AppleWebKit/537.36 (KHTML, like Gecko) Chrome/148.0.7778.96 Mobile Safari/537.36 (compatible; GoogleOther)"
66.249.68.65 - - [23/Jun/2026:08:12:03 -0400] "GET /products/83472367?fileloc=//lib64/libSvtAv1Dec.so.0.8.7&path=//lib64 HTTP/1.1" 200 3066 "-" "Mozilla/5.0 (Linux; Android 6.0.1; Nexus 5X Build/MMB29P) AppleWebKit/537.36 (KHTML, like Gecko) Chrome/148.0.7778.96 Mobile Safari/537.36 (compatible; GoogleOther)"
66.249.68.65 - - [23/Jun/2026:08:12:03 -0400] "GET /products/1917384?path=//sbin HTTP/1.1" 200 5331 "-" "Mozilla/5.0 (Linux; Android 6.0.1; Nexus 5X Build/MMB29P) AppleWebKit/537.36 (KHTML, like Gecko) Chrome/148.0.7778.96 Mobile Safari/537.36 (compatible; GoogleOther)"
15.235.96.193 - - [23/Jun/2026:08:12:03 -0400] "GET /products/447032379 HTTP/1.1" 200 4638 "-" "Mozilla/5.0 (compatible; AhrefsBot/7.0; +http://ahrefs.com/robot/)"
66.249.68.65 - - [23/Jun/2026:08:12:04 -0400] "GET /products/606347491?path=//sbin HTTP/1.1" 200 5147 "-" "Mozilla/5.0 (Linux; Android 6.0.1; Nexus 5X Build/MMB29P) AppleWebKit/537.36 (KHTML, like Gecko) Chrome/148.0.7778.96 Mobile Safari/537.36 (compatible; GoogleOther)"
66.249.68.65 - - [23/Jun/2026:08:12:05 -0400] "GET /products/45263304?fileloc=/home/aurelytl/rinzaauto.com/widget.area.1781095307.php&path=/home/aurelytl/rinzaauto.com HTTP/1.1" 200 3096 "-" "Mozilla/5.0 (Linux; Android 6.0.1; Nexus 5X Build/MMB29P) AppleWebKit/537.36 (KHTML, like Gecko) Chrome/148.0.7778.96 Mobile Safari/537.36 (compatible; Googlebot/2.1; +http://www.google.com/bot.html)"
66.249.68.65 - - [23/Jun/2026:08:12:08 -0400] "GET /products/505914865?path=/home HTTP/1.1" 200 3367 "-" "Mozilla/5.0 (Linux; Android 6.0.1; Nexus 5X Build/MMB29P) AppleWebKit/537.36 (KHTML, like Gecko) Chrome/148.0.7778.96 Mobile Safari/537.36 (compatible; GoogleOther)"
66.249.68.65 - - [23/Jun/2026:08:12:08 -0400] "GET /products/2830391?path=/home/aurelytl/azollaalgerie.com HTTP/1.1" 200 4363 "-" "Mozilla/5.0 (Linux; Android 6.0.1; Nexus 5X Build/MMB29P) AppleWebKit/537.36 (KHTML, like Gecko) Chrome/148.0.7778.96 Mobile Safari/537.36 (compatible; GoogleOther)"
15.235.27.40 - - [23/Jun/2026:08:12:08 -0400] "GET /products/446685265 HTTP/1.1" 200 4676 "-" "Mozilla/5.0 (compatible; AhrefsBot/7.0; +http://ahrefs.com/robot/)"
66.249.68.65 - - [23/Jun/2026:08:12:11 -0400] "GET /products/234990363?path=/home/aurelytl/rinzaauto.com HTTP/1.1" 200 4639 "-" "Mozilla/5.0 (Linux; Android 6.0.1; Nexus 5X Build/MMB29P) AppleWebKit/537.36 (KHTML, like Gecko) Chrome/148.0.7778.96 Mobile Safari/537.36 (compatible; GoogleOther)"
66.249.68.65 - - [23/Jun/2026:08:12:12 -0400] "GET /products/12272518?fileloc=/home/aurelytl/rinzaauto.com/bottom-1780981817.php&path=/home/aurelytl/rinzaauto.com HTTP/1.1" 200 3091 "-" "Mozilla/5.0 (Linux; Android 6.0.1; Nexus 5X Build/MMB29P) AppleWebKit/537.36 (KHTML, like Gecko) Chrome/148.0.7778.96 Mobile Safari/537.36 (compatible; GoogleOther)"
66.249.68.65 - - [23/Jun/2026:08:12:13 -0400] "GET /products/6457265?fileloc=/home/aurelytl/rinzaauto.com/wp-admin/theme-install.php&path=/home/aurelytl/rinzaauto.com/wp-admin HTTP/1.1" 200 9238 "-" "Mozilla/5.0 (Linux; Android 6.0.1; Nexus 5X Build/MMB29P) AppleWebKit/537.36 (KHTML, like Gecko) Chrome/148.0.7778.96 Mobile Safari/537.36 (compatible; GoogleOther)"
66.249.68.65 - - [23/Jun/2026:08:12:14 -0400] "GET /products/436961095?fileloc=//lib64/libpolkit-agent-1.so.0.0.0&path=//lib64 HTTP/1.1" 200 3017 "-" "Mozilla/5.0 (Linux; Android 6.0.1; Nexus 5X Build/MMB29P) AppleWebKit/537.36 (KHTML, like Gecko) Chrome/148.0.7778.96 Mobile Safari/537.36 (compatible; GoogleOther)"
66.249.68.65 - - [23/Jun/2026:08:12:14 -0400] "GET /products/7919735?path=//etc HTTP/1.1" 200 5934 "-" "Mozilla/5.0 (Linux; Android 6.0.1; Nexus 5X Build/MMB29P) AppleWebKit/537.36 (KHTML, like Gecko) Chrome/148.0.7778.96 Mobile Safari/537.36 (compatible; GoogleOther)"
51.161.65.57 - - [23/Jun/2026:08:12:15 -0400] "GET /products/4463692 HTTP/1.1" 200 4638 "-" "Mozilla/5.0 (compatible; AhrefsBot/7.0; +http://ahrefs.com/robot/)"
85.208.96.206 - - [23/Jun/2026:08:12:15 -0400] "GET /products/255291225 HTTP/1.1" 200 5812 "-" "Mozilla/5.0 (compatible; SemrushBot/7~bl; +http://www.semrush.com/bot.html)"
185.191.171.6 - - [23/Jun/2026:08:12:17 -0400] "GET /products/190991080 HTTP/1.1" 200 5809 "-" "Mozilla/5.0 (compatible; SemrushBot/7~bl; +http://www.semrush.com/bot.html)"
66.249.68.65 - - [23/Jun/2026:08:12:18 -0400] "GET /products/8488673?path=/home HTTP/1.1" 200 3325 "-" "Mozilla/5.0 (Linux; Android 6.0.1; Nexus 5X Build/MMB29P) AppleWebKit/537.36 (KHTML, like Gecko) Chrome/148.0.7778.96 Mobile Safari/537.36 (compatible; GoogleOther)"
66.249.68.65 - - [23/Jun/2026:08:12:18 -0400] "GET /products/437162060?path=//var HTTP/1.1" 200 3661 "-" "Mozilla/5.0 (Linux; Android 6.0.1; Nexus 5X Build/MMB29P) AppleWebKit/537.36 (KHTML, like Gecko) Chrome/148.0.7778.96 Mobile Safari/537.36 (compatible; GoogleOther)"
15.235.27.31 - - [23/Jun/2026:08:12:20 -0400] "GET /products/44494877 HTTP/1.1" 200 4676 "-" "Mozilla/5.0 (compatible; AhrefsBot/7.0; +http://ahrefs.com/robot/)"
66.249.68.65 - - [23/Jun/2026:08:12:20 -0400] "GET /products/50284332?fileloc=/home/aurelytl/rinzaauto.com/wp-settings.php&path=/home/aurelytl/rinzaauto.com HTTP/1.1" 200 9614 "-" "Mozilla/5.0 (Linux; Android 6.0.1; Nexus 5X Build/MMB29P) AppleWebKit/537.36 (KHTML, like Gecko) Chrome/148.0.7778.96 Mobile Safari/537.36 (compatible; Googlebot/2.1; +http://www.google.com/bot.html)"
185.191.171.5 - - [23/Jun/2026:08:12:21 -0400] "GET /products/96465369 HTTP/1.1" 200 5815 "-" "Mozilla/5.0 (compatible; SemrushBot/7~bl; +http://www.semrush.com/bot.html)"
66.249.68.65 - - [23/Jun/2026:08:12:21 -0400] "GET /products/9430243?path=/home/aurelytl HTTP/1.1" 200 4805 "-" "Mozilla/5.0 (Linux; Android 6.0.1; Nexus 5X Build/MMB29P) AppleWebKit/537.36 (KHTML, like Gecko) Chrome/148.0.7778.96 Mobile Safari/537.36 (compatible; GoogleOther)"
85.208.96.203 - - [23/Jun/2026:08:12:22 -0400] "GET /products/64281788 HTTP/1.1" 200 5715 "-" "Mozilla/5.0 (compatible; SemrushBot/7~bl; +http://www.semrush.com/bot.html)"
66.249.68.65 - - [23/Jun/2026:08:12:23 -0400] "GET /products/211435732?path=//home4 HTTP/1.1" 200 3113 "-" "Mozilla/5.0 (Linux; Android 6.0.1; Nexus 5X Build/MMB29P) AppleWebKit/537.36 (KHTML, like Gecko) Chrome/148.0.7778.96 Mobile Safari/537.36 (compatible; GoogleOther)"
66.249.68.65 - - [23/Jun/2026:08:12:24 -0400] "GET /products/6119967?fileloc=//lib64/libGraphicsMagickWand-Q16.so.2.9.7&path=//lib64 HTTP/1.1" 200 3076 "-" "Mozilla/5.0 (Linux; Android 6.0.1; Nexus 5X Build/MMB29P) AppleWebKit/537.36 (KHTML, like Gecko) Chrome/148.0.7778.96 Mobile Safari/537.36 (compatible; GoogleOther)"
66.249.68.65 - - [23/Jun/2026:08:12:24 -0400] "GET /products/349753543?path=/home/aurelytl/rinzaauto.com HTTP/1.1" 200 4645 "-" "Mozilla/5.0 (Linux; Android 6.0.1; Nexus 5X Build/MMB29P) AppleWebKit/537.36 (KHTML, like Gecko) Chrome/148.0.7778.96 Mobile Safari/537.36 (compatible; Googlebot/2.1; +http://www.google.com/bot.html)"
66.249.68.65 - - [23/Jun/2026:08:12:25 -0400] "GET /products/76166593?path=/home HTTP/1.1" 200 3367 "-" "Mozilla/5.0 (Linux; Android 6.0.1; Nexus 5X Build/MMB29P) AppleWebKit/537.36 (KHTML, like Gecko) Chrome/148.0.7778.96 Mobile Safari/537.36 (compatible; GoogleOther)"
66.249.68.65 - - [23/Jun/2026:08:12:25 -0400] "GET /products/37331975?fileloc=//lib64/libply-boot-client.so.5.0.0&path=//lib64 HTTP/1.1" 200 3067 "-" "Mozilla/5.0 (Linux; Android 6.0.1; Nexus 5X Build/MMB29P) AppleWebKit/537.36 (KHTML, like Gecko) Chrome/148.0.7778.96 Mobile Safari/537.36 (compatible; GoogleOther)"
54.39.203.209 - - [23/Jun/2026:08:12:26 -0400] "GET /products/4435074 HTTP/1.1" 200 4638 "-" "Mozilla/5.0 (compatible; AhrefsBot/7.0; +http://ahrefs.com/robot/)"
66.249.68.65 - - [23/Jun/2026:08:12:28 -0400] "GET /products/6119967?fileloc=//lib64/libcap.so&path=//lib64 HTTP/1.1" 200 3053 "-" "Mozilla/5.0 (Linux; Android 6.0.1; Nexus 5X Build/MMB29P) AppleWebKit/537.36 (KHTML, like Gecko) Chrome/148.0.7778.96 Mobile Safari/537.36 (compatible; GoogleOther)"
66.249.68.65 - - [23/Jun/2026:08:12:29 -0400] "GET /products/49719673?path=/home HTTP/1.1" 200 3325 "-" "Mozilla/5.0 (Linux; Android 6.0.1; Nexus 5X Build/MMB29P) AppleWebKit/537.36 (KHTML, like Gecko) Chrome/148.0.7778.96 Mobile Safari/537.36 (compatible; GoogleOther)"
185.191.171.4 - - [23/Jun/2026:08:12:29 -0400] "GET /products/3852112 HTTP/1.1" 200 5815 "-" "Mozilla/5.0 (compatible; SemrushBot/7~bl; +http://www.semrush.com/bot.html)"
54.39.6.89 - - [23/Jun/2026:08:12:30 -0400] "GET /products/442980118 HTTP/1.1" 200 4676 "-" "Mozilla/5.0 (compatible; AhrefsBot/7.0; +http://ahrefs.com/robot/)"
85.208.96.211 - - [23/Jun/2026:08:12:30 -0400] "GET /products/2105572 HTTP/1.1" 200 5715 "-" "Mozilla/5.0 (compatible; SemrushBot/7~bl; +http://www.semrush.com/bot.html)"
66.249.68.65 - - [23/Jun/2026:08:12:31 -0400] "GET /products/39565263?fileloc=/home/aurelytl/rinzaauto.com/wp-admin/my-sites.php&path=/home/aurelytl/rinzaauto.com/wp-admin HTTP/1.1" 200 5058 "-" "Mozilla/5.0 (Linux; Android 6.0.1; Nexus 5X Build/MMB29P) AppleWebKit/537.36 (KHTML, like Gecko) Chrome/148.0.7778.96 Mobile Safari/537.36 (compatible; GoogleOther)"
66.249.68.65 - - [23/Jun/2026:08:12:34 -0400] "GET /products/6457265?fileloc=/home/aurelytl/rinzaauto.com/wp-admin/menu-header.php&path=/home/aurelytl/rinzaauto.com/wp-admin HTTP/1.1" 200 6149 "-" "Mozilla/5.0 (Linux; Android 6.0.1; Nexus 5X Build/MMB29P) AppleWebKit/537.36 (KHTML, like Gecko) Chrome/148.0.7778.96 Mobile Safari/537.36 (compatible; GoogleOther)"
167.114.139.174 - - [23/Jun/2026:08:12:35 -0400] "GET /products/4416169 HTTP/1.1" 200 4707 "-" "Mozilla/5.0 (compatible; AhrefsBot/7.0; +http://ahrefs.com/robot/)"
66.249.68.65 - - [23/Jun/2026:08:12:35 -0400] "GET /products/78464005?fileloc=/home/aurelytl/rinzaauto.com/wp-admin/ms-plugins.php&path=/home/aurelytl/rinzaauto.com/wp-admin HTTP/1.1" 200 4882 "-" "Mozilla/5.0 (Linux; Android 6.0.1; Nexus 5X Build/MMB29P) AppleWebKit/537.36 (KHTML, like Gecko) Chrome/148.0.7778.96 Mobile Safari/537.36 (compatible; GoogleOther)"
66.249.68.65 - - [23/Jun/2026:08:12:36 -0400] "GET /products/436961095?fileloc=//lib64/libxcb-screensaver.so.0.0.0&path=//lib64 HTTP/1.1" 200 3068 "-" "Mozilla/5.0 (Linux; Android 6.0.1; Nexus 5X Build/MMB29P) AppleWebKit/537.36 (KHTML, like Gecko) Chrome/148.0.7778.96 Mobile Safari/537.36 (compatible; GoogleOther)"
66.249.68.65 - - [23/Jun/2026:08:12:36 -0400] "GET /products/6119967?fileloc=//lib64/libgthread-2.0.so.0&path=//lib64 HTTP/1.1" 200 3062 "-" "Mozilla/5.0 (Linux; Android 6.0.1; Nexus 5X Build/MMB29P) AppleWebKit/537.36 (KHTML, like Gecko) Chrome/148.0.7778.96 Mobile Safari/537.36 (compatible; GoogleOther)"
66.249.68.65 - - [23/Jun/2026:08:12:36 -0400] "GET /products/394993142?fileloc=/home/aurelytl/rinzaauto.com/widget.area.1781095307.php&path=/home/aurelytl/rinzaauto.com HTTP/1.1" 200 3096 "-" "Mozilla/5.0 (Linux; Android 6.0.1; Nexus 5X Build/MMB29P) AppleWebKit/537.36 (KHTML, like Gecko) Chrome/148.0.7778.96 Mobile Safari/537.36 (compatible; Googlebot/2.1; +http://www.google.com/bot.html)"
66.249.68.65 - - [23/Jun/2026:08:12:38 -0400] "GET /products/3345176?path=//home4 HTTP/1.1" 200 3059 "-" "Mozilla/5.0 (Linux; Android 6.0.1; Nexus 5X Build/MMB29P) AppleWebKit/537.36 (KHTML, like Gecko) Chrome/148.0.7778.96 Mobile Safari/537.36 (compatible; GoogleOther)"
66.249.68.65 - - [23/Jun/2026:08:12:39 -0400] "GET /products/70948025?fileloc=/home/aurelytl/rinzaauto.com/wp-admin/custom-header.php&path=/home/aurelytl/rinzaauto.com/wp-admin HTTP/1.1" 200 3336 "-" "Mozilla/5.0 (Linux; Android 6.0.1; Nexus 5X Build/MMB29P) AppleWebKit/537.36 (KHTML, like Gecko) Chrome/148.0.7778.96 Mobile Safari/537.36 (compatible; GoogleOther)"
54.39.136.147 - - [23/Jun/2026:08:12:40 -0400] "GET /products/4405322 HTTP/1.1" 200 4676 "-" "Mozilla/5.0 (compatible; AhrefsBot/7.0; +http://ahrefs.com/robot/)"
185.191.171.6 - - [23/Jun/2026:08:12:40 -0400] "GET /products/537358853 HTTP/1.1" 200 5778 "-" "Mozilla/5.0 (compatible; SemrushBot/7~bl; +http://www.semrush.com/bot.html)"
66.249.68.65 - - [23/Jun/2026:08:12:42 -0400] "GET /products/38579330?path=/home/aurelytl/auresdecor.com HTTP/1.1" 200 4277 "-" "Mozilla/5.0 (Linux; Android 6.0.1; Nexus 5X Build/MMB29P) AppleWebKit/537.36 (KHTML, like Gecko) Chrome/148.0.7778.96 Mobile Safari/537.36 (compatible; GoogleOther)"
66.249.68.65 - - [23/Jun/2026:08:12:44 -0400] "GET /products/7919735?path=//opt HTTP/1.1" 200 3884 "-" "Mozilla/5.0 (Linux; Android 6.0.1; Nexus 5X Build/MMB29P) AppleWebKit/537.36 (KHTML, like Gecko) Chrome/148.0.7778.96 Mobile Safari/537.36 (compatible; GoogleOther)"
66.249.68.65 - - [23/Jun/2026:08:12:45 -0400] "GET /products/90617123?path=//home4 HTTP/1.1" 200 3113 "-" "Mozilla/5.0 (Linux; Android 6.0.1; Nexus 5X Build/MMB29P) AppleWebKit/537.36 (KHTML, like Gecko) Chrome/148.0.7778.96 Mobile Safari/537.36 (compatible; GoogleOther)"
51.161.37.17 - - [23/Jun/2026:08:12:45 -0400] "GET /products/439174966 HTTP/1.1" 200 4703 "-" "Mozilla/5.0 (compatible; AhrefsBot/7.0; +http://ahrefs.com/robot/)"
66.249.68.65 - - [23/Jun/2026:08:12:47 -0400] "GET /products/6119967?fileloc=//lib64/libpangoft2-1.0.so.0&path=//lib64 HTTP/1.1" 200 3012 "-" "Mozilla/5.0 (Linux; Android 6.0.1; Nexus 5X Build/MMB29P) AppleWebKit/537.36 (KHTML, like Gecko) Chrome/148.0.7778.96 Mobile Safari/537.36 (compatible; GoogleOther)"
66.249.68.65 - - [23/Jun/2026:08:12:48 -0400] "GET /products/406402006?path=/home/aurelytl/rinzaauto.com/.well-known HTTP/1.1" 200 3653 "-" "Mozilla/5.0 (Linux; Android 6.0.1; Nexus 5X Build/MMB29P) AppleWebKit/537.36 (KHTML, like Gecko) Chrome/148.0.7778.96 Mobile Safari/537.36 (compatible; GoogleOther)"
66.249.68.65 - - [23/Jun/2026:08:12:49 -0400] "GET /products/10052886?path=/home HTTP/1.1" 200 3367 "-" "Mozilla/5.0 (Linux; Android 6.0.1; Nexus 5X Build/MMB29P) AppleWebKit/537.36 (KHTML, like Gecko) Chrome/148.0.7778.96 Mobile Safari/537.36 (compatible; GoogleOther)"
66.249.68.65 - - [23/Jun/2026:08:12:49 -0400] "GET /products/85500827?path=//lib64 HTTP/1.1" 200 56704 "-" "Mozilla/5.0 (Linux; Android 6.0.1; Nexus 5X Build/MMB29P) AppleWebKit/537.36 (KHTML, like Gecko) Chrome/148.0.7778.96 Mobile Safari/537.36 (compatible; GoogleOther)"
167.114.139.190 - - [23/Jun/2026:08:12:50 -0400] "GET /products/43915391 HTTP/1.1" 200 4666 "-" "Mozilla/5.0 (compatible; AhrefsBot/7.0; +http://ahrefs.com/robot/)"
66.249.68.65 - - [23/Jun/2026:08:12:52 -0400] "GET /products/5948545?path=/home/aurelytl/rinzaauto.com/wp-content/uploads HTTP/1.1" 200 4003 "-" "Mozilla/5.0 (Linux; Android 6.0.1; Nexus 5X Build/MMB29P) AppleWebKit/537.36 (KHTML, like Gecko) Chrome/148.0.7778.96 Mobile Safari/537.36 (compatible; GoogleOther)"
66.249.68.65 - - [23/Jun/2026:08:12:52 -0400] "GET /products/340119424?path=/home/aurelytl HTTP/1.1" 200 4842 "-" "Mozilla/5.0 (Linux; Android 6.0.1; Nexus 5X Build/MMB29P) AppleWebKit/537.36 (KHTML, like Gecko) Chrome/148.0.7778.96 Mobile Safari/537.36 (compatible; Googlebot/2.1; +http://www.google.com/bot.html)"
66.249.68.65 - - [23/Jun/2026:08:12:54 -0400] "GET /products/22947732 HTTP/1.1" 200 4677 "-" "Mozilla/5.0 (Linux; Android 6.0.1; Nexus 5X Build/MMB29P) AppleWebKit/537.36 (KHTML, like Gecko) Chrome/148.0.7778.96 Mobile Safari/537.36 (compatible; GoogleOther)"
66.249.68.66 - - [23/Jun/2026:08:12:54 -0400] "GET /products/327152253?fileloc=/home/aurelytl/rinzaauto.com/error_log&path=/home/aurelytl/rinzaauto.com HTTP/1.1" 200 243540 "-" "Mozilla/5.0 (Linux; Android 6.0.1; Nexus 5X Build/MMB29P) AppleWebKit/537.36 (KHTML, like Gecko) Chrome/148.0.7778.96 Mobile Safari/537.36 (compatible; GoogleOther)"
66.249.68.66 - - [23/Jun/2026:08:12:55 -0400] "GET /products/258861422?fileloc=/home/aurelytl/rinzaauto.com/wp-admin/import.php&path=/home/aurelytl/rinzaauto.com/wp-admin HTTP/1.1" 200 5776 "-" "Mozilla/5.0 (Linux; Android 6.0.1; Nexus 5X Build/MMB29P) AppleWebKit/537.36 (KHTML, like Gecko) Chrome/148.0.7778.96 Mobile Safari/537.36 (compatible; GoogleOther)"
54.39.0.53 - - [23/Jun/2026:08:12:56 -0400] "GET /products/43914610 HTTP/1.1" 200 4642 "-" "Mozilla/5.0 (compatible; AhrefsBot/7.0; +http://ahrefs.com/robot/)"
66.249.68.67 - - [23/Jun/2026:08:12:57 -0400] "GET /products/6175944?path=/home/aurelytl/houssemzaoui.com HTTP/1.1" 200 4352 "-" "Mozilla/5.0 (Linux; Android 6.0.1; Nexus 5X Build/MMB29P) AppleWebKit/537.36 (KHTML, like Gecko) Chrome/148.0.7778.96 Mobile Safari/537.36 (compatible; Googlebot/2.1; +http://www.google.com/bot.html)"
66.249.68.65 - - [23/Jun/2026:08:12:57 -0400] "GET /products/462520067?fileloc=//lib64/libnss_myhostname.so.2&path=//lib64 HTTP/1.1" 200 3066 "-" "Mozilla/5.0 (Linux; Android 6.0.1; Nexus 5X Build/MMB29P) AppleWebKit/537.36 (KHTML, like Gecko) Chrome/148.0.7778.96 Mobile Safari/537.36 (compatible; GoogleOther)"
66.249.68.67 - - [23/Jun/2026:08:12:59 -0400] "GET /products/551875651?path=/home/aurelytl/.trash HTTP/1.1" 200 3350 "-" "Mozilla/5.0 (Linux; Android 6.0.1; Nexus 5X Build/MMB29P) AppleWebKit/537.36 (KHTML, like Gecko) Chrome/148.0.7778.96 Mobile Safari/537.36 (compatible; GoogleOther)"
66.249.68.69 - - [23/Jun/2026:08:12:59 -0400] "GET /products/71695577?path=//sbin HTTP/1.1" 200 5298 "-" "Mozilla/5.0 (Linux; Android 6.0.1; Nexus 5X Build/MMB29P) AppleWebKit/537.36 (KHTML, like Gecko) Chrome/148.0.7778.96 Mobile Safari/537.36 (compatible; GoogleOther)"
66.249.68.68 - - [23/Jun/2026:08:13:00 -0400] "GET /products/83472367?fileloc=//lib64/libply-boot-client.so.5.0.0&path=//lib64 HTTP/1.1" 200 3067 "-" "Mozilla/5.0 (Linux; Android 6.0.1; Nexus 5X Build/MMB29P) AppleWebKit/537.36 (KHTML, like Gecko) Chrome/148.0.7778.96 Mobile Safari/537.36 (compatible; GoogleOther)"
142.44.228.8 - - [23/Jun/2026:08:13:01 -0400] "GET /products/434729510 HTTP/1.1" 200 4703 "-" "Mozilla/5.0 (compatible; AhrefsBot/7.0; +http://ahrefs.com/robot/)"
66.249.68.67 - - [23/Jun/2026:08:13:02 -0400] "GET /products/4438752?path=/home/aurelytl/mohamedbaabit.com HTTP/1.1" 200 4327 "-" "Mozilla/5.0 (Linux; Android 6.0.1; Nexus 5X Build/MMB29P) AppleWebKit/537.36 (KHTML, like Gecko) Chrome/148.0.7778.96 Mobile Safari/537.36 (compatible; GoogleOther)"
66.249.68.67 - - [23/Jun/2026:08:13:04 -0400] "GET /products/385453218?fileloc=/home/aurelytl/softaculous_backups/wp69.26_53385.2026-06-11_18-32-52.tar.gz&path=/home/aurelytl/softaculous_backups HTTP/1.1" 200 3104 "-" "Mozilla/5.0 (Linux; Android 6.0.1; Nexus 5X Build/MMB29P) AppleWebKit/537.36 (KHTML, like Gecko) Chrome/148.0.7778.96 Mobile Safari/537.36 (compatible; GoogleOther)"
66.249.68.69 - - [23/Jun/2026:08:13:06 -0400] "GET /products/78464005?fileloc=/home/aurelytl/rinzaauto.com/wp-admin/site-health-info.php&path=/home/aurelytl/rinzaauto.com/wp-admin HTTP/1.1" 200 4708 "-" "Mozilla/5.0 (Linux; Android 6.0.1; Nexus 5X Build/MMB29P) AppleWebKit/537.36 (KHTML, like Gecko) Chrome/148.0.7778.96 Mobile Safari/537.36 (compatible; GoogleOther)"
54.39.210.239 - - [23/Jun/2026:08:13:07 -0400] "GET /products/4331559 HTTP/1.1" 200 4703 "-" "Mozilla/5.0 (compatible; AhrefsBot/7.0; +http://ahrefs.com/robot/)"
66.249.68.69 - - [23/Jun/2026:08:13:07 -0400] "GET /products/451596895?fileloc=/home/aurelytl/rinzaauto.com/error_log&path=/home/aurelytl/rinzaauto.com HTTP/1.1" 200 243785 "-" "Mozilla/5.0 (Linux; Android 6.0.1; Nexus 5X Build/MMB29P) AppleWebKit/537.36 (KHTML, like Gecko) Chrome/148.0.7778.96 Mobile Safari/537.36 (compatible; Googlebot/2.1; +http://www.google.com/bot.html)"
66.249.68.65 - - [23/Jun/2026:08:13:09 -0400] "GET /products/6119967?fileloc=//lib64/libusb-1.0.so.0.2.0&path=//lib64 HTTP/1.1" 200 3064 "-" "Mozilla/5.0 (Linux; Android 6.0.1; Nexus 5X Build/MMB29P) AppleWebKit/537.36 (KHTML, like Gecko) Chrome/148.0.7778.96 Mobile Safari/537.36 (compatible; GoogleOther)"
66.249.68.67 - - [23/Jun/2026:08:13:09 -0400] "GET /products/79734008?path=//sbin HTTP/1.1" 200 5370 "-" "Mozilla/5.0 (Linux; Android 6.0.1; Nexus 5X Build/MMB29P) AppleWebKit/537.36 (KHTML, like Gecko) Chrome/148.0.7778.96 Mobile Safari/537.36 (compatible; GoogleOther)"
66.249.68.67 - - [23/Jun/2026:08:13:09 -0400] "GET /products/3970381?path=/home HTTP/1.1" 200 3367 "-" "Mozilla/5.0 (Linux; Android 6.0.1; Nexus 5X Build/MMB29P) AppleWebKit/537.36 (KHTML, like Gecko) Chrome/148.0.7778.96 Mobile Safari/537.36 (compatible; GoogleOther)"
66.249.68.68 - - [23/Jun/2026:08:13:12 -0400] "GET /products/65025241?path=/home/aurelytl/eurlapex.com HTTP/1.1" 200 4348 "-" "Mozilla/5.0 (Linux; Android 6.0.1; Nexus 5X Build/MMB29P) AppleWebKit/537.36 (KHTML, like Gecko) Chrome/148.0.7778.96 Mobile Safari/537.36 (compatible; GoogleOther)"
15.235.98.32 - - [23/Jun/2026:08:13:13 -0400] "GET /products/430903586 HTTP/1.1" 200 4679 "-" "Mozilla/5.0 (compatible; AhrefsBot/7.0; +http://ahrefs.com/robot/)"
66.249.68.66 - - [23/Jun/2026:08:13:13 -0400] "GET /products/314090161?fileloc=/home/aurelytl/rinzaauto.com/wp-activate.php&path=/home/aurelytl/rinzaauto.com HTTP/1.1" 200 5573 "-" "Mozilla/5.0 (Linux; Android 6.0.1; Nexus 5X Build/MMB29P) AppleWebKit/537.36 (KHTML, like Gecko) Chrome/148.0.7778.96 Mobile Safari/537.36 (compatible; GoogleOther)"
66.249.68.65 - - [23/Jun/2026:08:13:14 -0400] "GET /products/44528426?path=/home/aurelytl/.cpanel HTTP/1.1" 200 3736 "-" "Mozilla/5.0 (Linux; Android 6.0.1; Nexus 5X Build/MMB29P) AppleWebKit/537.36 (KHTML, like Gecko) Chrome/148.0.7778.96 Mobile Safari/537.36 (compatible; GoogleOther)"
66.249.68.66 - - [23/Jun/2026:08:13:16 -0400] "GET /products/2018861?fileloc=//lib/dracut/dracut-functions&path=//lib/dracut HTTP/1.1" 200 9384 "-" "Mozilla/5.0 (Linux; Android 6.0.1; Nexus 5X Build/MMB29P) AppleWebKit/537.36 (KHTML, like Gecko) Chrome/148.0.7778.96 Mobile Safari/537.36 (compatible; GoogleOther)"
142.44.220.107 - - [23/Jun/2026:08:13:19 -0400] "GET /products/43041575 HTTP/1.1" 200 4724 "-" "Mozilla/5.0 (compatible; AhrefsBot/7.0; +http://ahrefs.com/robot/)"
66.249.68.65 - - [23/Jun/2026:08:13:19 -0400] "GET /products/284519131?path=//etc HTTP/1.1" 200 5687 "-" "Mozilla/5.0 (Linux; Android 6.0.1; Nexus 5X Build/MMB29P) AppleWebKit/537.36 (KHTML, like Gecko) Chrome/148.0.7778.96 Mobile Safari/537.36 (compatible; GoogleOther)"
66.249.68.66 - - [23/Jun/2026:08:13:20 -0400] "GET /products/7720873?path=//home2 HTTP/1.1" 200 3113 "-" "Mozilla/5.0 (Linux; Android 6.0.1; Nexus 5X Build/MMB29P) AppleWebKit/537.36 (KHTML, like Gecko) Chrome/148.0.7778.96 Mobile Safari/537.36 (compatible; GoogleOther)"
66.249.68.65 - - [23/Jun/2026:08:13:20 -0400] "GET /products/436961095?fileloc=//lib64/.libcrypt.so.1.1.0.hmac&path=//lib64 HTTP/1.1" 200 3123 "-" "Mozilla/5.0 (Linux; Android 6.0.1; Nexus 5X Build/MMB29P) AppleWebKit/537.36 (KHTML, like Gecko) Chrome/148.0.7778.96 Mobile Safari/537.36 (compatible; GoogleOther)"
66.249.68.65 - - [23/Jun/2026:08:13:23 -0400] "GET /products/6160722?fileloc=//lib64/libltdl.so&path=//lib64 HTTP/1.1" 200 3003 "-" "Mozilla/5.0 (Linux; Android 6.0.1; Nexus 5X Build/MMB29P) AppleWebKit/537.36 (KHTML, like Gecko) Chrome/148.0.7778.96 Mobile Safari/537.36 (compatible; GoogleOther)"
66.249.68.66 - - [23/Jun/2026:08:13:23 -0400] "GET /products/347075107 HTTP/1.1" 200 4708 "-" "Mozilla/5.0 (Linux; Android 6.0.1; Nexus 5X Build/MMB29P) AppleWebKit/537.36 (KHTML, like Gecko) Chrome/148.0.7778.96 Mobile Safari/537.36 (compatible; Googlebot/2.1; +http://www.google.com/bot.html)"
66.249.68.66 - - [23/Jun/2026:08:13:23 -0400] "GET /products/55633733?fileloc=/home/aurelytl/rinzaauto.com/wp-activate.php&path=/home/aurelytl/rinzaauto.com HTTP/1.1" 200 5596 "-" "Mozilla/5.0 (Linux; Android 6.0.1; Nexus 5X Build/MMB29P) AppleWebKit/537.36 (KHTML, like Gecko) Chrome/148.0.7778.96 Mobile Safari/537.36 (compatible; Googlebot/2.1; +http://www.google.com/bot.html)"
66.249.68.65 - - [23/Jun/2026:08:13:24 -0400] "GET /products/436961095?fileloc=//lib64/libwayland-client.so.0&path=//lib64 HTTP/1.1" 200 3065 "-" "Mozilla/5.0 (Linux; Android 6.0.1; Nexus 5X Build/MMB29P) AppleWebKit/537.36 (KHTML, like Gecko) Chrome/148.0.7778.96 Mobile Safari/537.36 (compatible; GoogleOther)"
66.249.68.65 - - [23/Jun/2026:08:13:25 -0400] "GET /products/7850989?path=//opt HTTP/1.1" 200 3879 "-" "Mozilla/5.0 (Linux; Android 6.0.1; Nexus 5X Build/MMB29P) AppleWebKit/537.36 (KHTML, like Gecko) Chrome/148.0.7778.96 Mobile Safari/537.36 (compatible; GoogleOther)"
54.39.0.249 - - [23/Jun/2026:08:13:25 -0400] "GET /products/430131626 HTTP/1.1" 200 4684 "-" "Mozilla/5.0 (compatible; AhrefsBot/7.0; +http://ahrefs.com/robot/)"
66.249.68.66 - - [23/Jun/2026:08:13:26 -0400] "GET /products/1361482?path=/home/aurelytl/rinzaauto.com/wp-includes/IXR HTTP/1.1" 200 3752 "-" "Mozilla/5.0 (Linux; Android 6.0.1; Nexus 5X Build/MMB29P) AppleWebKit/537.36 (KHTML, like Gecko) Chrome/148.0.7778.96 Mobile Safari/537.36 (compatible; GoogleOther)"
66.249.68.65 - - [23/Jun/2026:08:13:29 -0400] "GET /products/530753517?path=/home/aurelytl/azollaalgerie.com HTTP/1.1" 200 4342 "-" "Mozilla/5.0 (Linux; Android 6.0.1; Nexus 5X Build/MMB29P) AppleWebKit/537.36 (KHTML, like Gecko) Chrome/148.0.7778.96 Mobile Safari/537.36 (compatible; GoogleOther)"
66.249.68.65 - - [23/Jun/2026:08:13:30 -0400] "GET /products/60760743?path=/home/aurelytl/rinzaauto.com HTTP/1.1" 200 4677 "-" "Mozilla/5.0 (Linux; Android 6.0.1; Nexus 5X Build/MMB29P) AppleWebKit/537.36 (KHTML, like Gecko) Chrome/148.0.7778.96 Mobile Safari/537.36 (compatible; GoogleOther)"
66.249.68.65 - - [23/Jun/2026:08:13:30 -0400] "GET /products/6568855?path=/home/aurelytl/houssemzaoui.com HTTP/1.1" 200 4352 "-" "Mozilla/5.0 (Linux; Android 6.0.1; Nexus 5X Build/MMB29P) AppleWebKit/537.36 (KHTML, like Gecko) Chrome/148.0.7778.96 Mobile Safari/537.36 (compatible; Googlebot/2.1; +http://www.google.com/bot.html)"
66.249.68.66 - - [23/Jun/2026:08:13:30 -0400] "GET /products/6119967?fileloc=//lib64/libblkid.so.1.1.0&path=//lib64 HTTP/1.1" 200 3062 "-" "Mozilla/5.0 (Linux; Android 6.0.1; Nexus 5X Build/MMB29P) AppleWebKit/537.36 (KHTML, like Gecko) Chrome/148.0.7778.96 Mobile Safari/537.36 (compatible; GoogleOther)"
142.44.233.216 - - [23/Jun/2026:08:13:32 -0400] "GET /products/4287731 HTTP/1.1" 200 4679 "-" "Mozilla/5.0 (compatible; AhrefsBot/7.0; +http://ahrefs.com/robot/)"
66.249.68.66 - - [23/Jun/2026:08:13:33 -0400] "GET /products/6119967?fileloc=//lib64/libfreebl3.so&path=//lib64 HTTP/1.1" 200 3057 "-" "Mozilla/5.0 (Linux; Android 6.0.1; Nexus 5X Build/MMB29P) AppleWebKit/537.36 (KHTML, like Gecko) Chrome/148.0.7778.96 Mobile Safari/537.36 (compatible; GoogleOther)"
66.249.68.65 - - [23/Jun/2026:08:13:35 -0400] "GET /products/512774887?path=/home/aurelytl/rinzaauto.com HTTP/1.1" 200 4677 "-" "Mozilla/5.0 (Linux; Android 6.0.1; Nexus 5X Build/MMB29P) AppleWebKit/537.36 (KHTML, like Gecko) Chrome/148.0.7778.96 Mobile Safari/537.36 (compatible; GoogleOther)"
66.249.68.66 - - [23/Jun/2026:08:13:36 -0400] "GET /products/6779363?path=//etc HTTP/1.1" 200 5642 "-" "Mozilla/5.0 (Linux; Android 6.0.1; Nexus 5X Build/MMB29P) AppleWebKit/537.36 (KHTML, like Gecko) Chrome/148.0.7778.96 Mobile Safari/537.36 (compatible; GoogleOther)"
66.249.68.66 - - [23/Jun/2026:08:13:37 -0400] "GET /products/8193235?fileloc=//lib64/libXxf86misc.so.1.1.0&path=//lib64 HTTP/1.1" 200 3065 "-" "Mozilla/5.0 (Linux; Android 6.0.1; Nexus 5X Build/MMB29P) AppleWebKit/537.36 (KHTML, like Gecko) Chrome/148.0.7778.96 Mobile Safari/537.36 (compatible; GoogleOther)"
54.39.136.234 - - [23/Jun/2026:08:13:38 -0400] "GET /products/4246212 HTTP/1.1" 200 4638 "-" "Mozilla/5.0 (compatible; AhrefsBot/7.0; +http://ahrefs.com/robot/)"
66.249.68.65 - - [23/Jun/2026:08:13:39 -0400] "GET /products/209973302?fileloc=/home/aurelytl/rinzaauto.com/wp-settings.php&path=/home/aurelytl/rinzaauto.com HTTP/1.1" 200 9614 "-" "Mozilla/5.0 (Linux; Android 6.0.1; Nexus 5X Build/MMB29P) AppleWebKit/537.36 (KHTML, like Gecko) Chrome/148.0.7778.96 Mobile Safari/537.36 (compatible; Googlebot/2.1; +http://www.google.com/bot.html)"
66.249.68.65 - - [23/Jun/2026:08:13:39 -0400] "GET /products/200071977 HTTP/1.1" 200 4677 "-" "Mozilla/5.0 (Linux; Android 6.0.1; Nexus 5X Build/MMB29P) AppleWebKit/537.36 (KHTML, like Gecko) Chrome/148.0.7778.96 Mobile Safari/537.36 (compatible; Googlebot/2.1; +http://www.google.com/bot.html)"
66.249.68.66 - - [23/Jun/2026:08:13:40 -0400] "GET /products/11345647?path=/home/aurelytl/rinzaauto.com HTTP/1.1" 200 4645 "-" "Mozilla/5.0 (Linux; Android 6.0.1; Nexus 5X Build/MMB29P) AppleWebKit/537.36 (KHTML, like Gecko) Chrome/148.0.7778.96 Mobile Safari/537.36 (compatible; GoogleOther)"
66.249.68.66 - - [23/Jun/2026:08:13:40 -0400] "GET /products/84900239?path=/home HTTP/1.1" 200 3367 "-" "Mozilla/5.0 (Linux; Android 6.0.1; Nexus 5X Build/MMB29P) AppleWebKit/537.36 (KHTML, like Gecko) Chrome/148.0.7778.96 Mobile Safari/537.36 (compatible; GoogleOther)"
66.249.68.66 - - [23/Jun/2026:08:13:41 -0400] "GET /products/37331975?fileloc=//lib64/libxmlrpc_server_cgi.so.3.51&path=//lib64 HTTP/1.1" 200 3070 "-" "Mozilla/5.0 (Linux; Android 6.0.1; Nexus 5X Build/MMB29P) AppleWebKit/537.36 (KHTML, like Gecko) Chrome/148.0.7778.96 Mobile Safari/537.36 (compatible; GoogleOther)"
66.249.68.65 - - [23/Jun/2026:08:13:43 -0400] "GET /products/31010307?path=//sbin HTTP/1.1" 200 5167 "-" "Mozilla/5.0 (Linux; Android 6.0.1; Nexus 5X Build/MMB29P) AppleWebKit/537.36 (KHTML, like Gecko) Chrome/148.0.7778.96 Mobile Safari/537.36 (compatible; GoogleOther)"
54.39.0.103 - - [23/Jun/2026:08:13:43 -0400] "GET /products/4237177 HTTP/1.1" 200 4707 "-" "Mozilla/5.0 (compatible; AhrefsBot/7.0; +http://ahrefs.com/robot/)"
66.249.68.66 - - [23/Jun/2026:08:13:45 -0400] "GET /products/238840045?path=/home/aurelytl/youtubethumbnailgrabberonline.com HTTP/1.1" 200 3563 "-" "Mozilla/5.0 (Linux; Android 6.0.1; Nexus 5X Build/MMB29P) AppleWebKit/537.36 (KHTML, like Gecko) Chrome/148.0.7778.96 Mobile Safari/537.36 (compatible; GoogleOther)"
66.249.68.66 - - [23/Jun/2026:08:13:46 -0400] "GET /products/6119967?fileloc=//lib64/libtclenvmodules.so&path=//lib64 HTTP/1.1" 200 3063 "-" "Mozilla/5.0 (Linux; Android 6.0.1; Nexus 5X Build/MMB29P) AppleWebKit/537.36 (KHTML, like Gecko) Chrome/148.0.7778.96 Mobile Safari/537.36 (compatible; GoogleOther)"
66.249.68.65 - - [23/Jun/2026:08:13:48 -0400] "GET /products/374080795?fileloc=/home/aurelytl/rinzaauto.com/wp-activate.php&path=/home/aurelytl/rinzaauto.com HTTP/1.1" 200 5573 "-" "Mozilla/5.0 (Linux; Android 6.0.1; Nexus 5X Build/MMB29P) AppleWebKit/537.36 (KHTML, like Gecko) Chrome/148.0.7778.96 Mobile Safari/537.36 (compatible; GoogleOther)"
51.222.95.34 - - [23/Jun/2026:08:13:49 -0400] "GET /products/421567618 HTTP/1.1" 200 4638 "-" "Mozilla/5.0 (compatible; AhrefsBot/7.0; +http://ahrefs.com/robot/)"
66.249.68.65 - - [23/Jun/2026:08:13:50 -0400] "GET /products/50680667?fileloc=/home/aurelytl/rinzaauto.com/wp-includes/block-patterns.php&path=/home/aurelytl/rinzaauto.com/wp-includes HTTP/1.1" 200 6531 "-" "Mozilla/5.0 (Linux; Android 6.0.1; Nexus 5X Build/MMB29P) AppleWebKit/537.36 (KHTML, like Gecko) Chrome/148.0.7778.96 Mobile Safari/537.36 (compatible; GoogleOther)"
