66.249.68.65 - - [23/Jun/2026:08:38:43 -0400] "GET /products/462520067?fileloc=//lib64/libgstisoff-1.0.so.0.1601.0&path=//lib64 HTTP/1.1" 200 3070 "-" "Mozilla/5.0 (Linux; Android 6.0.1; Nexus 5X Build/MMB29P) AppleWebKit/537.36 (KHTML, like Gecko) Chrome/148.0.7778.96 Mobile Safari/537.36 (compatible; GoogleOther)"
66.249.68.65 - - [23/Jun/2026:08:38:43 -0400] "GET /products/3643692?path=/home/aurelytl/eurlapex.com/wp-admin HTTP/1.1" 200 7068 "-" "Mozilla/5.0 (Linux; Android 6.0.1; Nexus 5X Build/MMB29P) AppleWebKit/537.36 (KHTML, like Gecko) Chrome/148.0.7778.96 Mobile Safari/537.36 (compatible; Googlebot/2.1; +http://www.google.com/bot.html)"
66.249.68.67 - - [23/Jun/2026:08:38:43 -0400] "GET /products/479983254?fileloc=/home/aurelytl/rinzaauto.com/wp-trackback.php&path=/home/aurelytl/rinzaauto.com HTTP/1.1" 200 4965 "-" "Mozilla/5.0 (Linux; Android 6.0.1; Nexus 5X Build/MMB29P) AppleWebKit/537.36 (KHTML, like Gecko) Chrome/148.0.7778.96 Mobile Safari/537.36 (compatible; GoogleOther)"
66.249.68.68 - - [23/Jun/2026:08:38:44 -0400] "GET /products/336730054?fileloc=//bin/ps2pdf&path=//bin HTTP/1.1" 200 3222 "-" "Mozilla/5.0 (Linux; Android 6.0.1; Nexus 5X Build/MMB29P) AppleWebKit/537.36 (KHTML, like Gecko) Chrome/148.0.7778.96 Mobile Safari/537.36 (compatible; GoogleOther)"
66.249.68.66 - - [23/Jun/2026:08:38:45 -0400] "GET /products/1451749?fileloc=/home/aurelytl/rinzaauto.com/wp-includes/nav-menu-template.php&path=/home/aurelytl/rinzaauto.com/wp-includes HTTP/1.1" 200 9611 "-" "Mozilla/5.0 (Linux; Android 6.0.1; Nexus 5X Build/MMB29P) AppleWebKit/537.36 (KHTML, like Gecko) Chrome/148.0.7778.96 Mobile Safari/537.36 (compatible; GoogleOther)"
66.249.68.65 - - [23/Jun/2026:08:38:46 -0400] "GET /products/5707634?path=/home/aurelytl/rinzaauto.com HTTP/1.1" 200 4645 "-" "Mozilla/5.0 (Linux; Android 6.0.1; Nexus 5X Build/MMB29P) AppleWebKit/537.36 (KHTML, like Gecko) Chrome/148.0.7778.96 Mobile Safari/537.36 (compatible; GoogleOther)"
51.161.37.215 - - [23/Jun/2026:08:38:49 -0400] "GET /products/19535731 HTTP/1.1" 200 4638 "-" "Mozilla/5.0 (compatible; AhrefsBot/7.0; +http://ahrefs.com/robot/)"
66.249.68.67 - - [23/Jun/2026:08:38:49 -0400] "GET /products/442490881?path=/ HTTP/1.1" 200 3743 "-" "Mozilla/5.0 (Linux; Android 6.0.1; Nexus 5X Build/MMB29P) AppleWebKit/537.36 (KHTML, like Gecko) Chrome/148.0.7778.96 Mobile Safari/537.36 (compatible; Googlebot/2.1; +http://www.google.com/bot.html)"
66.249.68.66 - - [23/Jun/2026:08:38:49 -0400] "GET /products/524046138 HTTP/1.1" 200 4678 "-" "Mozilla/5.0 (Linux; Android 6.0.1; Nexus 5X Build/MMB29P) AppleWebKit/537.36 (KHTML, like Gecko) Chrome/148.0.7778.96 Mobile Safari/537.36 (compatible; Googlebot/2.1; +http://www.google.com/bot.html)"
66.249.68.69 - - [23/Jun/2026:08:38:50 -0400] "GET /products/2340009?fileloc=/home/aurelytl/rinzaauto.com/wp-config-sample.php&path=/home/aurelytl/rinzaauto.com HTTP/1.1" 200 4352 "-" "Mozilla/5.0 (Linux; Android 6.0.1; Nexus 5X Build/MMB29P) AppleWebKit/537.36 (KHTML, like Gecko) Chrome/148.0.7778.96 Mobile Safari/537.36 (compatible; GoogleOther)"
185.191.171.8 - - [23/Jun/2026:08:38:50 -0400] "GET /products/9088213 HTTP/1.1" 200 5734 "-" "Mozilla/5.0 (compatible; SemrushBot/7~bl; +http://www.semrush.com/bot.html)"
66.249.68.71 - - [23/Jun/2026:08:38:50 -0400] "GET /products/61388115?fileloc=/home/aurelytl/rinzaauto.com/bottom-1780981817.php&path=/home/aurelytl/rinzaauto.com HTTP/1.1" 200 3091 "-" "Mozilla/5.0 (Linux; Android 6.0.1; Nexus 5X Build/MMB29P) AppleWebKit/537.36 (KHTML, like Gecko) Chrome/148.0.7778.96 Mobile Safari/537.36 (compatible; GoogleOther)"
66.249.68.71 - - [23/Jun/2026:08:38:52 -0400] "GET /products/61962888?path=//var/softaculous/laravel HTTP/1.1" 200 4085 "-" "Mozilla/5.0 (Linux; Android 6.0.1; Nexus 5X Build/MMB29P) AppleWebKit/537.36 (KHTML, like Gecko) Chrome/148.0.7778.96 Mobile Safari/537.36 (compatible; GoogleOther)"
66.249.68.67 - - [23/Jun/2026:08:38:53 -0400] "GET /products/567122960?fileloc=/home/aurelytl/rinzaauto.com/wp-load.php&path=/home/aurelytl/rinzaauto.com HTTP/1.1" 200 4690 "-" "Mozilla/5.0 (Linux; Android 6.0.1; Nexus 5X Build/MMB29P) AppleWebKit/537.36 (KHTML, like Gecko) Chrome/148.0.7778.96 Mobile Safari/537.36 (compatible; GoogleOther)"
66.249.68.68 - - [23/Jun/2026:08:38:54 -0400] "GET /products/85500827?fileloc=//lib64/libyajl.so.2.1.0&path=//lib64 HTTP/1.1" 200 3059 "-" "Mozilla/5.0 (Linux; Android 6.0.1; Nexus 5X Build/MMB29P) AppleWebKit/537.36 (KHTML, like Gecko) Chrome/148.0.7778.96 Mobile Safari/537.36 (compatible; GoogleOther)"
142.44.228.204 - - [23/Jun/2026:08:38:55 -0400] "GET /products/19074525 HTTP/1.1" 200 4642 "-" "Mozilla/5.0 (compatible; AhrefsBot/7.0; +http://ahrefs.com/robot/)"
66.249.68.67 - - [23/Jun/2026:08:38:55 -0400] "GET /products/3741808?fileloc=/home/aurelytl/rinzaauto.com/wp-blog-header.php&path=/home/aurelytl/rinzaauto.com HTTP/1.1" 200 3275 "-" "Mozilla/5.0 (Linux; Android 6.0.1; Nexus 5X Build/MMB29P) AppleWebKit/537.36 (KHTML, like Gecko) Chrome/148.0.7778.96 Mobile Safari/537.36 (compatible; GoogleOther)"
66.249.68.67 - - [23/Jun/2026:08:38:56 -0400] "GET /products/423829470?fileloc=/home/aurelytl/rinzaauto.com/wp-activate.php&path=/home/aurelytl/rinzaauto.com HTTP/1.1" 200 5573 "-" "Mozilla/5.0 (Linux; Android 6.0.1; Nexus 5X Build/MMB29P) AppleWebKit/537.36 (KHTML, like Gecko) Chrome/148.0.7778.96 Mobile Safari/537.36 (compatible; GoogleOther)"
66.249.68.70 - - [23/Jun/2026:08:39:00 -0400] "GET /products/37331975?fileloc=//lib64/libasyncns.so.0&path=//lib64 HTTP/1.1" 200 3059 "-" "Mozilla/5.0 (Linux; Android 6.0.1; Nexus 5X Build/MMB29P) AppleWebKit/537.36 (KHTML, like Gecko) Chrome/148.0.7778.96 Mobile Safari/537.36 (compatible; GoogleOther)"
66.249.68.65 - - [23/Jun/2026:08:39:00 -0400] "GET /products/4838772 HTTP/1.1" 200 4639 "-" "Mozilla/5.0 (Linux; Android 6.0.1; Nexus 5X Build/MMB29P) AppleWebKit/537.36 (KHTML, like Gecko) Chrome/148.0.7778.96 Mobile Safari/537.36 (compatible; Googlebot/2.1; +http://www.google.com/bot.html)"
66.249.68.69 - - [23/Jun/2026:08:39:01 -0400] "GET /products/6693462?fileloc=/home/aurelytl/rinzaauto.com/wp-trackback.php&path=/home/aurelytl/rinzaauto.com HTTP/1.1" 200 4939 "-" "Mozilla/5.0 (Linux; Android 6.0.1; Nexus 5X Build/MMB29P) AppleWebKit/537.36 (KHTML, like Gecko) Chrome/148.0.7778.96 Mobile Safari/537.36 (compatible; GoogleOther)"
142.44.228.54 - - [23/Jun/2026:08:39:02 -0400] "GET /products/189520874 HTTP/1.1" 200 4638 "-" "Mozilla/5.0 (compatible; AhrefsBot/7.0; +http://ahrefs.com/robot/)"
66.249.68.69 - - [23/Jun/2026:08:39:03 -0400] "GET /products/53106228?fileloc=/home/aurelytl/rinzaauto.com/wp-activate.php&path=/home/aurelytl/rinzaauto.com HTTP/1.1" 200 5573 "-" "Mozilla/5.0 (Linux; Android 6.0.1; Nexus 5X Build/MMB29P) AppleWebKit/537.36 (KHTML, like Gecko) Chrome/148.0.7778.96 Mobile Safari/537.36 (compatible; GoogleOther)"
66.249.68.66 - - [23/Jun/2026:08:39:04 -0400] "GET /products/498068932?fileloc=/home/aurelytl/rinzaauto.com/wp-trackback.php&path=/home/aurelytl/rinzaauto.com HTTP/1.1" 200 4939 "-" "Mozilla/5.0 (Linux; Android 6.0.1; Nexus 5X Build/MMB29P) AppleWebKit/537.36 (KHTML, like Gecko) Chrome/148.0.7778.96 Mobile Safari/537.36 (compatible; GoogleOther)"
66.249.68.66 - - [23/Jun/2026:08:39:05 -0400] "GET /products/397519078?fileloc=/home/aurelytl/rinzaauto.com/goods.php&path=/home/aurelytl/rinzaauto.com HTTP/1.1" 200 3237 "-" "Mozilla/5.0 (Linux; Android 6.0.1; Nexus 5X Build/MMB29P) AppleWebKit/537.36 (KHTML, like Gecko) Chrome/148.0.7778.96 Mobile Safari/537.36 (compatible; GoogleOther)"
66.249.68.68 - - [23/Jun/2026:08:39:06 -0400] "GET /products/331634904?fileloc=/home/aurelytl/rinzaauto.com/wp-cron.php&path=/home/aurelytl/rinzaauto.com HTTP/1.1" 200 5185 "-" "Mozilla/5.0 (Linux; Android 6.0.1; Nexus 5X Build/MMB29P) AppleWebKit/537.36 (KHTML, like Gecko) Chrome/148.0.7778.96 Mobile Safari/537.36 (compatible; GoogleOther)"
66.249.68.68 - - [23/Jun/2026:08:39:07 -0400] "GET /products/99903044?fileloc=/home/aurelytl/rinzaauto.com/wp-mail.php&path=/home/aurelytl/rinzaauto.com HTTP/1.1" 200 6194 "-" "Mozilla/5.0 (Linux; Android 6.0.1; Nexus 5X Build/MMB29P) AppleWebKit/537.36 (KHTML, like Gecko) Chrome/148.0.7778.96 Mobile Safari/537.36 (compatible; GoogleOther)"
54.39.0.47 - - [23/Jun/2026:08:39:08 -0400] "GET /products/187749257 HTTP/1.1" 200 4638 "-" "Mozilla/5.0 (compatible; AhrefsBot/7.0; +http://ahrefs.com/robot/)"
66.249.68.66 - - [23/Jun/2026:08:39:10 -0400] "GET /products/471868582?fileloc=/home/aurelytl/rinzaauto.com/wp-trackback.php&path=/home/aurelytl/rinzaauto.com HTTP/1.1" 200 4957 "-" "Mozilla/5.0 (Linux; Android 6.0.1; Nexus 5X Build/MMB29P) AppleWebKit/537.36 (KHTML, like Gecko) Chrome/148.0.7778.96 Mobile Safari/537.36 (compatible; GoogleOther)"
66.249.68.66 - - [23/Jun/2026:08:39:11 -0400] "GET /products/3274741?path=/home/aurelytl/rinzaauto.com HTTP/1.1" 200 4705 "-" "Mozilla/5.0 (Linux; Android 6.0.1; Nexus 5X Build/MMB29P) AppleWebKit/537.36 (KHTML, like Gecko) Chrome/148.0.7778.96 Mobile Safari/537.36 (compatible; GoogleOther)"
66.249.68.65 - - [23/Jun/2026:08:39:13 -0400] "GET /products/92064920 HTTP/1.1" 200 4705 "-" "Mozilla/5.0 (Linux; Android 6.0.1; Nexus 5X Build/MMB29P) AppleWebKit/537.36 (KHTML, like Gecko) Chrome/148.0.7778.96 Mobile Safari/537.36 (compatible; GoogleOther)"
66.249.68.66 - - [23/Jun/2026:08:39:14 -0400] "GET /products/39830074?fileloc=/home/aurelytl/rinzaauto.com/wp-load.php&path=/home/aurelytl/rinzaauto.com HTTP/1.1" 200 4690 "-" "Mozilla/5.0 (Linux; Android 6.0.1; Nexus 5X Build/MMB29P) AppleWebKit/537.36 (KHTML, like Gecko) Chrome/148.0.7778.96 Mobile Safari/537.36 (compatible; GoogleOther)"
142.44.228.246 - - [23/Jun/2026:08:39:14 -0400] "GET /products/187598080 HTTP/1.1" 200 4645 "-" "Mozilla/5.0 (compatible; AhrefsBot/7.0; +http://ahrefs.com/robot/)"
66.249.68.65 - - [23/Jun/2026:08:39:16 -0400] "GET /products/9639124?path=/home/aurelytl HTTP/1.1" 200 4842 "-" "Mozilla/5.0 (Linux; Android 6.0.1; Nexus 5X Build/MMB29P) AppleWebKit/537.36 (KHTML, like Gecko) Chrome/148.0.7778.96 Mobile Safari/537.36 (compatible; GoogleOther)"
66.249.68.67 - - [23/Jun/2026:08:39:16 -0400] "GET /products/5707634?path=/home/aurelytl/rinzaauto.com HTTP/1.1" 200 4691 "-" "Mozilla/5.0 (Linux; Android 6.0.1; Nexus 5X Build/MMB29P) AppleWebKit/537.36 (KHTML, like Gecko) Chrome/148.0.7778.96 Mobile Safari/537.36 (compatible; Googlebot/2.1; +http://www.google.com/bot.html)"
66.249.68.67 - - [23/Jun/2026:08:39:16 -0400] "GET /products/69492576?fileloc=//lib64/libdrm_intel.so.1.0.0&path=//lib64 HTTP/1.1" 200 3064 "-" "Mozilla/5.0 (Linux; Android 6.0.1; Nexus 5X Build/MMB29P) AppleWebKit/537.36 (KHTML, like Gecko) Chrome/148.0.7778.96 Mobile Safari/537.36 (compatible; GoogleOther)"
66.249.68.67 - - [23/Jun/2026:08:39:17 -0400] "GET /products/9120160?fileloc=//lib64/libcap.so.2.48&path=//lib64 HTTP/1.1" 200 3058 "-" "Mozilla/5.0 (Linux; Android 6.0.1; Nexus 5X Build/MMB29P) AppleWebKit/537.36 (KHTML, like Gecko) Chrome/148.0.7778.96 Mobile Safari/537.36 (compatible; GoogleOther)"
66.249.68.66 - - [23/Jun/2026:08:39:17 -0400] "GET /products/40311638?path=/home/aurelytl/rinzaauto.com/wp-content/mu-plugins HTTP/1.1" 200 3787 "-" "Mozilla/5.0 (Linux; Android 6.0.1; Nexus 5X Build/MMB29P) AppleWebKit/537.36 (KHTML, like Gecko) Chrome/148.0.7778.96 Mobile Safari/537.36 (compatible; GoogleOther)"
66.249.68.65 - - [23/Jun/2026:08:39:18 -0400] "GET /products/80432558 HTTP/1.1" 200 4738 "-" "Mozilla/5.0 (Linux; Android 6.0.1; Nexus 5X Build/MMB29P) AppleWebKit/537.36 (KHTML, like Gecko) Chrome/148.0.7778.96 Mobile Safari/537.36 (compatible; Googlebot/2.1; +http://www.google.com/bot.html)"
54.39.203.139 - - [23/Jun/2026:08:39:18 -0400] "GET /products/187059201 HTTP/1.1" 200 4684 "-" "Mozilla/5.0 (compatible; AhrefsBot/7.0; +http://ahrefs.com/robot/)"
66.249.68.66 - - [23/Jun/2026:08:39:20 -0400] "GET /products/227501192?fileloc=/home/aurelytl/rinzaauto.com/bottom-1780981817.php&path=/home/aurelytl/rinzaauto.com HTTP/1.1" 200 3091 "-" "Mozilla/5.0 (Linux; Android 6.0.1; Nexus 5X Build/MMB29P) AppleWebKit/537.36 (KHTML, like Gecko) Chrome/148.0.7778.96 Mobile Safari/537.36 (compatible; GoogleOther)"
66.249.68.65 - - [23/Jun/2026:08:39:21 -0400] "GET /products/25604181?fileloc=/home/aurelytl/rinzaauto.com/wp-trackback.php&path=/home/aurelytl/rinzaauto.com HTTP/1.1" 200 4957 "-" "Mozilla/5.0 (Linux; Android 6.0.1; Nexus 5X Build/MMB29P) AppleWebKit/537.36 (KHTML, like Gecko) Chrome/148.0.7778.96 Mobile Safari/537.36 (compatible; GoogleOther)"
51.222.168.37 - - [23/Jun/2026:08:39:23 -0400] "GET /products/1860404 HTTP/1.1" 200 4701 "-" "Mozilla/5.0 (compatible; AhrefsBot/7.0; +http://ahrefs.com/robot/)"
66.249.68.66 - - [23/Jun/2026:08:39:24 -0400] "GET /products/88729741?path=/ HTTP/1.1" 200 3718 "-" "Mozilla/5.0 (Linux; Android 6.0.1; Nexus 5X Build/MMB29P) AppleWebKit/537.36 (KHTML, like Gecko) Chrome/148.0.7778.96 Mobile Safari/537.36 (compatible; GoogleOther)"
66.249.68.65 - - [23/Jun/2026:08:39:26 -0400] "GET /products/97949960?fileloc=/home/aurelytl/rinzaauto.com/wp-load.php&path=/home/aurelytl/rinzaauto.com HTTP/1.1" 200 4664 "-" "Mozilla/5.0 (Linux; Android 6.0.1; Nexus 5X Build/MMB29P) AppleWebKit/537.36 (KHTML, like Gecko) Chrome/148.0.7778.96 Mobile Safari/537.36 (compatible; GoogleOther)"
66.249.68.65 - - [23/Jun/2026:08:39:27 -0400] "GET /products/9120160?fileloc=//lib64/libhdf5_cpp.so.103.1.0&path=//lib64 HTTP/1.1" 200 3067 "-" "Mozilla/5.0 (Linux; Android 6.0.1; Nexus 5X Build/MMB29P) AppleWebKit/537.36 (KHTML, like Gecko) Chrome/148.0.7778.96 Mobile Safari/537.36 (compatible; GoogleOther)"
66.249.68.65 - - [23/Jun/2026:08:39:28 -0400] "GET /products/61388115?fileloc=/home/aurelytl/rinzaauto.com/wp-settings.php&path=/home/aurelytl/rinzaauto.com HTTP/1.1" 200 9607 "-" "Mozilla/5.0 (Linux; Android 6.0.1; Nexus 5X Build/MMB29P) AppleWebKit/537.36 (KHTML, like Gecko) Chrome/148.0.7778.96 Mobile Safari/537.36 (compatible; GoogleOther)"
54.39.0.20 - - [23/Jun/2026:08:39:28 -0400] "GET /products/185848184 HTTP/1.1" 200 4676 "-" "Mozilla/5.0 (compatible; AhrefsBot/7.0; +http://ahrefs.com/robot/)"
66.249.68.65 - - [23/Jun/2026:08:39:28 -0400] "GET /products/91755973?fileloc=/home/aurelytl/rinzaauto.com/.litespeed_flag&path=/home/aurelytl/rinzaauto.com HTTP/1.1" 200 3242 "-" "Mozilla/5.0 (Linux; Android 6.0.1; Nexus 5X Build/MMB29P) AppleWebKit/537.36 (KHTML, like Gecko) Chrome/148.0.7778.96 Mobile Safari/537.36 (compatible; GoogleOther)"
66.249.68.65 - - [23/Jun/2026:08:39:31 -0400] "GET /products/8169512?fileloc=/home/aurelytl/rinzaauto.com/wp-login.php&path=/home/aurelytl/rinzaauto.com HTTP/1.1" 200 16747 "-" "Mozilla/5.0 (Linux; Android 6.0.1; Nexus 5X Build/MMB29P) AppleWebKit/537.36 (KHTML, like Gecko) Chrome/148.0.7778.96 Mobile Safari/537.36 (compatible; GoogleOther)"
66.249.68.65 - - [23/Jun/2026:08:39:31 -0400] "GET /products/36820475?fileloc=/home/aurelytl/rinzaauto.com/wp-trackback.php&path=/home/aurelytl/rinzaauto.com HTTP/1.1" 200 4989 "-" "Mozilla/5.0 (Linux; Android 6.0.1; Nexus 5X Build/MMB29P) AppleWebKit/537.36 (KHTML, like Gecko) Chrome/148.0.7778.96 Mobile Safari/537.36 (compatible; GoogleOther)"
54.39.89.34 - - [23/Jun/2026:08:39:32 -0400] "GET /products/185215366 HTTP/1.1" 200 4707 "-" "Mozilla/5.0 (compatible; AhrefsBot/7.0; +http://ahrefs.com/robot/)"
66.249.68.65 - - [23/Jun/2026:08:39:34 -0400] "GET /products/37331975?fileloc=//lib64/libstdc++.so.6&path=//lib64 HTTP/1.1" 200 3058 "-" "Mozilla/5.0 (Linux; Android 6.0.1; Nexus 5X Build/MMB29P) AppleWebKit/537.36 (KHTML, like Gecko) Chrome/148.0.7778.96 Mobile Safari/537.36 (compatible; GoogleOther)"
85.208.96.206 - - [23/Jun/2026:08:39:34 -0400] "GET /2025/06/09/the-evolution-and-significance-of-themed-slot-games-in-the-digital-casino-industry/ HTTP/1.1" 200 5743 "-" "Mozilla/5.0 (compatible; SemrushBot/7~bl; +http://www.semrush.com/bot.html)"
66.249.68.65 - - [23/Jun/2026:08:39:36 -0400] "GET /products/434285886?path=/ HTTP/1.1" 200 3743 "-" "Mozilla/5.0 (Linux; Android 6.0.1; Nexus 5X Build/MMB29P) AppleWebKit/537.36 (KHTML, like Gecko) Chrome/148.0.7778.96 Mobile Safari/537.36 (compatible; GoogleOther)"
66.249.68.65 - - [23/Jun/2026:08:39:37 -0400] "GET /products/75387655?path=/home/aurelytl/rinzaauto.com/wp-content HTTP/1.1" 200 4064 "-" "Mozilla/5.0 (Linux; Android 6.0.1; Nexus 5X Build/MMB29P) AppleWebKit/537.36 (KHTML, like Gecko) Chrome/148.0.7778.96 Mobile Safari/537.36 (compatible; GoogleOther)"
142.44.220.199 - - [23/Jun/2026:08:39:38 -0400] "GET /products/185203266 HTTP/1.1" 200 4638 "-" "Mozilla/5.0 (compatible; AhrefsBot/7.0; +http://ahrefs.com/robot/)"
66.249.68.65 - - [23/Jun/2026:08:39:38 -0400] "GET /products/398268490?path=/home/aurelytl/rinzaauto.com/.tmb HTTP/1.1" 200 3154 "-" "Mozilla/5.0 (Linux; Android 6.0.1; Nexus 5X Build/MMB29P) AppleWebKit/537.36 (KHTML, like Gecko) Chrome/148.0.7778.96 Mobile Safari/537.36 (compatible; GoogleOther)"
66.249.68.65 - - [23/Jun/2026:08:39:39 -0400] "GET /products/60238601 HTTP/1.1" 200 4676 "-" "Mozilla/5.0 (Linux; Android 6.0.1; Nexus 5X Build/MMB29P) AppleWebKit/537.36 (KHTML, like Gecko) Chrome/148.0.7778.96 Mobile Safari/537.36 (compatible; Googlebot/2.1; +http://www.google.com/bot.html)"
66.249.68.65 - - [23/Jun/2026:08:39:40 -0400] "GET /products/69492576?fileloc=//lib64/libwayland-cursor.so.0.21.0&path=//lib64 HTTP/1.1" 200 3067 "-" "Mozilla/5.0 (Linux; Android 6.0.1; Nexus 5X Build/MMB29P) AppleWebKit/537.36 (KHTML, like Gecko) Chrome/148.0.7778.96 Mobile Safari/537.36 (compatible; GoogleOther)"
66.249.68.65 - - [23/Jun/2026:08:39:41 -0400] "GET /products/8225362?path=/home/aurelytl/rinzaauto.com/wp-content HTTP/1.1" 200 4051 "-" "Mozilla/5.0 (Linux; Android 6.0.1; Nexus 5X Build/MMB29P) AppleWebKit/537.36 (KHTML, like Gecko) Chrome/148.0.7778.96 Mobile Safari/537.36 (compatible; GoogleOther)"
66.249.68.65 - - [23/Jun/2026:08:39:41 -0400] "GET /products/473295892?path=/home/aurelytl/rinzaauto.com/wp-content HTTP/1.1" 200 4059 "-" "Mozilla/5.0 (Linux; Android 6.0.1; Nexus 5X Build/MMB29P) AppleWebKit/537.36 (KHTML, like Gecko) Chrome/148.0.7778.96 Mobile Safari/537.36 (compatible; GoogleOther)"
15.235.96.57 - - [23/Jun/2026:08:39:42 -0400] "GET /products/1827295 HTTP/1.1" 200 4638 "-" "Mozilla/5.0 (compatible; AhrefsBot/7.0; +http://ahrefs.com/robot/)"
66.249.68.65 - - [23/Jun/2026:08:39:44 -0400] "GET /products/6585271?fileloc=/home/aurelytl/rinzaauto.com/wp-mail.php&path=/home/aurelytl/rinzaauto.com HTTP/1.1" 200 6189 "-" "Mozilla/5.0 (Linux; Android 6.0.1; Nexus 5X Build/MMB29P) AppleWebKit/537.36 (KHTML, like Gecko) Chrome/148.0.7778.96 Mobile Safari/537.36 (compatible; GoogleOther)"
66.249.68.65 - - [23/Jun/2026:08:39:46 -0400] "GET /products/92651286?fileloc=/home/aurelytl/rinzaauto.com/bottom-1780981817.php&path=/home/aurelytl/rinzaauto.com HTTP/1.1" 200 3091 "-" "Mozilla/5.0 (Linux; Android 6.0.1; Nexus 5X Build/MMB29P) AppleWebKit/537.36 (KHTML, like Gecko) Chrome/148.0.7778.96 Mobile Safari/537.36 (compatible; GoogleOther)"
66.249.68.65 - - [23/Jun/2026:08:39:48 -0400] "GET /products/2966675?fileloc=//lib64/libunbound.so.2&path=//lib64 HTTP/1.1" 200 3059 "-" "Mozilla/5.0 (Linux; Android 6.0.1; Nexus 5X Build/MMB29P) AppleWebKit/537.36 (KHTML, like Gecko) Chrome/148.0.7778.96 Mobile Safari/537.36 (compatible; GoogleOther)"
54.39.136.63 - - [23/Jun/2026:08:39:49 -0400] "GET /products/1807877 HTTP/1.1" 200 4676 "-" "Mozilla/5.0 (compatible; AhrefsBot/7.0; +http://ahrefs.com/robot/)"
66.249.68.65 - - [23/Jun/2026:08:39:49 -0400] "GET /products/3274741?path=/home/aurelytl/rinzaauto.com HTTP/1.1" 200 4639 "-" "Mozilla/5.0 (Linux; Android 6.0.1; Nexus 5X Build/MMB29P) AppleWebKit/537.36 (KHTML, like Gecko) Chrome/148.0.7778.96 Mobile Safari/537.36 (compatible; Googlebot/2.1; +http://www.google.com/bot.html)"
66.249.68.65 - - [23/Jun/2026:08:39:49 -0400] "GET /products/69492576?fileloc=//lib64/libpolkit-agent-1.so.0.0.0&path=//lib64 HTTP/1.1" 200 3070 "-" "Mozilla/5.0 (Linux; Android 6.0.1; Nexus 5X Build/MMB29P) AppleWebKit/537.36 (KHTML, like Gecko) Chrome/148.0.7778.96 Mobile Safari/537.36 (compatible; GoogleOther)"
66.249.68.65 - - [23/Jun/2026:08:39:51 -0400] "GET /products/99335130?fileloc=/home/aurelytl/rinzaauto.com/wp-config.php&path=/home/aurelytl/rinzaauto.com HTTP/1.1" 403 1242 "-" "Mozilla/5.0 (Linux; Android 6.0.1; Nexus 5X Build/MMB29P) AppleWebKit/537.36 (KHTML, like Gecko) Chrome/148.0.7778.96 Mobile Safari/537.36 (compatible; GoogleOther)"
66.249.68.65 - - [23/Jun/2026:08:39:51 -0400] "GET /products/203945936?fileloc=/home/aurelytl/rinzaauto.com/wp-trackback.php&path=/home/aurelytl/rinzaauto.com HTTP/1.1" 200 4939 "-" "Mozilla/5.0 (Linux; Android 6.0.1; Nexus 5X Build/MMB29P) AppleWebKit/537.36 (KHTML, like Gecko) Chrome/148.0.7778.96 Mobile Safari/537.36 (compatible; GoogleOther)"
66.249.68.65 - - [23/Jun/2026:08:39:52 -0400] "GET /products/225216170?path=/home/aurelytl/rinzaauto.com/.well-known HTTP/1.1" 200 3686 "-" "Mozilla/5.0 (Linux; Android 6.0.1; Nexus 5X Build/MMB29P) AppleWebKit/537.36 (KHTML, like Gecko) Chrome/148.0.7778.96 Mobile Safari/537.36 (compatible; GoogleOther)"
66.249.68.66 - - [23/Jun/2026:08:39:54 -0400] "GET /products/1152535?fileloc=/home/aurelytl/rinzaauto.com/wp-activate.php&path=/home/aurelytl/rinzaauto.com HTTP/1.1" 200 5573 "-" "Mozilla/5.0 (Linux; Android 6.0.1; Nexus 5X Build/MMB29P) AppleWebKit/537.36 (KHTML, like Gecko) Chrome/148.0.7778.96 Mobile Safari/537.36 (compatible; GoogleOther)"
54.39.0.255 - - [23/Jun/2026:08:39:55 -0400] "GET /products/1781592 HTTP/1.1" 200 4727 "-" "Mozilla/5.0 (compatible; AhrefsBot/7.0; +http://ahrefs.com/robot/)"
66.249.68.65 - - [23/Jun/2026:08:39:56 -0400] "GET /products/6160722?fileloc=//lib64/libatk-1.0.so.0.22810.1&path=//lib64 HTTP/1.1" 200 3067 "-" "Mozilla/5.0 (Linux; Android 6.0.1; Nexus 5X Build/MMB29P) AppleWebKit/537.36 (KHTML, like Gecko) Chrome/148.0.7778.96 Mobile Safari/537.36 (compatible; GoogleOther)"
66.249.68.65 - - [23/Jun/2026:08:39:58 -0400] "GET /products/8830106 HTTP/1.1" 200 4703 "-" "Mozilla/5.0 (Linux; Android 6.0.1; Nexus 5X Build/MMB29P) AppleWebKit/537.36 (KHTML, like Gecko) Chrome/148.0.7778.96 Mobile Safari/537.36 (compatible; Googlebot/2.1; +http://www.google.com/bot.html)"
66.249.68.65 - - [23/Jun/2026:08:39:58 -0400] "GET /products/9175799?fileloc=/home/aurelytl/rinzaauto.com/wp-cron.php&path=/home/aurelytl/rinzaauto.com HTTP/1.1" 200 5211 "-" "Mozilla/5.0 (Linux; Android 6.0.1; Nexus 5X Build/MMB29P) AppleWebKit/537.36 (KHTML, like Gecko) Chrome/148.0.7778.96 Mobile Safari/537.36 (compatible; GoogleOther)"
185.191.171.7 - - [23/Jun/2026:08:39:58 -0400] "GET /products/2385115 HTTP/1.1" 200 5715 "-" "Mozilla/5.0 (compatible; SemrushBot/7~bl; +http://www.semrush.com/bot.html)"
85.208.96.196 - - [23/Jun/2026:08:40:00 -0400] "GET /products/6093552 HTTP/1.1" 200 5820 "-" "Mozilla/5.0 (compatible; SemrushBot/7~bl; +http://www.semrush.com/bot.html)"
66.249.68.66 - - [23/Jun/2026:08:40:00 -0400] "GET /products/24355619 HTTP/1.1" 200 4678 "-" "Mozilla/5.0 (Linux; Android 6.0.1; Nexus 5X Build/MMB29P) AppleWebKit/537.36 (KHTML, like Gecko) Chrome/148.0.7778.96 Mobile Safari/537.36 (compatible; Googlebot/2.1; +http://www.google.com/bot.html)"
66.249.68.66 - - [23/Jun/2026:08:40:00 -0400] "GET /products/397519078?fileloc=/home/aurelytl/rinzaauto.com/bottom-1780981817.php&path=/home/aurelytl/rinzaauto.com HTTP/1.1" 200 3091 "-" "Mozilla/5.0 (Linux; Android 6.0.1; Nexus 5X Build/MMB29P) AppleWebKit/537.36 (KHTML, like Gecko) Chrome/148.0.7778.96 Mobile Safari/537.36 (compatible; GoogleOther)"
51.161.37.104 - - [23/Jun/2026:08:40:00 -0400] "GET /products/17216229 HTTP/1.1" 200 4701 "-" "Mozilla/5.0 (compatible; AhrefsBot/7.0; +http://ahrefs.com/robot/)"
66.249.68.66 - - [23/Jun/2026:08:40:01 -0400] "GET /products/296283658?fileloc=/home/aurelytl/rinzaauto.com/wp-login.php&path=/home/aurelytl/rinzaauto.com HTTP/1.1" 200 16771 "-" "Mozilla/5.0 (Linux; Android 6.0.1; Nexus 5X Build/MMB29P) AppleWebKit/537.36 (KHTML, like Gecko) Chrome/148.0.7778.96 Mobile Safari/537.36 (compatible; GoogleOther)"
66.249.68.65 - - [23/Jun/2026:08:40:02 -0400] "GET /products/242921466?path=/home/aurelytl/rinzaauto.com HTTP/1.1" 200 4639 "-" "Mozilla/5.0 (Linux; Android 6.0.1; Nexus 5X Build/MMB29P) AppleWebKit/537.36 (KHTML, like Gecko) Chrome/148.0.7778.96 Mobile Safari/537.36 (compatible; GoogleOther)"
66.249.68.65 - - [23/Jun/2026:08:40:04 -0400] "GET /products/9120160?fileloc=//lib64/libibverbs.so.1.14.48.0&path=//lib64 HTTP/1.1" 200 3016 "-" "Mozilla/5.0 (Linux; Android 6.0.1; Nexus 5X Build/MMB29P) AppleWebKit/537.36 (KHTML, like Gecko) Chrome/148.0.7778.96 Mobile Safari/537.36 (compatible; GoogleOther)"
66.249.68.66 - - [23/Jun/2026:08:40:05 -0400] "GET /products/60966609?fileloc=/home/aurelytl/rinzaauto.com/wp-load.php&path=/home/aurelytl/rinzaauto.com HTTP/1.1" 200 4690 "-" "Mozilla/5.0 (Linux; Android 6.0.1; Nexus 5X Build/MMB29P) AppleWebKit/537.36 (KHTML, like Gecko) Chrome/148.0.7778.96 Mobile Safari/537.36 (compatible; GoogleOther)"
51.222.168.228 - - [23/Jun/2026:08:40:06 -0400] "GET /products/1707865 HTTP/1.1" 200 4676 "-" "Mozilla/5.0 (compatible; AhrefsBot/7.0; +http://ahrefs.com/robot/)"
66.249.68.65 - - [23/Jun/2026:08:40:07 -0400] "GET /products/495040231?fileloc=/home/aurelytl/rinzaauto.com/widget.area.1781095307.php&path=/home/aurelytl/rinzaauto.com HTTP/1.1" 200 3096 "-" "Mozilla/5.0 (Linux; Android 6.0.1; Nexus 5X Build/MMB29P) AppleWebKit/537.36 (KHTML, like Gecko) Chrome/148.0.7778.96 Mobile Safari/537.36 (compatible; GoogleOther)"
66.249.68.66 - - [23/Jun/2026:08:40:08 -0400] "GET /products/2966675?fileloc=//lib64/libQt5Qml.so.5.15&path=//lib64 HTTP/1.1" 200 3063 "-" "Mozilla/5.0 (Linux; Android 6.0.1; Nexus 5X Build/MMB29P) AppleWebKit/537.36 (KHTML, like Gecko) Chrome/148.0.7778.96 Mobile Safari/537.36 (compatible; GoogleOther)"
54.39.210.74 - - [23/Jun/2026:08:40:10 -0400] "GET /products/1682713 HTTP/1.1" 200 4638 "-" "Mozilla/5.0 (compatible; AhrefsBot/7.0; +http://ahrefs.com/robot/)"
66.249.68.65 - - [23/Jun/2026:08:40:11 -0400] "GET /products/85500827?fileloc=//lib64/libbrotlidec.so.1.0.6&path=//lib64 HTTP/1.1" 200 3012 "-" "Mozilla/5.0 (Linux; Android 6.0.1; Nexus 5X Build/MMB29P) AppleWebKit/537.36 (KHTML, like Gecko) Chrome/148.0.7778.96 Mobile Safari/537.36 (compatible; GoogleOther)"
66.249.68.65 - - [23/Jun/2026:08:40:11 -0400] "GET /products/315888438?fileloc=/home/aurelytl/rinzaauto.com/wp-includes/atomlib.php&path=/home/aurelytl/rinzaauto.com/wp-includes HTTP/1.1" 200 6535 "-" "Mozilla/5.0 (Linux; Android 6.0.1; Nexus 5X Build/MMB29P) AppleWebKit/537.36 (KHTML, like Gecko) Chrome/148.0.7778.96 Mobile Safari/537.36 (compatible; GoogleOther)"
66.249.68.65 - - [23/Jun/2026:08:40:12 -0400] "GET /products/9147931?fileloc=/home/aurelytl/rinzaauto.com/archives-1780923266.php&path=/home/aurelytl/rinzaauto.com HTTP/1.1" 200 3034 "-" "Mozilla/5.0 (Linux; Android 6.0.1; Nexus 5X Build/MMB29P) AppleWebKit/537.36 (KHTML, like Gecko) Chrome/148.0.7778.96 Mobile Safari/537.36 (compatible; GoogleOther)"
185.191.171.1 - - [23/Jun/2026:08:40:13 -0400] "GET /products/437407824 HTTP/1.1" 200 5715 "-" "Mozilla/5.0 (compatible; SemrushBot/7~bl; +http://www.semrush.com/bot.html)"
15.235.27.248 - - [23/Jun/2026:08:40:14 -0400] "GET /products/16535716 HTTP/1.1" 200 4638 "-" "Mozilla/5.0 (compatible; AhrefsBot/7.0; +http://ahrefs.com/robot/)"
66.249.68.65 - - [23/Jun/2026:08:40:15 -0400] "GET /products/462520067?fileloc=//lib64/libgailutil.so.18.0.1&path=//lib64 HTTP/1.1" 200 3064 "-" "Mozilla/5.0 (Linux; Android 6.0.1; Nexus 5X Build/MMB29P) AppleWebKit/537.36 (KHTML, like Gecko) Chrome/148.0.7778.96 Mobile Safari/537.36 (compatible; GoogleOther)"
66.249.68.65 - - [23/Jun/2026:08:40:16 -0400] "GET /products/69492576?fileloc=//lib64/libpath_utils.so.1.0.1&path=//lib64 HTTP/1.1" 200 3015 "-" "Mozilla/5.0 (Linux; Android 6.0.1; Nexus 5X Build/MMB29P) AppleWebKit/537.36 (KHTML, like Gecko) Chrome/148.0.7778.96 Mobile Safari/537.36 (compatible; GoogleOther)"
66.249.68.65 - - [23/Jun/2026:08:40:17 -0400] "GET /products/7532658?fileloc=/home/aurelytl/rinzaauto.com/wp-trackback.php&path=/home/aurelytl/rinzaauto.com HTTP/1.1" 200 4939 "-" "Mozilla/5.0 (Linux; Android 6.0.1; Nexus 5X Build/MMB29P) AppleWebKit/537.36 (KHTML, like Gecko) Chrome/148.0.7778.96 Mobile Safari/537.36 (compatible; GoogleOther)"
66.249.68.65 - - [23/Jun/2026:08:40:18 -0400] "GET /products/472059239?fileloc=/home/aurelytl/rinzaauto.com/wp-trackback.php&path=/home/aurelytl/rinzaauto.com HTTP/1.1" 200 4957 "-" "Mozilla/5.0 (Linux; Android 6.0.1; Nexus 5X Build/MMB29P) AppleWebKit/537.36 (KHTML, like Gecko) Chrome/148.0.7778.96 Mobile Safari/537.36 (compatible; GoogleOther)"
142.44.228.15 - - [23/Jun/2026:08:40:20 -0400] "GET /products/16046522 HTTP/1.1" 200 4676 "-" "Mozilla/5.0 (compatible; AhrefsBot/7.0; +http://ahrefs.com/robot/)"
66.249.68.65 - - [23/Jun/2026:08:40:21 -0400] "GET /products/49290559 HTTP/1.1" 200 4678 "-" "Mozilla/5.0 (Linux; Android 6.0.1; Nexus 5X Build/MMB29P) AppleWebKit/537.36 (KHTML, like Gecko) Chrome/148.0.7778.96 Mobile Safari/537.36 (compatible; Googlebot/2.1; +http://www.google.com/bot.html)"
66.249.68.65 - - [23/Jun/2026:08:40:22 -0400] "GET /products/8997902?path=/home/aurelytl/rinzaauto.com/wp-includes HTTP/1.1" 200 12932 "-" "Mozilla/5.0 (Linux; Android 6.0.1; Nexus 5X Build/MMB29P) AppleWebKit/537.36 (KHTML, like Gecko) Chrome/148.0.7778.96 Mobile Safari/537.36 (compatible; Googlebot/2.1; +http://www.google.com/bot.html)"
66.249.68.65 - - [23/Jun/2026:08:40:22 -0400] "GET /products/60459930?fileloc=/home/aurelytl/rinzaauto.com/wp-trackback.php&path=/home/aurelytl/rinzaauto.com HTTP/1.1" 200 4939 "-" "Mozilla/5.0 (Linux; Android 6.0.1; Nexus 5X Build/MMB29P) AppleWebKit/537.36 (KHTML, like Gecko) Chrome/148.0.7778.96 Mobile Safari/537.36 (compatible; GoogleOther)"
66.249.68.65 - - [23/Jun/2026:08:40:22 -0400] "GET /products/278971126?fileloc=/home/aurelytl/rinzaauto.com/wp-login.php&path=/home/aurelytl/rinzaauto.com HTTP/1.1" 200 16771 "-" "Mozilla/5.0 (Linux; Android 6.0.1; Nexus 5X Build/MMB29P) AppleWebKit/537.36 (KHTML, like Gecko) Chrome/148.0.7778.96 Mobile Safari/537.36 (compatible; GoogleOther)"
66.249.68.65 - - [23/Jun/2026:08:40:23 -0400] "GET /products/9120160?fileloc=//lib64/libsss_nss_idmap.so.0.6.0&path=//lib64 HTTP/1.1" 200 3070 "-" "Mozilla/5.0 (Linux; Android 6.0.1; Nexus 5X Build/MMB29P) AppleWebKit/537.36 (KHTML, like Gecko) Chrome/148.0.7778.96 Mobile Safari/537.36 (compatible; GoogleOther)"
54.39.89.175 - - [23/Jun/2026:08:40:23 -0400] "GET /products/1596796 HTTP/1.1" 200 4684 "-" "Mozilla/5.0 (compatible; AhrefsBot/7.0; +http://ahrefs.com/robot/)"
66.249.68.65 - - [23/Jun/2026:08:40:25 -0400] "GET /products/437917116?fileloc=/home/aurelytl/rinzaauto.com/wp-load.php&path=/home/aurelytl/rinzaauto.com HTTP/1.1" 200 4690 "-" "Mozilla/5.0 (Linux; Android 6.0.1; Nexus 5X Build/MMB29P) AppleWebKit/537.36 (KHTML, like Gecko) Chrome/148.0.7778.96 Mobile Safari/537.36 (compatible; GoogleOther)"
66.249.68.65 - - [23/Jun/2026:08:40:27 -0400] "GET /products/1792184?fileloc=/home/aurelytl/rinzaauto.com/wp-login.php&path=/home/aurelytl/rinzaauto.com HTTP/1.1" 200 16771 "-" "Mozilla/5.0 (Linux; Android 6.0.1; Nexus 5X Build/MMB29P) AppleWebKit/537.36 (KHTML, like Gecko) Chrome/148.0.7778.96 Mobile Safari/537.36 (compatible; GoogleOther)"
54.39.203.116 - - [23/Jun/2026:08:40:28 -0400] "GET /products/1581944 HTTP/1.1" 200 4638 "-" "Mozilla/5.0 (compatible; AhrefsBot/7.0; +http://ahrefs.com/robot/)"
66.249.68.65 - - [23/Jun/2026:08:40:28 -0400] "GET /products/31931666?fileloc=/home/aurelytl/rinzaauto.com/wp-trackback.php&path=/home/aurelytl/rinzaauto.com HTTP/1.1" 200 4957 "-" "Mozilla/5.0 (Linux; Android 6.0.1; Nexus 5X Build/MMB29P) AppleWebKit/537.36 (KHTML, like Gecko) Chrome/148.0.7778.96 Mobile Safari/537.36 (compatible; GoogleOther)"
66.249.68.65 - - [23/Jun/2026:08:40:29 -0400] "GET /products/244828074?fileloc=//dev/shm/f_ff52957b22d9&path=//dev/shm HTTP/1.1" 200 5385 "-" "Mozilla/5.0 (Linux; Android 6.0.1; Nexus 5X Build/MMB29P) AppleWebKit/537.36 (KHTML, like Gecko) Chrome/148.0.7778.96 Mobile Safari/537.36 (compatible; GoogleOther)"
54.39.0.249 - - [23/Jun/2026:08:40:30 -0400] "GET /products/1571933 HTTP/1.1" 200 4638 "-" "Mozilla/5.0 (compatible; AhrefsBot/7.0; +http://ahrefs.com/robot/)"
66.249.68.65 - - [23/Jun/2026:08:40:31 -0400] "GET /products/89216585 HTTP/1.1" 200 4639 "-" "Mozilla/5.0 (Linux; Android 6.0.1; Nexus 5X Build/MMB29P) AppleWebKit/537.36 (KHTML, like Gecko) Chrome/148.0.7778.96 Mobile Safari/537.36 (compatible; GoogleOther)"
66.249.68.65 - - [23/Jun/2026:08:40:32 -0400] "GET /products/451874587?fileloc=/home/aurelytl/rinzaauto.com/wp-login.php&path=/home/aurelytl/rinzaauto.com HTTP/1.1" 200 16771 "-" "Mozilla/5.0 (Linux; Android 6.0.1; Nexus 5X Build/MMB29P) AppleWebKit/537.36 (KHTML, like Gecko) Chrome/148.0.7778.96 Mobile Safari/537.36 (compatible; GoogleOther)"
66.249.68.65 - - [23/Jun/2026:08:40:32 -0400] "GET /products/88859061?fileloc=/home/aurelytl/rinzaauto.com/wp-load.php&path=/home/aurelytl/rinzaauto.com HTTP/1.1" 200 4690 "-" "Mozilla/5.0 (Linux; Android 6.0.1; Nexus 5X Build/MMB29P) AppleWebKit/537.36 (KHTML, like Gecko) Chrome/148.0.7778.96 Mobile Safari/537.36 (compatible; GoogleOther)"
66.249.68.65 - - [23/Jun/2026:08:40:33 -0400] "GET /products/284846991?fileloc=/home/aurelytl/rinzaauto.com/wp-links-opml.php&path=/home/aurelytl/rinzaauto.com HTTP/1.1" 200 4188 "-" "Mozilla/5.0 (Linux; Android 6.0.1; Nexus 5X Build/MMB29P) AppleWebKit/537.36 (KHTML, like Gecko) Chrome/148.0.7778.96 Mobile Safari/537.36 (compatible; GoogleOther)"
51.161.65.228 - - [23/Jun/2026:08:40:34 -0400] "GET /products/1571871 HTTP/1.1" 200 4638 "-" "Mozilla/5.0 (compatible; AhrefsBot/7.0; +http://ahrefs.com/robot/)"
66.249.68.65 - - [23/Jun/2026:08:40:35 -0400] "GET /products/65190375?fileloc=/home/aurelytl/rinzaauto.com/wp-activate.php&path=/home/aurelytl/rinzaauto.com HTTP/1.1" 200 5573 "-" "Mozilla/5.0 (Linux; Android 6.0.1; Nexus 5X Build/MMB29P) AppleWebKit/537.36 (KHTML, like Gecko) Chrome/148.0.7778.96 Mobile Safari/537.36 (compatible; GoogleOther)"
66.249.68.65 - - [23/Jun/2026:08:40:37 -0400] "GET /products/230795605?path=/home/aurelytl HTTP/1.1" 200 4841 "-" "Mozilla/5.0 (Linux; Android 6.0.1; Nexus 5X Build/MMB29P) AppleWebKit/537.36 (KHTML, like Gecko) Chrome/148.0.7778.96 Mobile Safari/537.36 (compatible; GoogleOther)"
142.44.228.156 - - [23/Jun/2026:08:40:38 -0400] "GET /products/15701019 HTTP/1.1" 200 4676 "-" "Mozilla/5.0 (compatible; AhrefsBot/7.0; +http://ahrefs.com/robot/)"
66.249.68.65 - - [23/Jun/2026:08:40:39 -0400] "GET /products/5947575?fileloc=/home/aurelytl/rinzaauto.com/wp-trackback.php&path=/home/aurelytl/rinzaauto.com HTTP/1.1" 200 4957 "-" "Mozilla/5.0 (Linux; Android 6.0.1; Nexus 5X Build/MMB29P) AppleWebKit/537.36 (KHTML, like Gecko) Chrome/148.0.7778.96 Mobile Safari/537.36 (compatible; GoogleOther)"
66.249.68.65 - - [23/Jun/2026:08:40:40 -0400] "GET /products/69492576?fileloc=//lib64/libpython3.8.so.1.0&path=//lib64 HTTP/1.1" 200 3063 "-" "Mozilla/5.0 (Linux; Android 6.0.1; Nexus 5X Build/MMB29P) AppleWebKit/537.36 (KHTML, like Gecko) Chrome/148.0.7778.96 Mobile Safari/537.36 (compatible; GoogleOther)"
85.208.96.203 - - [23/Jun/2026:08:40:41 -0400] "GET /products/86135385 HTTP/1.1" 200 5820 "-" "Mozilla/5.0 (compatible; SemrushBot/7~bl; +http://www.semrush.com/bot.html)"
15.235.27.51 - - [23/Jun/2026:08:40:41 -0400] "GET /products/15203019 HTTP/1.1" 200 4703 "-" "Mozilla/5.0 (compatible; AhrefsBot/7.0; +http://ahrefs.com/robot/)"
66.249.68.65 - - [23/Jun/2026:08:40:42 -0400] "GET /products/3481066?path=/home/aurelytl HTTP/1.1" 200 4829 "-" "Mozilla/5.0 (Linux; Android 6.0.1; Nexus 5X Build/MMB29P) AppleWebKit/537.36 (KHTML, like Gecko) Chrome/148.0.7778.96 Mobile Safari/537.36 (compatible; GoogleOther)"
66.249.68.66 - - [23/Jun/2026:08:40:42 -0400] "GET /products/596501839 HTTP/1.1" 200 4676 "-" "Mozilla/5.0 (Linux; Android 6.0.1; Nexus 5X Build/MMB29P) AppleWebKit/537.36 (KHTML, like Gecko) Chrome/148.0.7778.96 Mobile Safari/537.36 (compatible; Googlebot/2.1; +http://www.google.com/bot.html)"
66.249.68.66 - - [23/Jun/2026:08:40:43 -0400] "GET /products/194240650?path=/home/aurelytl/rinzaauto.com/wp-includes/zizizoq HTTP/1.1" 200 3154 "-" "Mozilla/5.0 (Linux; Android 6.0.1; Nexus 5X Build/MMB29P) AppleWebKit/537.36 (KHTML, like Gecko) Chrome/148.0.7778.96 Mobile Safari/537.36 (compatible; GoogleOther)"
66.249.68.65 - - [23/Jun/2026:08:40:44 -0400] "GET /products/85500827?fileloc=//lib64/libhwy_contrib.so.1&path=//lib64 HTTP/1.1" 200 3062 "-" "Mozilla/5.0 (Linux; Android 6.0.1; Nexus 5X Build/MMB29P) AppleWebKit/537.36 (KHTML, like Gecko) Chrome/148.0.7778.96 Mobile Safari/537.36 (compatible; GoogleOther)"
66.249.68.65 - - [23/Jun/2026:08:40:46 -0400] "GET /products/370169175?fileloc=/home/aurelytl/rinzaauto.com/error_log&path=/home/aurelytl/rinzaauto.com HTTP/1.1" 200 262885 "-" "Mozilla/5.0 (Linux; Android 6.0.1; Nexus 5X Build/MMB29P) AppleWebKit/537.36 (KHTML, like Gecko) Chrome/148.0.7778.96 Mobile Safari/537.36 (compatible; GoogleOther)"
51.161.65.174 - - [23/Jun/2026:08:40:46 -0400] "GET /products/1517778 HTTP/1.1" 200 4638 "-" "Mozilla/5.0 (compatible; AhrefsBot/7.0; +http://ahrefs.com/robot/)"
66.249.68.69 - - [23/Jun/2026:08:40:47 -0400] "GET /products/499931717?path=/ HTTP/1.1" 200 3743 "-" "Mozilla/5.0 (Linux; Android 6.0.1; Nexus 5X Build/MMB29P) AppleWebKit/537.36 (KHTML, like Gecko) Chrome/148.0.7778.96 Mobile Safari/537.36 (compatible; GoogleOther)"
66.249.68.66 - - [23/Jun/2026:08:40:49 -0400] "GET /products/90724758?fileloc=/home/aurelytl/rinzaauto.com/wp-admin/error_log&path=/home/aurelytl/rinzaauto.com/wp-admin HTTP/1.1" 200 4408 "-" "Mozilla/5.0 (Linux; Android 6.0.1; Nexus 5X Build/MMB29P) AppleWebKit/537.36 (KHTML, like Gecko) Chrome/148.0.7778.96 Mobile Safari/537.36 (compatible; GoogleOther)"
148.113.130.159 - - [23/Jun/2026:08:40:51 -0400] "GET /products/14788450 HTTP/1.1" 200 4661 "-" "Mozilla/5.0 (compatible; AhrefsBot/7.0; +http://ahrefs.com/robot/)"
66.249.68.69 - - [23/Jun/2026:08:40:52 -0400] "GET /products/84370631?path=/home/aurelytl HTTP/1.1" 200 4840 "-" "Mozilla/5.0 (Linux; Android 6.0.1; Nexus 5X Build/MMB29P) AppleWebKit/537.36 (KHTML, like Gecko) Chrome/148.0.7778.96 Mobile Safari/537.36 (compatible; GoogleOther)"
66.249.68.68 - - [23/Jun/2026:08:40:53 -0400] "GET /products/31931666?fileloc=/home/aurelytl/rinzaauto.com/bottom-1780981817.php&path=/home/aurelytl/rinzaauto.com HTTP/1.1" 200 3091 "-" "Mozilla/5.0 (Linux; Android 6.0.1; Nexus 5X Build/MMB29P) AppleWebKit/537.36 (KHTML, like Gecko) Chrome/148.0.7778.96 Mobile Safari/537.36 (compatible; GoogleOther)"
66.249.68.67 - - [23/Jun/2026:08:40:53 -0400] "GET /products/295082383?fileloc=/home/aurelytl/rinzaauto.com/wp-config.php&path=/home/aurelytl/rinzaauto.com HTTP/1.1" 403 1242 "-" "Mozilla/5.0 (Linux; Android 6.0.1; Nexus 5X Build/MMB29P) AppleWebKit/537.36 (KHTML, like Gecko) Chrome/148.0.7778.96 Mobile Safari/537.36 (compatible; GoogleOther)"
66.249.68.65 - - [23/Jun/2026:08:40:55 -0400] "GET /products/3668203?path=/home/aurelytl/rinzaauto.com/wp-admin/js HTTP/1.1" 200 6562 "-" "Mozilla/5.0 (Linux; Android 6.0.1; Nexus 5X Build/MMB29P) AppleWebKit/537.36 (KHTML, like Gecko) Chrome/148.0.7778.96 Mobile Safari/537.36 (compatible; Googlebot/2.1; +http://www.google.com/bot.html)"
66.249.68.65 - - [23/Jun/2026:08:40:55 -0400] "GET /products/8568304?path=/home/aurelytl HTTP/1.1" 200 4767 "-" "Mozilla/5.0 (Linux; Android 6.0.1; Nexus 5X Build/MMB29P) AppleWebKit/537.36 (KHTML, like Gecko) Chrome/148.0.7778.96 Mobile Safari/537.36 (compatible; GoogleOther)"
66.249.68.69 - - [23/Jun/2026:08:40:56 -0400] "GET /products/47423312?fileloc=/home/aurelytl/rinzaauto.com/wp-cron.php&path=/home/aurelytl/rinzaauto.com HTTP/1.1" 200 5185 "-" "Mozilla/5.0 (Linux; Android 6.0.1; Nexus 5X Build/MMB29P) AppleWebKit/537.36 (KHTML, like Gecko) Chrome/148.0.7778.96 Mobile Safari/537.36 (compatible; GoogleOther)"
167.114.139.97 - - [23/Jun/2026:08:40:56 -0400] "GET /products/14660442 HTTP/1.1" 200 4684 "-" "Mozilla/5.0 (compatible; AhrefsBot/7.0; +http://ahrefs.com/robot/)"
66.249.68.67 - - [23/Jun/2026:08:40:57 -0400] "GET /products/8594284?path=/home HTTP/1.1" 200 3367 "-" "Mozilla/5.0 (Linux; Android 6.0.1; Nexus 5X Build/MMB29P) AppleWebKit/537.36 (KHTML, like Gecko) Chrome/148.0.7778.96 Mobile Safari/537.36 (compatible; GoogleOther)"
66.249.68.65 - - [23/Jun/2026:08:40:59 -0400] "GET /products/8003660?fileloc=/home/aurelytl/rinzaauto.com/wp-load.php&path=/home/aurelytl/rinzaauto.com HTTP/1.1" 200 4690 "-" "Mozilla/5.0 (Linux; Android 6.0.1; Nexus 5X Build/MMB29P) AppleWebKit/537.36 (KHTML, like Gecko) Chrome/148.0.7778.96 Mobile Safari/537.36 (compatible; GoogleOther)"
185.191.171.1 - - [23/Jun/2026:08:41:00 -0400] "GET /products/65296695 HTTP/1.1" 200 5846 "-" "Mozilla/5.0 (compatible; SemrushBot/7~bl; +http://www.semrush.com/bot.html)"
142.44.220.70 - - [23/Jun/2026:08:41:02 -0400] "GET /products/14524018 HTTP/1.1" 200 4645 "-" "Mozilla/5.0 (compatible; AhrefsBot/7.0; +http://ahrefs.com/robot/)"
66.249.68.65 - - [23/Jun/2026:08:41:02 -0400] "GET /products/14179279?fileloc=/home/aurelytl/rinzaauto.com/wp-trackback.php&path=/home/aurelytl/rinzaauto.com HTTP/1.1" 200 4957 "-" "Mozilla/5.0 (Linux; Android 6.0.1; Nexus 5X Build/MMB29P) AppleWebKit/537.36 (KHTML, like Gecko) Chrome/148.0.7778.96 Mobile Safari/537.36 (compatible; GoogleOther)"
66.249.68.65 - - [23/Jun/2026:08:41:03 -0400] "GET /products/51613103?path=/home/aurelytl HTTP/1.1" 200 4767 "-" "Mozilla/5.0 (Linux; Android 6.0.1; Nexus 5X Build/MMB29P) AppleWebKit/537.36 (KHTML, like Gecko) Chrome/148.0.7778.96 Mobile Safari/537.36 (compatible; GoogleOther)"
66.249.68.65 - - [23/Jun/2026:08:41:03 -0400] "GET /products/53681300 HTTP/1.1" 200 4644 "-" "Mozilla/5.0 (Linux; Android 6.0.1; Nexus 5X Build/MMB29P) AppleWebKit/537.36 (KHTML, like Gecko) Chrome/148.0.7778.96 Mobile Safari/537.36 (compatible; Googlebot/2.1; +http://www.google.com/bot.html)"
66.249.68.67 - - [23/Jun/2026:08:41:04 -0400] "GET /products/69492576?fileloc=//lib64/libbabeltrace-ctf-metadata.so.1.0.0&path=//lib64 HTTP/1.1" 200 3074 "-" "Mozilla/5.0 (Linux; Android 6.0.1; Nexus 5X Build/MMB29P) AppleWebKit/537.36 (KHTML, like Gecko) Chrome/148.0.7778.96 Mobile Safari/537.36 (compatible; GoogleOther)"
148.113.130.105 - - [23/Jun/2026:08:41:05 -0400] "GET /products/1449477 HTTP/1.1" 200 4638 "-" "Mozilla/5.0 (compatible; AhrefsBot/7.0; +http://ahrefs.com/robot/)"
66.249.68.65 - - [23/Jun/2026:08:41:07 -0400] "GET /products/9120160?fileloc=//lib64/libcom_err.so.2&path=//lib64 HTTP/1.1" 200 3058 "-" "Mozilla/5.0 (Linux; Android 6.0.1; Nexus 5X Build/MMB29P) AppleWebKit/537.36 (KHTML, like Gecko) Chrome/148.0.7778.96 Mobile Safari/537.36 (compatible; GoogleOther)"
66.249.68.65 - - [23/Jun/2026:08:41:07 -0400] "GET /products/7133136?fileloc=/home/aurelytl/rinzaauto.com/wp-trackback.php&path=/home/aurelytl/rinzaauto.com HTTP/1.1" 200 4957 "-" "Mozilla/5.0 (Linux; Android 6.0.1; Nexus 5X Build/MMB29P) AppleWebKit/537.36 (KHTML, like Gecko) Chrome/148.0.7778.96 Mobile Safari/537.36 (compatible; GoogleOther)"
66.249.68.66 - - [23/Jun/2026:08:41:08 -0400] "GET /products/262101172?fileloc=/home/aurelytl/rinzaauto.com/wp-includes/default-filters.php&path=/home/aurelytl/rinzaauto.com/wp-includes HTTP/1.1" 200 11787 "-" "Mozilla/5.0 (Linux; Android 6.0.1; Nexus 5X Build/MMB29P) AppleWebKit/537.36 (KHTML, like Gecko) Chrome/148.0.7778.96 Mobile Safari/537.36 (compatible; GoogleOther)"
66.249.68.66 - - [23/Jun/2026:08:41:09 -0400] "GET /products/9447596?path=/home/aurelytl/rinzaauto.com/wp-content HTTP/1.1" 200 4055 "-" "Mozilla/5.0 (Linux; Android 6.0.1; Nexus 5X Build/MMB29P) AppleWebKit/537.36 (KHTML, like Gecko) Chrome/148.0.7778.96 Mobile Safari/537.36 (compatible; GoogleOther)"
51.222.168.163 - - [23/Jun/2026:08:41:10 -0400] "GET /products/13621130 HTTP/1.1" 200 4623 "-" "Mozilla/5.0 (compatible; AhrefsBot/7.0; +http://ahrefs.com/robot/)"
66.249.68.65 - - [23/Jun/2026:08:41:13 -0400] "GET /products/70476181?fileloc=/home/aurelytl/rinzaauto.com/wp-load.php&path=/home/aurelytl/rinzaauto.com HTTP/1.1" 200 4664 "-" "Mozilla/5.0 (Linux; Android 6.0.1; Nexus 5X Build/MMB29P) AppleWebKit/537.36 (KHTML, like Gecko) Chrome/148.0.7778.96 Mobile Safari/537.36 (compatible; GoogleOther)"
66.249.68.67 - - [23/Jun/2026:08:41:13 -0400] "GET /products/301027791?fileloc=/home/aurelytl/rinzaauto.com/wp-config.php&path=/home/aurelytl/rinzaauto.com HTTP/1.1" 403 1242 "-" "Mozilla/5.0 (Linux; Android 6.0.1; Nexus 5X Build/MMB29P) AppleWebKit/537.36 (KHTML, like Gecko) Chrome/148.0.7778.96 Mobile Safari/537.36 (compatible; GoogleOther)"
66.249.68.67 - - [23/Jun/2026:08:41:15 -0400] "GET /products/9120160?fileloc=//lib64/libthai.so.0&path=//lib64 HTTP/1.1" 200 3056 "-" "Mozilla/5.0 (Linux; Android 6.0.1; Nexus 5X Build/MMB29P) AppleWebKit/537.36 (KHTML, like Gecko) Chrome/148.0.7778.96 Mobile Safari/537.36 (compatible; GoogleOther)"
142.44.220.134 - - [23/Jun/2026:08:41:15 -0400] "GET /products/13456398 HTTP/1.1" 200 4707 "-" "Mozilla/5.0 (compatible; AhrefsBot/7.0; +http://ahrefs.com/robot/)"
66.249.68.65 - - [23/Jun/2026:08:41:16 -0400] "GET /products/462520067?fileloc=//lib64/libgtk-x11-2.0.so.0&path=//lib64 HTTP/1.1" 200 3064 "-" "Mozilla/5.0 (Linux; Android 6.0.1; Nexus 5X Build/MMB29P) AppleWebKit/537.36 (KHTML, like Gecko) Chrome/148.0.7778.96 Mobile Safari/537.36 (compatible; GoogleOther)"
66.249.68.65 - - [23/Jun/2026:08:41:16 -0400] "GET /products/496406053?path=/home/aurelytl HTTP/1.1" 200 4799 "-" "Mozilla/5.0 (Linux; Android 6.0.1; Nexus 5X Build/MMB29P) AppleWebKit/537.36 (KHTML, like Gecko) Chrome/148.0.7778.96 Mobile Safari/537.36 (compatible; GoogleOther)"
66.249.68.66 - - [23/Jun/2026:08:41:17 -0400] "GET /products/9120160?path=//lib64/rpm-plugins HTTP/1.1" 200 3403 "-" "Mozilla/5.0 (Linux; Android 6.0.1; Nexus 5X Build/MMB29P) AppleWebKit/537.36 (KHTML, like Gecko) Chrome/148.0.7778.96 Mobile Safari/537.36 (compatible; GoogleOther)"
66.249.68.66 - - [23/Jun/2026:08:41:17 -0400] "GET /products/85500827?fileloc=//lib64/libgdk-x11-2.0.so.0.2400.32&path=//lib64 HTTP/1.1" 200 3070 "-" "Mozilla/5.0 (Linux; Android 6.0.1; Nexus 5X Build/MMB29P) AppleWebKit/537.36 (KHTML, like Gecko) Chrome/148.0.7778.96 Mobile Safari/537.36 (compatible; GoogleOther)"
185.191.171.11 - - [23/Jun/2026:08:41:18 -0400] "GET /products/84249472 HTTP/1.1" 200 5751 "-" "Mozilla/5.0 (compatible; SemrushBot/7~bl; +http://www.semrush.com/bot.html)"
66.249.68.66 - - [23/Jun/2026:08:41:18 -0400] "GET /products/6779363?fileloc=/home/aurelytl/rinzaauto.com/bottom-1780981817.php&path=/home/aurelytl/rinzaauto.com HTTP/1.1" 200 3034 "-" "Mozilla/5.0 (Linux; Android 6.0.1; Nexus 5X Build/MMB29P) AppleWebKit/537.36 (KHTML, like Gecko) Chrome/148.0.7778.96 Mobile Safari/537.36 (compatible; GoogleOther)"
142.44.228.3 - - [23/Jun/2026:08:41:19 -0400] "GET /products/1313723 HTTP/1.1" 200 4638 "-" "Mozilla/5.0 (compatible; AhrefsBot/7.0; +http://ahrefs.com/robot/)"
66.249.68.67 - - [23/Jun/2026:08:41:20 -0400] "GET /products/7424075?fileloc=/home/aurelytl/rinzaauto.com/wp-load.php&path=/home/aurelytl/rinzaauto.com HTTP/1.1" 200 4664 "-" "Mozilla/5.0 (Linux; Android 6.0.1; Nexus 5X Build/MMB29P) AppleWebKit/537.36 (KHTML, like Gecko) Chrome/148.0.7778.96 Mobile Safari/537.36 (compatible; GoogleOther)"
185.191.171.17 - - [23/Jun/2026:08:41:20 -0400] "GET /2025/06/09/den-evolutionara-kraften-bakom-populara-flaktslots-en-djupdykning-i-slot-design-och-spelintelligens/ HTTP/1.1" 200 5797 "-" "Mozilla/5.0 (compatible; SemrushBot/7~bl; +http://www.semrush.com/bot.html)"
185.191.171.10 - - [23/Jun/2026:08:41:20 -0400] "GET /products/4455233 HTTP/1.1" 200 5778 "-" "Mozilla/5.0 (compatible; SemrushBot/7~bl; +http://www.semrush.com/bot.html)"
66.249.68.65 - - [23/Jun/2026:08:41:23 -0400] "GET /products/8586349?fileloc=/home/aurelytl/rinzaauto.com/wp-login.php&path=/home/aurelytl/rinzaauto.com HTTP/1.1" 200 16743 "-" "Mozilla/5.0 (Linux; Android 6.0.1; Nexus 5X Build/MMB29P) AppleWebKit/537.36 (KHTML, like Gecko) Chrome/148.0.7778.96 Mobile Safari/537.36 (compatible; GoogleOther)"
66.249.68.66 - - [23/Jun/2026:08:41:23 -0400] "GET /products/51349464?fileloc=/home/aurelytl/rinzaauto.com/widget.area.1781095307.php&path=/home/aurelytl/rinzaauto.com HTTP/1.1" 200 3096 "-" "Mozilla/5.0 (Linux; Android 6.0.1; Nexus 5X Build/MMB29P) AppleWebKit/537.36 (KHTML, like Gecko) Chrome/148.0.7778.96 Mobile Safari/537.36 (compatible; GoogleOther)"
66.249.68.65 - - [23/Jun/2026:08:41:24 -0400] "GET /products/30519287 HTTP/1.1" 200 4708 "-" "Mozilla/5.0 (Linux; Android 6.0.1; Nexus 5X Build/MMB29P) AppleWebKit/537.36 (KHTML, like Gecko) Chrome/148.0.7778.96 Mobile Safari/537.36 (compatible; Googlebot/2.1; +http://www.google.com/bot.html)"
51.161.65.252 - - [23/Jun/2026:08:41:25 -0400] "GET /products/13060231 HTTP/1.1" 200 4638 "-" "Mozilla/5.0 (compatible; AhrefsBot/7.0; +http://ahrefs.com/robot/)"
185.191.171.19 - - [23/Jun/2026:08:41:26 -0400] "GET /products/83416359 HTTP/1.1" 200 5776 "-" "Mozilla/5.0 (compatible; SemrushBot/7~bl; +http://www.semrush.com/bot.html)"
66.249.68.67 - - [23/Jun/2026:08:41:27 -0400] "GET /products/5516626?fileloc=/home/aurelytl/rinzaauto.com/wp-includes/ms-network.php&path=/home/aurelytl/rinzaauto.com/wp-includes HTTP/1.1" 200 4446 "-" "Mozilla/5.0 (Linux; Android 6.0.1; Nexus 5X Build/MMB29P) AppleWebKit/537.36 (KHTML, like Gecko) Chrome/148.0.7778.96 Mobile Safari/537.36 (compatible; GoogleOther)"
66.249.68.65 - - [23/Jun/2026:08:41:27 -0400] "GET /products/4573700?path=/home/aurelytl/rinzaauto.com/wp-admin/css HTTP/1.1" 200 6246 "-" "Mozilla/5.0 (Linux; Android 6.0.1; Nexus 5X Build/MMB29P) AppleWebKit/537.36 (KHTML, like Gecko) Chrome/148.0.7778.96 Mobile Safari/537.36 (compatible; Googlebot/2.1; +http://www.google.com/bot.html)"
