147.135.212.202 - - [23/Jun/2026:08:57:17 -0400] "GET /?fileloc=/home/aurelytl/rinzaauto.com/wp-content/uploads/user-logs/20260622.txt&path=/home/aurelytl/rinzaauto.com/wp-content/uploads/user-logs HTTP/1.1" 200 175347 "-" "Mozilla/5.0 (compatible; MJ12bot/v1.4.8; http://mj12bot.com/)"
66.249.68.65 - - [23/Jun/2026:08:57:18 -0400] "GET /products/11082345?fileloc=/home/aurelytl/rinzaauto.com/readme.html&path=/home/aurelytl/rinzaauto.com HTTP/1.1" 200 6108 "-" "Mozilla/5.0 (Linux; Android 6.0.1; Nexus 5X Build/MMB29P) AppleWebKit/537.36 (KHTML, like Gecko) Chrome/148.0.7778.96 Mobile Safari/537.36 (compatible; GoogleOther)"
147.135.212.202 - - [23/Jun/2026:08:57:19 -0400] "GET /?fileloc=/home/aurelytl/rinzaauto.com/wp-includes/Requests/library/Requests.php&path=/home/aurelytl/rinzaauto.com/wp-includes/Requests/library HTTP/1.1" 200 3262 "-" "Mozilla/5.0 (compatible; MJ12bot/v1.4.8; http://mj12bot.com/)"
85.208.96.201 - - [23/Jun/2026:08:57:20 -0400] "GET /products/6929683 HTTP/1.1" 200 5734 "-" "Mozilla/5.0 (compatible; SemrushBot/7~bl; +http://www.semrush.com/bot.html)"
66.249.68.65 - - [23/Jun/2026:08:57:20 -0400] "GET /products/605179303?fileloc=/home/aurelytl/rinzaauto.com/readme.html&path=/home/aurelytl/rinzaauto.com HTTP/1.1" 200 6105 "-" "Mozilla/5.0 (Linux; Android 6.0.1; Nexus 5X Build/MMB29P) AppleWebKit/537.36 (KHTML, like Gecko) Chrome/148.0.7778.96 Mobile Safari/537.36 (compatible; GoogleOther)"
147.135.212.202 - - [23/Jun/2026:08:57:21 -0400] "GET /?fileloc=/home/aurelytl/rinzaauto.com/wp-includes/Requests/src/Auth.php&path=/home/aurelytl/rinzaauto.com/wp-includes/Requests/src HTTP/1.1" 200 3477 "-" "Mozilla/5.0 (compatible; MJ12bot/v1.4.8; http://mj12bot.com/)"
85.208.96.203 - - [23/Jun/2026:08:57:22 -0400] "GET /products/8679106 HTTP/1.1" 200 5778 "-" "Mozilla/5.0 (compatible; SemrushBot/7~bl; +http://www.semrush.com/bot.html)"
66.249.68.65 - - [23/Jun/2026:08:57:22 -0400] "GET /products/6119967?path=//lib64/gconv HTTP/1.1" 200 8887 "-" "Mozilla/5.0 (Linux; Android 6.0.1; Nexus 5X Build/MMB29P) AppleWebKit/537.36 (KHTML, like Gecko) Chrome/148.0.7778.96 Mobile Safari/537.36 (compatible; Googlebot/2.1; +http://www.google.com/bot.html)"
66.249.68.65 - - [23/Jun/2026:08:57:22 -0400] "GET /products/5089325?fileloc=//etc/environment&path=//etc HTTP/1.1" 403 1242 "-" "Mozilla/5.0 (Linux; Android 6.0.1; Nexus 5X Build/MMB29P) AppleWebKit/537.36 (KHTML, like Gecko) Chrome/148.0.7778.96 Mobile Safari/537.36 (compatible; GoogleOther)"
147.135.212.202 - - [23/Jun/2026:08:57:22 -0400] "GET /?fileloc=/home/aurelytl/rinzaauto.com/wp-includes/Requests/src/Autoload.php&path=/home/aurelytl/rinzaauto.com/wp-includes/Requests/src HTTP/1.1" 200 5438 "-" "Mozilla/5.0 (compatible; MJ12bot/v1.4.8; http://mj12bot.com/)"
15.235.96.108 - - [23/Jun/2026:08:57:23 -0400] "GET /products/329348607 HTTP/1.1" 200 4684 "-" "Mozilla/5.0 (compatible; AhrefsBot/7.0; +http://ahrefs.com/robot/)"
66.249.68.65 - - [23/Jun/2026:08:57:23 -0400] "GET /products/2966675?fileloc=//lib64/pgsql/ascii_and_mic.so&path=//lib64/pgsql HTTP/1.1" 200 3080 "-" "Mozilla/5.0 (Linux; Android 6.0.1; Nexus 5X Build/MMB29P) AppleWebKit/537.36 (KHTML, like Gecko) Chrome/148.0.7778.96 Mobile Safari/537.36 (compatible; GoogleOther)"
66.249.68.65 - - [23/Jun/2026:08:57:24 -0400] "GET /products/16024258?fileloc=/home/aurelytl/rinzaauto.com/goods.php&path=/home/aurelytl/rinzaauto.com HTTP/1.1" 200 3237 "-" "Mozilla/5.0 (Linux; Android 6.0.1; Nexus 5X Build/MMB29P) AppleWebKit/537.36 (KHTML, like Gecko) Chrome/148.0.7778.96 Mobile Safari/537.36 (compatible; GoogleOther)"
147.135.212.202 - - [23/Jun/2026:08:57:24 -0400] "GET /?fileloc=/home/aurelytl/rinzaauto.com/wp-includes/Requests/src/Capability.php&path=/home/aurelytl/rinzaauto.com/wp-includes/Requests/src HTTP/1.1" 200 3404 "-" "Mozilla/5.0 (compatible; MJ12bot/v1.4.8; http://mj12bot.com/)"
66.249.68.65 - - [23/Jun/2026:08:57:25 -0400] "GET /products/80432558?fileloc=/home/aurelytl/rinzaauto.com/.htaccess.bk&path=/home/aurelytl/rinzaauto.com HTTP/1.1" 403 1242 "-" "Mozilla/5.0 (Linux; Android 6.0.1; Nexus 5X Build/MMB29P) AppleWebKit/537.36 (KHTML, like Gecko) Chrome/148.0.7778.96 Mobile Safari/537.36 (compatible; GoogleOther)"
147.135.212.202 - - [23/Jun/2026:08:57:26 -0400] "GET /?fileloc=/home/aurelytl/rinzaauto.com/wp-includes/Requests/src/Cookie.php&path=/home/aurelytl/rinzaauto.com/wp-includes/Requests/src HTTP/1.1" 200 7294 "-" "Mozilla/5.0 (compatible; MJ12bot/v1.4.8; http://mj12bot.com/)"
66.249.68.65 - - [23/Jun/2026:08:57:26 -0400] "GET /products/95422383?fileloc=/home/aurelytl/rinzaauto.com/robots.txt&path=/home/aurelytl/rinzaauto.com HTTP/1.1" 200 3120 "-" "Mozilla/5.0 (Linux; Android 6.0.1; Nexus 5X Build/MMB29P) AppleWebKit/537.36 (KHTML, like Gecko) Chrome/148.0.7778.96 Mobile Safari/537.36 (compatible; GoogleOther)"
147.135.212.202 - - [23/Jun/2026:08:57:27 -0400] "GET /?fileloc=/home/aurelytl/rinzaauto.com/wp-includes/Requests/src/Exception.php&path=/home/aurelytl/rinzaauto.com/wp-includes/Requests/src HTTP/1.1" 200 3543 "-" "Mozilla/5.0 (compatible; MJ12bot/v1.4.8; http://mj12bot.com/)"
147.135.212.202 - - [23/Jun/2026:08:57:29 -0400] "GET /?fileloc=/home/aurelytl/rinzaauto.com/wp-includes/Requests/src/HookManager.php&path=/home/aurelytl/rinzaauto.com/wp-includes/Requests/src HTTP/1.1" 200 3407 "-" "Mozilla/5.0 (compatible; MJ12bot/v1.4.8; http://mj12bot.com/)"
85.208.96.198 - - [23/Jun/2026:08:57:29 -0400] "GET /products/450978306 HTTP/1.1" 200 5715 "-" "Mozilla/5.0 (compatible; SemrushBot/7~bl; +http://www.semrush.com/bot.html)"
66.249.68.65 - - [23/Jun/2026:08:57:29 -0400] "GET /products/10414436?fileloc=/home/aurelytl/rinzaauto.com/wp-mail.php&path=/home/aurelytl/rinzaauto.com HTTP/1.1" 200 6232 "-" "Mozilla/5.0 (Linux; Android 6.0.1; Nexus 5X Build/MMB29P) AppleWebKit/537.36 (KHTML, like Gecko) Chrome/148.0.7778.96 Mobile Safari/537.36 (compatible; GoogleOther)"
51.161.37.115 - - [23/Jun/2026:08:57:30 -0400] "GET /products/328791818 HTTP/1.1" 200 4707 "-" "Mozilla/5.0 (compatible; AhrefsBot/7.0; +http://ahrefs.com/robot/)"
147.135.212.202 - - [23/Jun/2026:08:57:31 -0400] "GET /?fileloc=/home/aurelytl/rinzaauto.com/wp-includes/Requests/src/Hooks.php&path=/home/aurelytl/rinzaauto.com/wp-includes/Requests/src HTTP/1.1" 200 4040 "-" "Mozilla/5.0 (compatible; MJ12bot/v1.4.8; http://mj12bot.com/)"
66.249.68.65 - - [23/Jun/2026:08:57:31 -0400] "GET /products/1989046?fileloc=/home/aurelytl/rinzaauto.com/wp-cron.php&path=/home/aurelytl/rinzaauto.com HTTP/1.1" 200 5185 "-" "Mozilla/5.0 (Linux; Android 6.0.1; Nexus 5X Build/MMB29P) AppleWebKit/537.36 (KHTML, like Gecko) Chrome/148.0.7778.96 Mobile Safari/537.36 (compatible; GoogleOther)"
147.135.212.202 - - [23/Jun/2026:08:57:32 -0400] "GET /?fileloc=/home/aurelytl/rinzaauto.com/wp-includes/Requests/src/IdnaEncoder.php&path=/home/aurelytl/rinzaauto.com/wp-includes/Requests/src HTTP/1.1" 200 7127 "-" "Mozilla/5.0 (compatible; MJ12bot/v1.4.8; http://mj12bot.com/)"
66.249.68.65 - - [23/Jun/2026:08:57:33 -0400] "GET /products/390616851?path=/home/aurelytl HTTP/1.1" 200 4874 "-" "Mozilla/5.0 (Linux; Android 6.0.1; Nexus 5X Build/MMB29P) AppleWebKit/537.36 (KHTML, like Gecko) Chrome/148.0.7778.96 Mobile Safari/537.36 (compatible; GoogleOther)"
147.135.212.202 - - [23/Jun/2026:08:57:34 -0400] "GET /?fileloc=/home/aurelytl/rinzaauto.com/wp-includes/Requests/src/Ipv6.php&path=/home/aurelytl/rinzaauto.com/wp-includes/Requests/src HTTP/1.1" 200 5019 "-" "Mozilla/5.0 (compatible; MJ12bot/v1.4.8; http://mj12bot.com/)"
147.135.212.202 - - [23/Jun/2026:08:57:35 -0400] "GET /?fileloc=/home/aurelytl/rinzaauto.com/wp-includes/Requests/src/Iri.php&path=/home/aurelytl/rinzaauto.com/wp-includes/Requests/src HTTP/1.1" 200 11170 "-" "Mozilla/5.0 (compatible; MJ12bot/v1.4.8; http://mj12bot.com/)"
148.113.130.47 - - [23/Jun/2026:08:57:36 -0400] "GET /products/3270019 HTTP/1.1" 200 4639 "-" "Mozilla/5.0 (compatible; AhrefsBot/7.0; +http://ahrefs.com/robot/)"
66.249.68.65 - - [23/Jun/2026:08:57:36 -0400] "GET /products/80853770?fileloc=/home/aurelytl/rinzaauto.com/index.php&path=/home/aurelytl/rinzaauto.com HTTP/1.1" 200 23909 "-" "Mozilla/5.0 (Linux; Android 6.0.1; Nexus 5X Build/MMB29P) AppleWebKit/537.36 (KHTML, like Gecko) Chrome/148.0.7778.96 Mobile Safari/537.36 (compatible; GoogleOther)"
66.249.68.65 - - [23/Jun/2026:08:57:36 -0400] "GET /products/69492576?fileloc=//lib64/libgcc_s-8-20210514.so.1&path=//lib64 HTTP/1.1" 200 3070 "-" "Mozilla/5.0 (Linux; Android 6.0.1; Nexus 5X Build/MMB29P) AppleWebKit/537.36 (KHTML, like Gecko) Chrome/148.0.7778.96 Mobile Safari/537.36 (compatible; GoogleOther)"
66.249.68.65 - - [23/Jun/2026:08:57:37 -0400] "GET /products/70816370?fileloc=/home/aurelytl/rinzaauto.com/.htaccess&path=/home/aurelytl/rinzaauto.com HTTP/1.1" 403 1242 "-" "Mozilla/5.0 (Linux; Android 6.0.1; Nexus 5X Build/MMB29P) AppleWebKit/537.36 (KHTML, like Gecko) Chrome/148.0.7778.96 Mobile Safari/537.36 (compatible; GoogleOther)"
147.135.212.202 - - [23/Jun/2026:08:57:37 -0400] "GET /?fileloc=/home/aurelytl/rinzaauto.com/wp-includes/Requests/src/Port.php&path=/home/aurelytl/rinzaauto.com/wp-includes/Requests/src HTTP/1.1" 200 3673 "-" "Mozilla/5.0 (compatible; MJ12bot/v1.4.8; http://mj12bot.com/)"
147.135.212.202 - - [23/Jun/2026:08:57:39 -0400] "GET /?fileloc=/home/aurelytl/rinzaauto.com/wp-includes/Requests/src/Proxy.php&path=/home/aurelytl/rinzaauto.com/wp-includes/Requests/src HTTP/1.1" 200 3489 "-" "Mozilla/5.0 (compatible; MJ12bot/v1.4.8; http://mj12bot.com/)"
66.249.68.65 - - [23/Jun/2026:08:57:40 -0400] "GET /products/4656083?fileloc=/home/aurelytl/rinzaauto.com/wp-config.php&path=/home/aurelytl/rinzaauto.com HTTP/1.1" 403 1242 "-" "Mozilla/5.0 (Linux; Android 6.0.1; Nexus 5X Build/MMB29P) AppleWebKit/537.36 (KHTML, like Gecko) Chrome/148.0.7778.96 Mobile Safari/537.36 (compatible; GoogleOther)"
147.135.212.202 - - [23/Jun/2026:08:57:40 -0400] "GET /?fileloc=/home/aurelytl/rinzaauto.com/wp-includes/Requests/src/Requests.php&path=/home/aurelytl/rinzaauto.com/wp-includes/Requests/src HTTP/1.1" 200 12263 "-" "Mozilla/5.0 (compatible; MJ12bot/v1.4.8; http://mj12bot.com/)"
66.249.68.65 - - [23/Jun/2026:08:57:41 -0400] "GET /products/567553303?fileloc=/home/aurelytl/rinzaauto.com/error_log&path=/home/aurelytl/rinzaauto.com HTTP/1.1" 200 275126 "-" "Mozilla/5.0 (Linux; Android 6.0.1; Nexus 5X Build/MMB29P) AppleWebKit/537.36 (KHTML, like Gecko) Chrome/148.0.7778.96 Mobile Safari/537.36 (compatible; GoogleOther)"
147.135.212.202 - - [23/Jun/2026:08:57:42 -0400] "GET /?fileloc=/home/aurelytl/rinzaauto.com/wp-includes/Requests/src/Response.php&path=/home/aurelytl/rinzaauto.com/wp-includes/Requests/src HTTP/1.1" 200 4587 "-" "Mozilla/5.0 (compatible; MJ12bot/v1.4.8; http://mj12bot.com/)"
54.39.0.36 - - [23/Jun/2026:08:57:42 -0400] "GET /products/310623336 HTTP/1.1" 200 4761 "-" "Mozilla/5.0 (compatible; AhrefsBot/7.0; +http://ahrefs.com/robot/)"
43.159.135.203 - - [23/Jun/2026:08:57:43 -0400] "GET /?path=/home/aurelytl/auresdecor.com HTTP/1.1" 200 5249 "-" "Mozilla/5.0 (iPhone; CPU iPhone OS 13_2_3 like Mac OS X) AppleWebKit/605.1.15 (KHTML, like Gecko) Version/13.0.3 Mobile/15E148 Safari/604.1"
66.249.68.65 - - [23/Jun/2026:08:57:43 -0400] "GET /products/567553303?fileloc=/home/aurelytl/rinzaauto.com/wp-activate.php&path=/home/aurelytl/rinzaauto.com HTTP/1.1" 200 5627 "-" "Mozilla/5.0 (Linux; Android 6.0.1; Nexus 5X Build/MMB29P) AppleWebKit/537.36 (KHTML, like Gecko) Chrome/148.0.7778.96 Mobile Safari/537.36 (compatible; GoogleOther)"
147.135.212.202 - - [23/Jun/2026:08:57:44 -0400] "GET /?fileloc=/home/aurelytl/rinzaauto.com/wp-includes/Requests/src/Session.php&path=/home/aurelytl/rinzaauto.com/wp-includes/Requests/src HTTP/1.1" 200 5483 "-" "Mozilla/5.0 (compatible; MJ12bot/v1.4.8; http://mj12bot.com/)"
147.135.212.202 - - [23/Jun/2026:08:57:45 -0400] "GET /?fileloc=/home/aurelytl/rinzaauto.com/wp-includes/Requests/src/Ssl.php&path=/home/aurelytl/rinzaauto.com/wp-includes/Requests/src HTTP/1.1" 200 4858 "-" "Mozilla/5.0 (compatible; MJ12bot/v1.4.8; http://mj12bot.com/)"
66.249.68.67 - - [23/Jun/2026:08:57:46 -0400] "GET /products/8193235?fileloc=//lib64/libltdl.so&path=//lib64 HTTP/1.1" 200 3055 "-" "Mozilla/5.0 (Linux; Android 6.0.1; Nexus 5X Build/MMB29P) AppleWebKit/537.36 (KHTML, like Gecko) Chrome/148.0.7778.96 Mobile Safari/537.36 (compatible; GoogleOther)"
66.249.68.68 - - [23/Jun/2026:08:57:47 -0400] "GET /products/11082345?fileloc=/home/aurelytl/rinzaauto.com/index.php&path=/home/aurelytl/rinzaauto.com HTTP/1.1" 200 23671 "-" "Mozilla/5.0 (Linux; Android 6.0.1; Nexus 5X Build/MMB29P) AppleWebKit/537.36 (KHTML, like Gecko) Chrome/148.0.7778.96 Mobile Safari/537.36 (compatible; GoogleOther)"
147.135.212.202 - - [23/Jun/2026:08:57:47 -0400] "GET /?fileloc=/home/aurelytl/rinzaauto.com/wp-includes/Requests/src/Transport.php&path=/home/aurelytl/rinzaauto.com/wp-includes/Requests/src HTTP/1.1" 200 3692 "-" "Mozilla/5.0 (compatible; MJ12bot/v1.4.8; http://mj12bot.com/)"
147.135.212.202 - - [23/Jun/2026:08:57:49 -0400] "GET /?fileloc=/home/aurelytl/rinzaauto.com/wp-includes/SimplePie/library/SimplePie.php&path=/home/aurelytl/rinzaauto.com/wp-includes/SimplePie/library HTTP/1.1" 200 5364 "-" "Mozilla/5.0 (compatible; MJ12bot/v1.4.8; http://mj12bot.com/)"
148.113.130.168 - - [23/Jun/2026:08:57:49 -0400] "GET /products/3105587 HTTP/1.1" 200 4623 "-" "Mozilla/5.0 (compatible; AhrefsBot/7.0; +http://ahrefs.com/robot/)"
66.249.68.65 - - [23/Jun/2026:08:57:50 -0400] "GET /products/2439598?fileloc=/home/aurelytl/rinzaauto.com/robots.txt&path=/home/aurelytl/rinzaauto.com HTTP/1.1" 200 3120 "-" "Mozilla/5.0 (Linux; Android 6.0.1; Nexus 5X Build/MMB29P) AppleWebKit/537.36 (KHTML, like Gecko) Chrome/148.0.7778.96 Mobile Safari/537.36 (compatible; GoogleOther)"
147.135.212.202 - - [23/Jun/2026:08:57:50 -0400] "GET /?fileloc=/home/aurelytl/rinzaauto.com/wp-includes/SimplePie/src/Author.php&path=/home/aurelytl/rinzaauto.com/wp-includes/SimplePie/src HTTP/1.1" 200 3704 "-" "Mozilla/5.0 (compatible; MJ12bot/v1.4.8; http://mj12bot.com/)"
66.249.68.68 - - [23/Jun/2026:08:57:51 -0400] "GET /products/8193235?fileloc=//lib64/libkrb5support.so&path=//lib64 HTTP/1.1" 200 3059 "-" "Mozilla/5.0 (Linux; Android 6.0.1; Nexus 5X Build/MMB29P) AppleWebKit/537.36 (KHTML, like Gecko) Chrome/148.0.7778.96 Mobile Safari/537.36 (compatible; GoogleOther)"
147.135.212.202 - - [23/Jun/2026:08:57:52 -0400] "GET /?fileloc=/home/aurelytl/rinzaauto.com/wp-includes/SimplePie/src/Cache.php&path=/home/aurelytl/rinzaauto.com/wp-includes/SimplePie/src HTTP/1.1" 200 4296 "-" "Mozilla/5.0 (compatible; MJ12bot/v1.4.8; http://mj12bot.com/)"
85.208.96.204 - - [23/Jun/2026:08:57:52 -0400] "GET /products/56512151 HTTP/1.1" 200 5819 "-" "Mozilla/5.0 (compatible; SemrushBot/7~bl; +http://www.semrush.com/bot.html)"
147.135.212.202 - - [23/Jun/2026:08:57:54 -0400] "GET /?fileloc=/home/aurelytl/rinzaauto.com/wp-includes/SimplePie/src/Caption.php&path=/home/aurelytl/rinzaauto.com/wp-includes/SimplePie/src HTTP/1.1" 200 4015 "-" "Mozilla/5.0 (compatible; MJ12bot/v1.4.8; http://mj12bot.com/)"
66.249.68.68 - - [23/Jun/2026:08:57:54 -0400] "GET /products/24582874?fileloc=/home/aurelytl/rinzaauto.com/readme.html&path=/home/aurelytl/rinzaauto.com HTTP/1.1" 200 6108 "-" "Mozilla/5.0 (Linux; Android 6.0.1; Nexus 5X Build/MMB29P) AppleWebKit/537.36 (KHTML, like Gecko) Chrome/148.0.7778.96 Mobile Safari/537.36 (compatible; GoogleOther)"
147.135.212.202 - - [23/Jun/2026:08:57:55 -0400] "GET /?fileloc=/home/aurelytl/rinzaauto.com/wp-includes/SimplePie/src/Category.php&path=/home/aurelytl/rinzaauto.com/wp-includes/SimplePie/src HTTP/1.1" 200 3840 "-" "Mozilla/5.0 (compatible; MJ12bot/v1.4.8; http://mj12bot.com/)"
15.235.98.231 - - [23/Jun/2026:08:57:56 -0400] "GET /products/30911763 HTTP/1.1" 200 4724 "-" "Mozilla/5.0 (compatible; AhrefsBot/7.0; +http://ahrefs.com/robot/)"
147.135.212.202 - - [23/Jun/2026:08:57:57 -0400] "GET /?fileloc=/home/aurelytl/rinzaauto.com/wp-includes/SimplePie/src/Copyright.php&path=/home/aurelytl/rinzaauto.com/wp-includes/SimplePie/src HTTP/1.1" 200 3769 "-" "Mozilla/5.0 (compatible; MJ12bot/v1.4.8; http://mj12bot.com/)"
66.249.68.66 - - [23/Jun/2026:08:57:58 -0400] "GET /products/544995162?fileloc=/home/aurelytl/rinzaauto.com/readme.html&path=/home/aurelytl/rinzaauto.com HTTP/1.1" 200 6108 "-" "Mozilla/5.0 (Linux; Android 6.0.1; Nexus 5X Build/MMB29P) AppleWebKit/537.36 (KHTML, like Gecko) Chrome/148.0.7778.96 Mobile Safari/537.36 (compatible; GoogleOther)"
66.249.68.66 - - [23/Jun/2026:08:57:58 -0400] "GET /products/5312581?fileloc=/home/aurelytl/rinzaauto.com/index.php&path=/home/aurelytl/rinzaauto.com HTTP/1.1" 200 23682 "-" "Mozilla/5.0 (Linux; Android 6.0.1; Nexus 5X Build/MMB29P) AppleWebKit/537.36 (KHTML, like Gecko) Chrome/148.0.7778.96 Mobile Safari/537.36 (compatible; GoogleOther)"
147.135.212.202 - - [23/Jun/2026:08:57:59 -0400] "GET /?fileloc=/home/aurelytl/rinzaauto.com/wp-includes/SimplePie/src/Credit.php&path=/home/aurelytl/rinzaauto.com/wp-includes/SimplePie/src HTTP/1.1" 200 3828 "-" "Mozilla/5.0 (compatible; MJ12bot/v1.4.8; http://mj12bot.com/)"
66.249.68.66 - - [23/Jun/2026:08:57:59 -0400] "GET /products/78741220?path=/home/aurelytl/rinzaauto.com/wp-includes/PHPMailer HTTP/1.1" 200 3709 "-" "Mozilla/5.0 (Linux; Android 6.0.1; Nexus 5X Build/MMB29P) AppleWebKit/537.36 (KHTML, like Gecko) Chrome/148.0.7778.96 Mobile Safari/537.36 (compatible; Googlebot/2.1; +http://www.google.com/bot.html)"
147.135.212.202 - - [23/Jun/2026:08:58:00 -0400] "GET /?fileloc=/home/aurelytl/rinzaauto.com/wp-includes/SimplePie/src/Enclosure.php&path=/home/aurelytl/rinzaauto.com/wp-includes/SimplePie/src HTTP/1.1" 200 9815 "-" "Mozilla/5.0 (compatible; MJ12bot/v1.4.8; http://mj12bot.com/)"
66.249.68.65 - - [23/Jun/2026:08:58:01 -0400] "GET /products/69492576?fileloc=//lib64/libxmlrpc_server.so.3.51&path=//lib64 HTTP/1.1" 200 3065 "-" "Mozilla/5.0 (Linux; Android 6.0.1; Nexus 5X Build/MMB29P) AppleWebKit/537.36 (KHTML, like Gecko) Chrome/148.0.7778.96 Mobile Safari/537.36 (compatible; GoogleOther)"
66.249.68.67 - - [23/Jun/2026:08:58:01 -0400] "GET /products/99503249?fileloc=/home/aurelytl/rinzaauto.com/.htaccess&path=/home/aurelytl/rinzaauto.com HTTP/1.1" 403 1242 "-" "Mozilla/5.0 (Linux; Android 6.0.1; Nexus 5X Build/MMB29P) AppleWebKit/537.36 (KHTML, like Gecko) Chrome/148.0.7778.96 Mobile Safari/537.36 (compatible; GoogleOther)"
54.39.6.235 - - [23/Jun/2026:08:58:02 -0400] "GET /products/3037068 HTTP/1.1" 200 4645 "-" "Mozilla/5.0 (compatible; AhrefsBot/7.0; +http://ahrefs.com/robot/)"
147.135.212.202 - - [23/Jun/2026:08:58:02 -0400] "GET /?fileloc=/home/aurelytl/rinzaauto.com/wp-includes/SimplePie/src/Exception.php&path=/home/aurelytl/rinzaauto.com/wp-includes/SimplePie/src HTTP/1.1" 200 3321 "-" "Mozilla/5.0 (compatible; MJ12bot/v1.4.8; http://mj12bot.com/)"
66.249.68.67 - - [23/Jun/2026:08:58:03 -0400] "GET /products/57802556?fileloc=/home/aurelytl/rinzaauto.com/.litespeed_flag&path=/home/aurelytl/rinzaauto.com HTTP/1.1" 200 3189 "-" "Mozilla/5.0 (Linux; Android 6.0.1; Nexus 5X Build/MMB29P) AppleWebKit/537.36 (KHTML, like Gecko) Chrome/148.0.7778.96 Mobile Safari/537.36 (compatible; GoogleOther)"
147.135.212.202 - - [23/Jun/2026:08:58:04 -0400] "GET /?fileloc=/home/aurelytl/rinzaauto.com/wp-includes/SimplePie/src/File.php&path=/home/aurelytl/rinzaauto.com/wp-includes/SimplePie/src HTTP/1.1" 200 8060 "-" "Mozilla/5.0 (compatible; MJ12bot/v1.4.8; http://mj12bot.com/)"
66.249.68.65 - - [23/Jun/2026:08:58:05 -0400] "GET /products/69492576?fileloc=//lib64/libhwy_contrib.so.1&path=//lib64 HTTP/1.1" 200 3062 "-" "Mozilla/5.0 (Linux; Android 6.0.1; Nexus 5X Build/MMB29P) AppleWebKit/537.36 (KHTML, like Gecko) Chrome/148.0.7778.96 Mobile Safari/537.36 (compatible; GoogleOther)"
147.135.212.202 - - [23/Jun/2026:08:58:05 -0400] "GET /?fileloc=/home/aurelytl/rinzaauto.com/wp-includes/SimplePie/src/Gzdecode.php&path=/home/aurelytl/rinzaauto.com/wp-includes/SimplePie/src HTTP/1.1" 200 5052 "-" "Mozilla/5.0 (compatible; MJ12bot/v1.4.8; http://mj12bot.com/)"
66.249.68.65 - - [23/Jun/2026:08:58:06 -0400] "GET /products/4596045?fileloc=/home/aurelytl/rinzaauto.com/wp-cron.php&path=/home/aurelytl/rinzaauto.com HTTP/1.1" 200 5185 "-" "Mozilla/5.0 (Linux; Android 6.0.1; Nexus 5X Build/MMB29P) AppleWebKit/537.36 (KHTML, like Gecko) Chrome/148.0.7778.96 Mobile Safari/537.36 (compatible; GoogleOther)"
147.135.212.202 - - [23/Jun/2026:08:58:07 -0400] "GET /?fileloc=/home/aurelytl/rinzaauto.com/wp-includes/SimplePie/src/IRI.php&path=/home/aurelytl/rinzaauto.com/wp-includes/SimplePie/src HTTP/1.1" 200 10734 "-" "Mozilla/5.0 (compatible; MJ12bot/v1.4.8; http://mj12bot.com/)"
66.249.68.65 - - [23/Jun/2026:08:58:08 -0400] "GET /products/79947428?fileloc=/home/aurelytl/rinzaauto.com/robots.txt&path=/home/aurelytl/rinzaauto.com HTTP/1.1" 200 3120 "-" "Mozilla/5.0 (Linux; Android 6.0.1; Nexus 5X Build/MMB29P) AppleWebKit/537.36 (KHTML, like Gecko) Chrome/148.0.7778.96 Mobile Safari/537.36 (compatible; GoogleOther)"
147.135.212.202 - - [23/Jun/2026:08:58:09 -0400] "GET /?fileloc=/home/aurelytl/rinzaauto.com/wp-includes/SimplePie/src/Item.php&path=/home/aurelytl/rinzaauto.com/wp-includes/SimplePie/src HTTP/1.1" 200 16497 "-" "Mozilla/5.0 (compatible; MJ12bot/v1.4.8; http://mj12bot.com/)"
66.249.68.65 - - [23/Jun/2026:08:58:09 -0400] "GET /products/84500399?fileloc=//lib64/libaugeas.so.0.24.2&path=//lib64 HTTP/1.1" 200 3064 "-" "Mozilla/5.0 (Linux; Android 6.0.1; Nexus 5X Build/MMB29P) AppleWebKit/537.36 (KHTML, like Gecko) Chrome/148.0.7778.96 Mobile Safari/537.36 (compatible; GoogleOther)"
66.249.68.65 - - [23/Jun/2026:08:58:10 -0400] "GET /products/4838772?fileloc=/home/aurelytl/rinzaauto.com/wp-signup.php&path=/home/aurelytl/rinzaauto.com HTTP/1.1" 200 11574 "-" "Mozilla/5.0 (Linux; Android 6.0.1; Nexus 5X Build/MMB29P) AppleWebKit/537.36 (KHTML, like Gecko) Chrome/148.0.7778.96 Mobile Safari/537.36 (compatible; GoogleOther)"
147.135.212.202 - - [23/Jun/2026:08:58:11 -0400] "GET /?fileloc=/home/aurelytl/rinzaauto.com/wp-includes/SimplePie/src/Locator.php&path=/home/aurelytl/rinzaauto.com/wp-includes/SimplePie/src HTTP/1.1" 200 6709 "-" "Mozilla/5.0 (compatible; MJ12bot/v1.4.8; http://mj12bot.com/)"
66.249.68.65 - - [23/Jun/2026:08:58:12 -0400] "GET /products/5312581?fileloc=/home/aurelytl/rinzaauto.com/.hcflag&path=/home/aurelytl/rinzaauto.com HTTP/1.1" 200 3107 "-" "Mozilla/5.0 (Linux; Android 6.0.1; Nexus 5X Build/MMB29P) AppleWebKit/537.36 (KHTML, like Gecko) Chrome/148.0.7778.96 Mobile Safari/537.36 (compatible; GoogleOther)"
185.191.171.19 - - [23/Jun/2026:08:58:12 -0400] "GET /products/85271730 HTTP/1.1" 200 5720 "-" "Mozilla/5.0 (compatible; SemrushBot/7~bl; +http://www.semrush.com/bot.html)"
66.249.68.65 - - [23/Jun/2026:08:58:12 -0400] "GET /products/99503249?fileloc=/home/aurelytl/rinzaauto.com/.htaccess.bak-20260515&path=/home/aurelytl/rinzaauto.com HTTP/1.1" 403 1242 "-" "Mozilla/5.0 (Linux; Android 6.0.1; Nexus 5X Build/MMB29P) AppleWebKit/537.36 (KHTML, like Gecko) Chrome/148.0.7778.96 Mobile Safari/537.36 (compatible; GoogleOther)"
15.235.98.219 - - [23/Jun/2026:08:58:12 -0400] "GET /products/30197705 HTTP/1.1" 200 4680 "-" "Mozilla/5.0 (compatible; AhrefsBot/7.0; +http://ahrefs.com/robot/)"
147.135.212.202 - - [23/Jun/2026:08:58:12 -0400] "GET /?fileloc=/home/aurelytl/rinzaauto.com/wp-includes/SimplePie/src/Misc.php&path=/home/aurelytl/rinzaauto.com/wp-includes/SimplePie/src HTTP/1.1" 200 16849 "-" "Mozilla/5.0 (compatible; MJ12bot/v1.4.8; http://mj12bot.com/)"
147.135.212.202 - - [23/Jun/2026:08:58:14 -0400] "GET /?fileloc=/home/aurelytl/rinzaauto.com/wp-includes/SimplePie/src/Parser.php&path=/home/aurelytl/rinzaauto.com/wp-includes/SimplePie/src HTTP/1.1" 200 11371 "-" "Mozilla/5.0 (compatible; MJ12bot/v1.4.8; http://mj12bot.com/)"
66.249.68.65 - - [23/Jun/2026:08:58:15 -0400] "GET /products/4656083?fileloc=/home/aurelytl/rinzaauto.com/error_log&path=/home/aurelytl/rinzaauto.com HTTP/1.1" 200 275468 "-" "Mozilla/5.0 (Linux; Android 6.0.1; Nexus 5X Build/MMB29P) AppleWebKit/537.36 (KHTML, like Gecko) Chrome/148.0.7778.96 Mobile Safari/537.36 (compatible; GoogleOther)"
147.135.212.202 - - [23/Jun/2026:08:58:16 -0400] "GET /?fileloc=/home/aurelytl/rinzaauto.com/wp-includes/SimplePie/src/Rating.php&path=/home/aurelytl/rinzaauto.com/wp-includes/SimplePie/src HTTP/1.1" 200 3749 "-" "Mozilla/5.0 (compatible; MJ12bot/v1.4.8; http://mj12bot.com/)"
66.249.68.66 - - [23/Jun/2026:08:58:17 -0400] "GET /products/11345647?fileloc=//sbin/dnssec-dsfromkey&path=//sbin HTTP/1.1" 200 3065 "-" "Mozilla/5.0 (Linux; Android 6.0.1; Nexus 5X Build/MMB29P) AppleWebKit/537.36 (KHTML, like Gecko) Chrome/148.0.7778.96 Mobile Safari/537.36 (compatible; GoogleOther)"
147.135.212.202 - - [23/Jun/2026:08:58:17 -0400] "GET /?fileloc=/home/aurelytl/rinzaauto.com/wp-includes/SimplePie/src/Registry.php&path=/home/aurelytl/rinzaauto.com/wp-includes/SimplePie/src HTTP/1.1" 200 5284 "-" "Mozilla/5.0 (compatible; MJ12bot/v1.4.8; http://mj12bot.com/)"
66.249.68.68 - - [23/Jun/2026:08:58:19 -0400] "GET /products/520640849?path=/home/aurelytl/etc HTTP/1.1" 200 3792 "-" "Mozilla/5.0 (Linux; Android 6.0.1; Nexus 5X Build/MMB29P) AppleWebKit/537.36 (KHTML, like Gecko) Chrome/148.0.7778.96 Mobile Safari/537.36 (compatible; GoogleOther)"
147.135.212.202 - - [23/Jun/2026:08:58:19 -0400] "GET /?fileloc=/home/aurelytl/rinzaauto.com/wp-includes/SimplePie/src/RegistryAware.php&path=/home/aurelytl/rinzaauto.com/wp-includes/SimplePie/src HTTP/1.1" 200 3369 "-" "Mozilla/5.0 (compatible; MJ12bot/v1.4.8; http://mj12bot.com/)"
54.39.136.87 - - [23/Jun/2026:08:58:20 -0400] "GET /products/297724521 HTTP/1.1" 200 4689 "-" "Mozilla/5.0 (compatible; AhrefsBot/7.0; +http://ahrefs.com/robot/)"
147.135.212.202 - - [23/Jun/2026:08:58:21 -0400] "GET /?fileloc=/home/aurelytl/rinzaauto.com/wp-includes/SimplePie/src/Restriction.php&path=/home/aurelytl/rinzaauto.com/wp-includes/SimplePie/src HTTP/1.1" 200 3893 "-" "Mozilla/5.0 (compatible; MJ12bot/v1.4.8; http://mj12bot.com/)"
66.249.68.68 - - [23/Jun/2026:08:58:22 -0400] "GET /products/8193235?fileloc=//lib64/libsecureio.so&path=//lib64 HTTP/1.1" 200 3058 "-" "Mozilla/5.0 (Linux; Android 6.0.1; Nexus 5X Build/MMB29P) AppleWebKit/537.36 (KHTML, like Gecko) Chrome/148.0.7778.96 Mobile Safari/537.36 (compatible; GoogleOther)"
147.135.212.202 - - [23/Jun/2026:08:58:22 -0400] "GET /?fileloc=/home/aurelytl/rinzaauto.com/wp-includes/SimplePie/src/Sanitize.php&path=/home/aurelytl/rinzaauto.com/wp-includes/SimplePie/src HTTP/1.1" 200 10514 "-" "Mozilla/5.0 (compatible; MJ12bot/v1.4.8; http://mj12bot.com/)"
66.249.68.66 - - [23/Jun/2026:08:58:23 -0400] "GET /products/57802556?path=/ HTTP/1.1" 200 3743 "-" "Mozilla/5.0 (Linux; Android 6.0.1; Nexus 5X Build/MMB29P) AppleWebKit/537.36 (KHTML, like Gecko) Chrome/148.0.7778.96 Mobile Safari/537.36 (compatible; GoogleOther)"
147.135.212.202 - - [23/Jun/2026:08:58:24 -0400] "GET /?fileloc=/home/aurelytl/rinzaauto.com/wp-includes/SimplePie/src/SimplePie.php&path=/home/aurelytl/rinzaauto.com/wp-includes/SimplePie/src HTTP/1.1" 200 27146 "-" "Mozilla/5.0 (compatible; MJ12bot/v1.4.8; http://mj12bot.com/)"
167.114.139.73 - - [23/Jun/2026:08:58:25 -0400] "GET /products/2938170 HTTP/1.1" 200 4635 "-" "Mozilla/5.0 (compatible; AhrefsBot/7.0; +http://ahrefs.com/robot/)"
66.249.68.68 - - [23/Jun/2026:08:58:26 -0400] "GET /products/8631880?fileloc=/home/aurelytl/rinzaauto.com/wp-settings.php&path=/home/aurelytl/rinzaauto.com HTTP/1.1" 200 9614 "-" "Mozilla/5.0 (Linux; Android 6.0.1; Nexus 5X Build/MMB29P) AppleWebKit/537.36 (KHTML, like Gecko) Chrome/148.0.7778.96 Mobile Safari/537.36 (compatible; GoogleOther)"
147.135.212.202 - - [23/Jun/2026:08:58:26 -0400] "GET /?fileloc=/home/aurelytl/rinzaauto.com/wp-includes/SimplePie/src/Source.php&path=/home/aurelytl/rinzaauto.com/wp-includes/SimplePie/src HTTP/1.1" 200 5907 "-" "Mozilla/5.0 (compatible; MJ12bot/v1.4.8; http://mj12bot.com/)"
85.208.96.201 - - [23/Jun/2026:08:58:27 -0400] "GET /products/560533253 HTTP/1.1" 200 5714 "-" "Mozilla/5.0 (compatible; SemrushBot/7~bl; +http://www.semrush.com/bot.html)"
147.135.212.202 - - [23/Jun/2026:08:58:27 -0400] "GET /?fileloc=/home/aurelytl/rinzaauto.com/wp-includes/Text/Diff/Renderer.php&path=/home/aurelytl/rinzaauto.com/wp-includes/Text/Diff HTTP/1.1" 200 4993 "-" "Mozilla/5.0 (compatible; MJ12bot/v1.4.8; http://mj12bot.com/)"
66.249.68.66 - - [23/Jun/2026:08:58:28 -0400] "GET /products/11345647?fileloc=//sbin/dnssec-signzone&path=//sbin HTTP/1.1" 200 3066 "-" "Mozilla/5.0 (Linux; Android 6.0.1; Nexus 5X Build/MMB29P) AppleWebKit/537.36 (KHTML, like Gecko) Chrome/148.0.7778.96 Mobile Safari/537.36 (compatible; GoogleOther)"
66.249.68.66 - - [23/Jun/2026:08:58:29 -0400] "GET /products/9120160?fileloc=//lib64/libhdf5hl_fortran.so.100.0.4&path=//lib64 HTTP/1.1" 200 3071 "-" "Mozilla/5.0 (Linux; Android 6.0.1; Nexus 5X Build/MMB29P) AppleWebKit/537.36 (KHTML, like Gecko) Chrome/148.0.7778.96 Mobile Safari/537.36 (compatible; GoogleOther)"
147.135.212.202 - - [23/Jun/2026:08:58:29 -0400] "GET /?fileloc=/home/aurelytl/rinzaauto.com/wp-includes/ai-client/adapters/class-wp-ai-client-cache.php&path=/home/aurelytl/rinzaauto.com/wp-includes/ai-client/adapters HTTP/1.1" 200 4994 "-" "Mozilla/5.0 (compatible; MJ12bot/v1.4.8; http://mj12bot.com/)"
66.249.68.68 - - [23/Jun/2026:08:58:29 -0400] "GET /products/8193235?fileloc=//lib64/libcrypto.so.1.0.2o&path=//lib64 HTTP/1.1" 200 3063 "-" "Mozilla/5.0 (Linux; Android 6.0.1; Nexus 5X Build/MMB29P) AppleWebKit/537.36 (KHTML, like Gecko) Chrome/148.0.7778.96 Mobile Safari/537.36 (compatible; GoogleOther)"
142.44.220.90 - - [23/Jun/2026:08:58:30 -0400] "GET /products/290616142 HTTP/1.1" 200 4645 "-" "Mozilla/5.0 (compatible; AhrefsBot/7.0; +http://ahrefs.com/robot/)"
147.135.212.202 - - [23/Jun/2026:08:58:31 -0400] "GET /?fileloc=/home/aurelytl/rinzaauto.com/wp-includes/ai-client/adapters/class-wp-ai-client-discovery-strategy.php&path=/home/aurelytl/rinzaauto.com/wp-includes/ai-client/adapters HTTP/1.1" 200 3622 "-" "Mozilla/5.0 (compatible; MJ12bot/v1.4.8; http://mj12bot.com/)"
147.135.212.202 - - [23/Jun/2026:08:58:32 -0400] "GET /?fileloc=/home/aurelytl/rinzaauto.com/wp-includes/ai-client/adapters/class-wp-ai-client-event-dispatcher.php&path=/home/aurelytl/rinzaauto.com/wp-includes/ai-client/adapters HTTP/1.1" 200 4105 "-" "Mozilla/5.0 (compatible; MJ12bot/v1.4.8; http://mj12bot.com/)"
66.249.68.66 - - [23/Jun/2026:08:58:33 -0400] "GET /products/8568304?path=/home/aurelytl/eurlapex.com HTTP/1.1" 200 4348 "-" "Mozilla/5.0 (Linux; Android 6.0.1; Nexus 5X Build/MMB29P) AppleWebKit/537.36 (KHTML, like Gecko) Chrome/148.0.7778.96 Mobile Safari/537.36 (compatible; GoogleOther)"
185.191.171.13 - - [23/Jun/2026:08:58:33 -0400] "GET /products/91323731 HTTP/1.1" 200 5710 "-" "Mozilla/5.0 (compatible; SemrushBot/7~bl; +http://www.semrush.com/bot.html)"
66.249.68.65 - - [23/Jun/2026:08:58:33 -0400] "GET /products/1494445?fileloc=/home/aurelytl/rinzaauto.com/license.txt&path=/home/aurelytl/rinzaauto.com HTTP/1.1" 200 10442 "-" "Mozilla/5.0 (Linux; Android 6.0.1; Nexus 5X Build/MMB29P) AppleWebKit/537.36 (KHTML, like Gecko) Chrome/148.0.7778.96 Mobile Safari/537.36 (compatible; GoogleOther)"
66.249.68.65 - - [23/Jun/2026:08:58:34 -0400] "GET /products/69492576?fileloc=//lib64/libhwy_test.so.1&path=//lib64 HTTP/1.1" 200 3060 "-" "Mozilla/5.0 (Linux; Android 6.0.1; Nexus 5X Build/MMB29P) AppleWebKit/537.36 (KHTML, like Gecko) Chrome/148.0.7778.96 Mobile Safari/537.36 (compatible; GoogleOther)"
147.135.212.202 - - [23/Jun/2026:08:58:34 -0400] "GET /?fileloc=/home/aurelytl/rinzaauto.com/wp-includes/ai-client/adapters/class-wp-ai-client-http-client.php&path=/home/aurelytl/rinzaauto.com/wp-includes/ai-client/adapters HTTP/1.1" 200 4893 "-" "Mozilla/5.0 (compatible; MJ12bot/v1.4.8; http://mj12bot.com/)"
147.135.212.202 - - [23/Jun/2026:08:58:35 -0400] "GET /?fileloc=/home/aurelytl/rinzaauto.com/wp-includes/blocks/accordion-heading/block.json&path=/home/aurelytl/rinzaauto.com/wp-includes/blocks/accordion-heading HTTP/1.1" 200 3852 "-" "Mozilla/5.0 (compatible; MJ12bot/v1.4.8; http://mj12bot.com/)"
142.44.233.14 - - [23/Jun/2026:08:58:36 -0400] "GET /products/2900190 HTTP/1.1" 200 4635 "-" "Mozilla/5.0 (compatible; AhrefsBot/7.0; +http://ahrefs.com/robot/)"
66.249.68.66 - - [23/Jun/2026:08:58:36 -0400] "GET /products/520640849?path=/home/aurelytl/.cagefs HTTP/1.1" 200 3423 "-" "Mozilla/5.0 (Linux; Android 6.0.1; Nexus 5X Build/MMB29P) AppleWebKit/537.36 (KHTML, like Gecko) Chrome/148.0.7778.96 Mobile Safari/537.36 (compatible; GoogleOther)"
66.249.68.66 - - [23/Jun/2026:08:58:37 -0400] "GET /products/69492576?fileloc=//lib64/libply-boot-client.so.5&path=//lib64 HTTP/1.1" 200 3066 "-" "Mozilla/5.0 (Linux; Android 6.0.1; Nexus 5X Build/MMB29P) AppleWebKit/537.36 (KHTML, like Gecko) Chrome/148.0.7778.96 Mobile Safari/537.36 (compatible; GoogleOther)"
66.249.68.66 - - [23/Jun/2026:08:58:37 -0400] "GET /products/334319615?path=/home/aurelytl/rinzaauto.com/wp-includes/customize HTTP/1.1" 200 4732 "-" "Mozilla/5.0 (Linux; Android 6.0.1; Nexus 5X Build/MMB29P) AppleWebKit/537.36 (KHTML, like Gecko) Chrome/148.0.7778.96 Mobile Safari/537.36 (compatible; Googlebot/2.1; +http://www.google.com/bot.html)"
147.135.212.202 - - [23/Jun/2026:08:58:37 -0400] "GET /?fileloc=/home/aurelytl/rinzaauto.com/wp-includes/blocks/accordion-heading/style-rtl.css&path=/home/aurelytl/rinzaauto.com/wp-includes/blocks/accordion-heading HTTP/1.1" 200 3354 "-" "Mozilla/5.0 (compatible; MJ12bot/v1.4.8; http://mj12bot.com/)"
66.249.68.67 - - [23/Jun/2026:08:58:37 -0400] "GET /products/2205461 HTTP/1.1" 200 4637 "-" "Mozilla/5.0 (Linux; Android 6.0.1; Nexus 5X Build/MMB29P) AppleWebKit/537.36 (KHTML, like Gecko) Chrome/148.0.7778.96 Mobile Safari/537.36 (compatible; Googlebot/2.1; +http://www.google.com/bot.html)"
85.208.96.208 - - [23/Jun/2026:08:58:37 -0400] "GET /products/603919732 HTTP/1.1" 200 5811 "-" "Mozilla/5.0 (compatible; SemrushBot/7~bl; +http://www.semrush.com/bot.html)"
66.249.68.67 - - [23/Jun/2026:08:58:38 -0400] "GET /products/520640849?path=/home/aurelytl/.cphorde HTTP/1.1" 200 3467 "-" "Mozilla/5.0 (Linux; Android 6.0.1; Nexus 5X Build/MMB29P) AppleWebKit/537.36 (KHTML, like Gecko) Chrome/148.0.7778.96 Mobile Safari/537.36 (compatible; GoogleOther)"
147.135.212.202 - - [23/Jun/2026:08:58:39 -0400] "GET /?fileloc=/home/aurelytl/rinzaauto.com/wp-includes/blocks/accordion-heading/style-rtl.min.css&path=/home/aurelytl/rinzaauto.com/wp-includes/blocks/accordion-heading HTTP/1.1" 200 3345 "-" "Mozilla/5.0 (compatible; MJ12bot/v1.4.8; http://mj12bot.com/)"
66.249.68.67 - - [23/Jun/2026:08:58:40 -0400] "GET /products/337253957?fileloc=/home/aurelytl/rinzaauto.com/archives-1780923266.php&path=/home/aurelytl/rinzaauto.com HTTP/1.1" 200 3091 "-" "Mozilla/5.0 (Linux; Android 6.0.1; Nexus 5X Build/MMB29P) AppleWebKit/537.36 (KHTML, like Gecko) Chrome/148.0.7778.96 Mobile Safari/537.36 (compatible; GoogleOther)"
147.135.212.202 - - [23/Jun/2026:08:58:41 -0400] "GET /?fileloc=/home/aurelytl/rinzaauto.com/wp-includes/blocks/accordion-heading/style.css&path=/home/aurelytl/rinzaauto.com/wp-includes/blocks/accordion-heading HTTP/1.1" 200 3350 "-" "Mozilla/5.0 (compatible; MJ12bot/v1.4.8; http://mj12bot.com/)"
51.222.95.162 - - [23/Jun/2026:08:58:43 -0400] "GET /products/28171456 HTTP/1.1" 200 4659 "-" "Mozilla/5.0 (compatible; AhrefsBot/7.0; +http://ahrefs.com/robot/)"
66.249.68.66 - - [23/Jun/2026:08:58:43 -0400] "GET /products/10414436?fileloc=/home/aurelytl/rinzaauto.com/error_log&path=/home/aurelytl/rinzaauto.com HTTP/1.1" 200 275910 "-" "Mozilla/5.0 (Linux; Android 6.0.1; Nexus 5X Build/MMB29P) AppleWebKit/537.36 (KHTML, like Gecko) Chrome/148.0.7778.96 Mobile Safari/537.36 (compatible; GoogleOther)"
66.249.68.67 - - [23/Jun/2026:08:58:44 -0400] "GET /products/80432558?fileloc=/home/aurelytl/rinzaauto.com/robots.txt&path=/home/aurelytl/rinzaauto.com HTTP/1.1" 200 3064 "-" "Mozilla/5.0 (Linux; Android 6.0.1; Nexus 5X Build/MMB29P) AppleWebKit/537.36 (KHTML, like Gecko) Chrome/148.0.7778.96 Mobile Safari/537.36 (compatible; GoogleOther)"
185.191.171.11 - - [23/Jun/2026:08:58:47 -0400] "GET /products/58902576 HTTP/1.1" 200 5725 "-" "Mozilla/5.0 (compatible; SemrushBot/7~bl; +http://www.semrush.com/bot.html)"
66.249.68.65 - - [23/Jun/2026:08:58:47 -0400] "GET /products/6146503?fileloc=/home/aurelytl/rinzaauto.com/widget.area.1781095307.php&path=/home/aurelytl/rinzaauto.com HTTP/1.1" 200 3096 "-" "Mozilla/5.0 (Linux; Android 6.0.1; Nexus 5X Build/MMB29P) AppleWebKit/537.36 (KHTML, like Gecko) Chrome/148.0.7778.96 Mobile Safari/537.36 (compatible; GoogleOther)"
15.235.98.112 - - [23/Jun/2026:08:58:48 -0400] "GET /products/264822545 HTTP/1.1" 200 4678 "-" "Mozilla/5.0 (compatible; AhrefsBot/7.0; +http://ahrefs.com/robot/)"
66.249.68.68 - - [23/Jun/2026:08:58:48 -0400] "GET /products/11369712?fileloc=/home/aurelytl/rinzaauto.com/.htaccess&path=/home/aurelytl/rinzaauto.com HTTP/1.1" 403 1242 "-" "Mozilla/5.0 (Linux; Android 6.0.1; Nexus 5X Build/MMB29P) AppleWebKit/537.36 (KHTML, like Gecko) Chrome/148.0.7778.96 Mobile Safari/537.36 (compatible; GoogleOther)"
66.249.68.70 - - [23/Jun/2026:08:58:51 -0400] "GET /products/529149226?fileloc=/home/aurelytl/rinzaauto.com/license.txt&path=/home/aurelytl/rinzaauto.com HTTP/1.1" 200 10442 "-" "Mozilla/5.0 (Linux; Android 6.0.1; Nexus 5X Build/MMB29P) AppleWebKit/537.36 (KHTML, like Gecko) Chrome/148.0.7778.96 Mobile Safari/537.36 (compatible; GoogleOther)"
185.191.171.12 - - [23/Jun/2026:08:58:53 -0400] "GET /products/80974533 HTTP/1.1" 200 5805 "-" "Mozilla/5.0 (compatible; SemrushBot/7~bl; +http://www.semrush.com/bot.html)"
66.249.68.65 - - [23/Jun/2026:08:58:54 -0400] "GET /products/1892131?fileloc=/home/aurelytl/rinzaauto.com/wp-config-sample.php&path=/home/aurelytl/rinzaauto.com HTTP/1.1" 200 4352 "-" "Mozilla/5.0 (Linux; Android 6.0.1; Nexus 5X Build/MMB29P) AppleWebKit/537.36 (KHTML, like Gecko) Chrome/148.0.7778.96 Mobile Safari/537.36 (compatible; GoogleOther)"
66.249.68.67 - - [23/Jun/2026:08:58:54 -0400] "GET /products/1892131?path=/home HTTP/1.1" 200 3367 "-" "Mozilla/5.0 (Linux; Android 6.0.1; Nexus 5X Build/MMB29P) AppleWebKit/537.36 (KHTML, like Gecko) Chrome/148.0.7778.96 Mobile Safari/537.36 (compatible; GoogleOther)"
66.249.68.66 - - [23/Jun/2026:08:58:54 -0400] "GET /products/7831445 HTTP/1.1" 200 4703 "-" "Mozilla/5.0 (Linux; Android 6.0.1; Nexus 5X Build/MMB29P) AppleWebKit/537.36 (KHTML, like Gecko) Chrome/148.0.7778.96 Mobile Safari/537.36 (compatible; Googlebot/2.1; +http://www.google.com/bot.html)"
51.222.168.129 - - [23/Jun/2026:08:58:54 -0400] "GET /products/26402722 HTTP/1.1" 200 4685 "-" "Mozilla/5.0 (compatible; AhrefsBot/7.0; +http://ahrefs.com/robot/)"
185.191.171.4 - - [23/Jun/2026:08:58:57 -0400] "GET /products/2297629 HTTP/1.1" 200 5751 "-" "Mozilla/5.0 (compatible; SemrushBot/7~bl; +http://www.semrush.com/bot.html)"
66.249.68.69 - - [23/Jun/2026:08:58:58 -0400] "GET /products/24582874?fileloc=/home/aurelytl/rinzaauto.com/.litespeed_flag&path=/home/aurelytl/rinzaauto.com HTTP/1.1" 200 3189 "-" "Mozilla/5.0 (Linux; Android 6.0.1; Nexus 5X Build/MMB29P) AppleWebKit/537.36 (KHTML, like Gecko) Chrome/148.0.7778.96 Mobile Safari/537.36 (compatible; GoogleOther)"
66.249.68.68 - - [23/Jun/2026:08:58:59 -0400] "GET /products/323992188?path=/ HTTP/1.1" 200 3719 "-" "Mozilla/5.0 (Linux; Android 6.0.1; Nexus 5X Build/MMB29P) AppleWebKit/537.36 (KHTML, like Gecko) Chrome/148.0.7778.96 Mobile Safari/537.36 (compatible; GoogleOther)"
66.249.68.70 - - [23/Jun/2026:08:59:01 -0400] "GET /products/86157998?path=/home/aurelytl/rinzaauto.com/wp-content/upgrade-temp-backup HTTP/1.1" 200 3408 "-" "Mozilla/5.0 (Linux; Android 6.0.1; Nexus 5X Build/MMB29P) AppleWebKit/537.36 (KHTML, like Gecko) Chrome/148.0.7778.96 Mobile Safari/537.36 (compatible; GoogleOther)"
66.249.68.68 - - [23/Jun/2026:08:59:02 -0400] "GET /products/9120160?fileloc=//lib64/libxcb-render-util.so.0&path=//lib64 HTTP/1.1" 200 3068 "-" "Mozilla/5.0 (Linux; Android 6.0.1; Nexus 5X Build/MMB29P) AppleWebKit/537.36 (KHTML, like Gecko) Chrome/148.0.7778.96 Mobile Safari/537.36 (compatible; GoogleOther)"
15.235.96.192 - - [23/Jun/2026:08:59:03 -0400] "GET /products/260466013 HTTP/1.1" 200 4638 "-" "Mozilla/5.0 (compatible; AhrefsBot/7.0; +http://ahrefs.com/robot/)"
66.249.68.67 - - [23/Jun/2026:08:59:04 -0400] "GET /products/287329306?fileloc=/home/aurelytl/rinzaauto.com/wp-admin/ms-options.php&path=/home/aurelytl/rinzaauto.com/wp-admin HTTP/1.1" 200 3182 "-" "Mozilla/5.0 (Linux; Android 6.0.1; Nexus 5X Build/MMB29P) AppleWebKit/537.36 (KHTML, like Gecko) Chrome/148.0.7778.96 Mobile Safari/537.36 (compatible; GoogleOther)"
66.249.68.68 - - [23/Jun/2026:08:59:05 -0400] "GET /products/287329306?fileloc=/home/aurelytl/rinzaauto.com/wp-admin/plugin-install.php&path=/home/aurelytl/rinzaauto.com/wp-admin HTTP/1.1" 200 5662 "-" "Mozilla/5.0 (Linux; Android 6.0.1; Nexus 5X Build/MMB29P) AppleWebKit/537.36 (KHTML, like Gecko) Chrome/148.0.7778.96 Mobile Safari/537.36 (compatible; GoogleOther)"
85.208.96.198 - - [23/Jun/2026:08:59:06 -0400] "GET /products/532131582 HTTP/1.1" 200 5778 "-" "Mozilla/5.0 (compatible; SemrushBot/7~bl; +http://www.semrush.com/bot.html)"
66.249.68.67 - - [23/Jun/2026:08:59:08 -0400] "GET /products/8193235?fileloc=//lib64/libbasicobjects.so.0&path=//lib64 HTTP/1.1" 200 3065 "-" "Mozilla/5.0 (Linux; Android 6.0.1; Nexus 5X Build/MMB29P) AppleWebKit/537.36 (KHTML, like Gecko) Chrome/148.0.7778.96 Mobile Safari/537.36 (compatible; GoogleOther)"
66.249.68.68 - - [23/Jun/2026:08:59:09 -0400] "GET /products/99503249?fileloc=/home/aurelytl/rinzaauto.com/.litespeed_flag&path=/home/aurelytl/rinzaauto.com HTTP/1.1" 200 3189 "-" "Mozilla/5.0 (Linux; Android 6.0.1; Nexus 5X Build/MMB29P) AppleWebKit/537.36 (KHTML, like Gecko) Chrome/148.0.7778.96 Mobile Safari/537.36 (compatible; GoogleOther)"
148.113.130.45 - - [23/Jun/2026:08:59:10 -0400] "GET /products/255897371 HTTP/1.1" 200 4727 "-" "Mozilla/5.0 (compatible; AhrefsBot/7.0; +http://ahrefs.com/robot/)"
66.249.68.68 - - [23/Jun/2026:08:59:11 -0400] "GET /products/1542189 HTTP/1.1" 200 4678 "-" "Mozilla/5.0 (Linux; Android 6.0.1; Nexus 5X Build/MMB29P) AppleWebKit/537.36 (KHTML, like Gecko) Chrome/148.0.7778.96 Mobile Safari/537.36 (compatible; Googlebot/2.1; +http://www.google.com/bot.html)"
66.249.68.67 - - [23/Jun/2026:08:59:12 -0400] "GET /products/78740454?fileloc=/home/aurelytl/rinzaauto.com/wp-activate.php&path=/home/aurelytl/rinzaauto.com HTTP/1.1" 200 5596 "-" "Mozilla/5.0 (Linux; Android 6.0.1; Nexus 5X Build/MMB29P) AppleWebKit/537.36 (KHTML, like Gecko) Chrome/148.0.7778.96 Mobile Safari/537.36 (compatible; GoogleOther)"
66.249.68.66 - - [23/Jun/2026:08:59:14 -0400] "GET /products/85500827?fileloc=//lib64/libgmodule-2.0.so.0&path=//lib64 HTTP/1.1" 200 3064 "-" "Mozilla/5.0 (Linux; Android 6.0.1; Nexus 5X Build/MMB29P) AppleWebKit/537.36 (KHTML, like Gecko) Chrome/148.0.7778.96 Mobile Safari/537.36 (compatible; GoogleOther)"
66.249.68.66 - - [23/Jun/2026:08:59:14 -0400] "GET /products/520640849?path=/home/aurelytl/.trash HTTP/1.1" 200 3394 "-" "Mozilla/5.0 (Linux; Android 6.0.1; Nexus 5X Build/MMB29P) AppleWebKit/537.36 (KHTML, like Gecko) Chrome/148.0.7778.96 Mobile Safari/537.36 (compatible; GoogleOther)"
66.249.68.66 - - [23/Jun/2026:08:59:15 -0400] "GET /products/7405906?path=/home/aurelytl/rinzaauto.com/wp-includes/php-ai-client HTTP/1.1" 200 3506 "-" "Mozilla/5.0 (Linux; Android 6.0.1; Nexus 5X Build/MMB29P) AppleWebKit/537.36 (KHTML, like Gecko) Chrome/148.0.7778.96 Mobile Safari/537.36 (compatible; Googlebot/2.1; +http://www.google.com/bot.html)"
54.39.210.148 - - [23/Jun/2026:08:59:15 -0400] "GET /products/24901891 HTTP/1.1" 200 4678 "-" "Mozilla/5.0 (compatible; AhrefsBot/7.0; +http://ahrefs.com/robot/)"
66.249.68.66 - - [23/Jun/2026:08:59:15 -0400] "GET /products/8193235?fileloc=//lib64/libbpf.so.0&path=//lib64 HTTP/1.1" 200 3056 "-" "Mozilla/5.0 (Linux; Android 6.0.1; Nexus 5X Build/MMB29P) AppleWebKit/537.36 (KHTML, like Gecko) Chrome/148.0.7778.96 Mobile Safari/537.36 (compatible; GoogleOther)"
66.249.68.65 - - [23/Jun/2026:08:59:16 -0400] "GET /products/605179303?fileloc=/home/aurelytl/rinzaauto.com/goods.php&path=/home/aurelytl/rinzaauto.com HTTP/1.1" 200 3287 "-" "Mozilla/5.0 (Linux; Android 6.0.1; Nexus 5X Build/MMB29P) AppleWebKit/537.36 (KHTML, like Gecko) Chrome/148.0.7778.96 Mobile Safari/537.36 (compatible; GoogleOther)"
66.249.68.65 - - [23/Jun/2026:08:59:19 -0400] "GET /products/95422383?fileloc=/home/aurelytl/rinzaauto.com/wp-mail.php&path=/home/aurelytl/rinzaauto.com HTTP/1.1" 200 6189 "-" "Mozilla/5.0 (Linux; Android 6.0.1; Nexus 5X Build/MMB29P) AppleWebKit/537.36 (KHTML, like Gecko) Chrome/148.0.7778.96 Mobile Safari/537.36 (compatible; GoogleOther)"
66.249.68.66 - - [23/Jun/2026:08:59:19 -0400] "GET /products/8193235?fileloc=//lib64/libOpenIPMIutils.so.0&path=//lib64 HTTP/1.1" 200 3065 "-" "Mozilla/5.0 (Linux; Android 6.0.1; Nexus 5X Build/MMB29P) AppleWebKit/537.36 (KHTML, like Gecko) Chrome/148.0.7778.96 Mobile Safari/537.36 (compatible; GoogleOther)"
15.235.96.167 - - [23/Jun/2026:08:59:21 -0400] "GET /products/240398832 HTTP/1.1" 200 4701 "-" "Mozilla/5.0 (compatible; AhrefsBot/7.0; +http://ahrefs.com/robot/)"
66.249.68.65 - - [23/Jun/2026:08:59:22 -0400] "GET /products/45207360?fileloc=/home/aurelytl/rinzaauto.com/archives-1780923266.php&path=/home/aurelytl/rinzaauto.com HTTP/1.1" 200 3091 "-" "Mozilla/5.0 (Linux; Android 6.0.1; Nexus 5X Build/MMB29P) AppleWebKit/537.36 (KHTML, like Gecko) Chrome/148.0.7778.96 Mobile Safari/537.36 (compatible; GoogleOther)"
66.249.68.65 - - [23/Jun/2026:08:59:25 -0400] "GET /products/8193235?fileloc=//lib64/libasprintf.so.0.0.0&path=//lib64 HTTP/1.1" 200 3062 "-" "Mozilla/5.0 (Linux; Android 6.0.1; Nexus 5X Build/MMB29P) AppleWebKit/537.36 (KHTML, like Gecko) Chrome/148.0.7778.96 Mobile Safari/537.36 (compatible; GoogleOther)"
66.249.68.65 - - [23/Jun/2026:08:59:26 -0400] "GET /products/8193235?fileloc=//lib64/libedit.so.0&path=//lib64 HTTP/1.1" 200 3057 "-" "Mozilla/5.0 (Linux; Android 6.0.1; Nexus 5X Build/MMB29P) AppleWebKit/537.36 (KHTML, like Gecko) Chrome/148.0.7778.96 Mobile Safari/537.36 (compatible; GoogleOther)"
148.113.128.121 - - [23/Jun/2026:08:59:27 -0400] "GET /products/2365839 HTTP/1.1" 200 4638 "-" "Mozilla/5.0 (compatible; AhrefsBot/7.0; +http://ahrefs.com/robot/)"
66.249.68.65 - - [23/Jun/2026:08:59:28 -0400] "GET /products/20221722 HTTP/1.1" 200 4703 "-" "Mozilla/5.0 (Linux; Android 6.0.1; Nexus 5X Build/MMB29P) AppleWebKit/537.36 (KHTML, like Gecko) Chrome/148.0.7778.96 Mobile Safari/537.36 (compatible; Googlebot/2.1; +http://www.google.com/bot.html)"
66.249.68.65 - - [23/Jun/2026:08:59:29 -0400] "GET /products/45207360?fileloc=/home/aurelytl/rinzaauto.com/wp-login.php&path=/home/aurelytl/rinzaauto.com HTTP/1.1" 200 16743 "-" "Mozilla/5.0 (Linux; Android 6.0.1; Nexus 5X Build/MMB29P) AppleWebKit/537.36 (KHTML, like Gecko) Chrome/148.0.7778.96 Mobile Safari/537.36 (compatible; GoogleOther)"
66.249.68.65 - - [23/Jun/2026:08:59:30 -0400] "GET /products/6146503?path=/home/aurelytl HTTP/1.1" 200 4800 "-" "Mozilla/5.0 (Linux; Android 6.0.1; Nexus 5X Build/MMB29P) AppleWebKit/537.36 (KHTML, like Gecko) Chrome/148.0.7778.96 Mobile Safari/537.36 (compatible; GoogleOther)"
66.249.68.65 - - [23/Jun/2026:08:59:30 -0400] "GET /products/70129189?fileloc=//lib64/libwayland-client.so.0.21.0&path=//lib64 HTTP/1.1" 200 3067 "-" "Mozilla/5.0 (Linux; Android 6.0.1; Nexus 5X Build/MMB29P) AppleWebKit/537.36 (KHTML, like Gecko) Chrome/148.0.7778.96 Mobile Safari/537.36 (compatible; GoogleOther)"
66.249.68.65 - - [23/Jun/2026:08:59:33 -0400] "GET /products/581943292?path=/ HTTP/1.1" 200 3721 "-" "Mozilla/5.0 (Linux; Android 6.0.1; Nexus 5X Build/MMB29P) AppleWebKit/537.36 (KHTML, like Gecko) Chrome/148.0.7778.96 Mobile Safari/537.36 (compatible; GoogleOther)"
148.113.128.244 - - [23/Jun/2026:08:59:33 -0400] "GET /products/222129351 HTTP/1.1" 200 4638 "-" "Mozilla/5.0 (compatible; AhrefsBot/7.0; +http://ahrefs.com/robot/)"
66.249.68.65 - - [23/Jun/2026:08:59:35 -0400] "GET /products/2149179?fileloc=/home/aurelytl/rinzaauto.com/.litespeed_flag&path=/home/aurelytl/rinzaauto.com HTTP/1.1" 200 3242 "-" "Mozilla/5.0 (Linux; Android 6.0.1; Nexus 5X Build/MMB29P) AppleWebKit/537.36 (KHTML, like Gecko) Chrome/148.0.7778.96 Mobile Safari/537.36 (compatible; GoogleOther)"
66.249.68.65 - - [23/Jun/2026:08:59:37 -0400] "GET /products/8193235?fileloc=//lib64/libfontenc.so.1&path=//lib64 HTTP/1.1" 200 3058 "-" "Mozilla/5.0 (Linux; Android 6.0.1; Nexus 5X Build/MMB29P) AppleWebKit/537.36 (KHTML, like Gecko) Chrome/148.0.7778.96 Mobile Safari/537.36 (compatible; GoogleOther)"
66.249.68.65 - - [23/Jun/2026:08:59:40 -0400] "GET /products/214549226?fileloc=/home/aurelytl/rinzaauto.com/wp-trackback.php&path=/home/aurelytl/rinzaauto.com HTTP/1.1" 200 4989 "-" "Mozilla/5.0 (Linux; Android 6.0.1; Nexus 5X Build/MMB29P) AppleWebKit/537.36 (KHTML, like Gecko) Chrome/148.0.7778.96 Mobile Safari/537.36 (compatible; GoogleOther)"
66.249.68.65 - - [23/Jun/2026:08:59:40 -0400] "GET /products/8193235?fileloc=//lib64/libomapi.so.0.0.0&path=//lib64 HTTP/1.1" 200 3062 "-" "Mozilla/5.0 (Linux; Android 6.0.1; Nexus 5X Build/MMB29P) AppleWebKit/537.36 (KHTML, like Gecko) Chrome/148.0.7778.96 Mobile Safari/537.36 (compatible; GoogleOther)"
54.39.203.97 - - [23/Jun/2026:08:59:42 -0400] "GET /products/22204916 HTTP/1.1" 200 4638 "-" "Mozilla/5.0 (compatible; AhrefsBot/7.0; +http://ahrefs.com/robot/)"
185.191.171.18 - - [23/Jun/2026:08:59:43 -0400] "GET /products/255636653 HTTP/1.1" 200 5715 "-" "Mozilla/5.0 (compatible; SemrushBot/7~bl; +http://www.semrush.com/bot.html)"
