66.249.68.65 - - [23/Jun/2026:08:47:36 -0400] "GET /products/9544303?path=/ HTTP/1.1" 200 3719 "-" "Mozilla/5.0 (Linux; Android 6.0.1; Nexus 5X Build/MMB29P) AppleWebKit/537.36 (KHTML, like Gecko) Chrome/148.0.7778.96 Mobile Safari/537.36 (compatible; GoogleOther)"
66.249.68.65 - - [23/Jun/2026:08:47:37 -0400] "GET /products/94055524?path=/home/aurelytl/azollaalgerie.com HTTP/1.1" 200 4363 "-" "Mozilla/5.0 (Linux; Android 6.0.1; Nexus 5X Build/MMB29P) AppleWebKit/537.36 (KHTML, like Gecko) Chrome/148.0.7778.96 Mobile Safari/537.36 (compatible; GoogleOther)"
66.249.68.65 - - [23/Jun/2026:08:47:37 -0400] "GET /products/8851839?fileloc=/home/aurelytl/rinzaauto.com/wp-load.php&path=/home/aurelytl/rinzaauto.com HTTP/1.1" 200 4664 "-" "Mozilla/5.0 (Linux; Android 6.0.1; Nexus 5X Build/MMB29P) AppleWebKit/537.36 (KHTML, like Gecko) Chrome/148.0.7778.96 Mobile Safari/537.36 (compatible; GoogleOther)"
66.249.68.65 - - [23/Jun/2026:08:47:38 -0400] "GET /products/1707309?path=/home/aurelytl HTTP/1.1" 200 4767 "-" "Mozilla/5.0 (Linux; Android 6.0.1; Nexus 5X Build/MMB29P) AppleWebKit/537.36 (KHTML, like Gecko) Chrome/148.0.7778.96 Mobile Safari/537.36 (compatible; GoogleOther)"
54.39.136.7 - - [23/Jun/2026:08:47:38 -0400] "GET /products/609467002 HTTP/1.1" 200 4676 "-" "Mozilla/5.0 (compatible; AhrefsBot/7.0; +http://ahrefs.com/robot/)"
66.249.68.65 - - [23/Jun/2026:08:47:38 -0400] "GET /products/85500827?fileloc=//lib64/libxcb-sync.so.1.0.0&path=//lib64 HTTP/1.1" 200 3065 "-" "Mozilla/5.0 (Linux; Android 6.0.1; Nexus 5X Build/MMB29P) AppleWebKit/537.36 (KHTML, like Gecko) Chrome/148.0.7778.96 Mobile Safari/537.36 (compatible; GoogleOther)"
66.249.68.65 - - [23/Jun/2026:08:47:39 -0400] "GET /products/15508037?fileloc=/home/aurelytl/rinzaauto.com/.hcflag&path=/home/aurelytl/rinzaauto.com HTTP/1.1" 200 3049 "-" "Mozilla/5.0 (Linux; Android 6.0.1; Nexus 5X Build/MMB29P) AppleWebKit/537.36 (KHTML, like Gecko) Chrome/148.0.7778.96 Mobile Safari/537.36 (compatible; GoogleOther)"
66.249.68.65 - - [23/Jun/2026:08:47:39 -0400] "GET /products/489477503?path=/ HTTP/1.1" 200 3742 "-" "Mozilla/5.0 (Linux; Android 6.0.1; Nexus 5X Build/MMB29P) AppleWebKit/537.36 (KHTML, like Gecko) Chrome/148.0.7778.96 Mobile Safari/537.36 (compatible; GoogleOther)"
66.249.68.65 - - [23/Jun/2026:08:47:40 -0400] "GET /products/558250976?fileloc=/home/aurelytl/rinzaauto.com/.litespeed_flag&path=/home/aurelytl/rinzaauto.com HTTP/1.1" 200 3189 "-" "Mozilla/5.0 (Linux; Android 6.0.1; Nexus 5X Build/MMB29P) AppleWebKit/537.36 (KHTML, like Gecko) Chrome/148.0.7778.96 Mobile Safari/537.36 (compatible; GoogleOther)"
66.249.68.65 - - [23/Jun/2026:08:47:40 -0400] "GET /products/1967972?path=/home/aurelytl/rinzaauto.com HTTP/1.1" 200 4675 "-" "Mozilla/5.0 (Linux; Android 6.0.1; Nexus 5X Build/MMB29P) AppleWebKit/537.36 (KHTML, like Gecko) Chrome/148.0.7778.96 Mobile Safari/537.36 (compatible; GoogleOther)"
66.249.68.65 - - [23/Jun/2026:08:47:41 -0400] "GET /products/364882853?fileloc=/home/aurelytl/rinzaauto.com/robots.txt&path=/home/aurelytl/rinzaauto.com HTTP/1.1" 200 3064 "-" "Mozilla/5.0 (Linux; Android 6.0.1; Nexus 5X Build/MMB29P) AppleWebKit/537.36 (KHTML, like Gecko) Chrome/148.0.7778.96 Mobile Safari/537.36 (compatible; GoogleOther)"
66.249.68.65 - - [23/Jun/2026:08:47:41 -0400] "GET /products/205910749?path=/ HTTP/1.1" 200 3718 "-" "Mozilla/5.0 (Linux; Android 6.0.1; Nexus 5X Build/MMB29P) AppleWebKit/537.36 (KHTML, like Gecko) Chrome/148.0.7778.96 Mobile Safari/537.36 (compatible; GoogleOther)"
66.249.68.65 - - [23/Jun/2026:08:47:42 -0400] "GET /products/69492576?fileloc=//lib64/libstdc++.so.6&path=//lib64 HTTP/1.1" 200 3058 "-" "Mozilla/5.0 (Linux; Android 6.0.1; Nexus 5X Build/MMB29P) AppleWebKit/537.36 (KHTML, like Gecko) Chrome/148.0.7778.96 Mobile Safari/537.36 (compatible; GoogleOther)"
52.167.144.173 - - [23/Jun/2026:08:47:42 -0400] "GET /products/71982615 HTTP/1.1" 200 4702 "-" "Mozilla/5.0 AppleWebKit/537.36 (KHTML, like Gecko; compatible; bingbot/2.0; +http://www.bing.com/bingbot.htm) Chrome/116.0.1938.76 Safari/537.36"
66.249.68.65 - - [23/Jun/2026:08:47:42 -0400] "GET /products/90283923?fileloc=/home/aurelytl/rinzaauto.com/wp-config-sample.php&path=/home/aurelytl/rinzaauto.com HTTP/1.1" 200 4352 "-" "Mozilla/5.0 (Linux; Android 6.0.1; Nexus 5X Build/MMB29P) AppleWebKit/537.36 (KHTML, like Gecko) Chrome/148.0.7778.96 Mobile Safari/537.36 (compatible; GoogleOther)"
66.249.68.65 - - [23/Jun/2026:08:47:43 -0400] "GET /products/31537472?fileloc=/home/aurelytl/rinzaauto.com/wp-includes/http.php&path=/home/aurelytl/rinzaauto.com/wp-includes HTTP/1.1" 200 8807 "-" "Mozilla/5.0 (Linux; Android 6.0.1; Nexus 5X Build/MMB29P) AppleWebKit/537.36 (KHTML, like Gecko) Chrome/148.0.7778.96 Mobile Safari/537.36 (compatible; GoogleOther)"
66.249.68.65 - - [23/Jun/2026:08:47:45 -0400] "GET /products/1152270 HTTP/1.1" 200 4639 "-" "Mozilla/5.0 (Linux; Android 6.0.1; Nexus 5X Build/MMB29P) AppleWebKit/537.36 (KHTML, like Gecko) Chrome/148.0.7778.96 Mobile Safari/537.36 (compatible; Googlebot/2.1; +http://www.google.com/bot.html)"
66.249.68.65 - - [23/Jun/2026:08:47:45 -0400] "GET /products/10062371?fileloc=/home/aurelytl/rinzaauto.com/widget.area.1781095307.php&path=/home/aurelytl/rinzaauto.com HTTP/1.1" 200 3037 "-" "Mozilla/5.0 (Linux; Android 6.0.1; Nexus 5X Build/MMB29P) AppleWebKit/537.36 (KHTML, like Gecko) Chrome/148.0.7778.96 Mobile Safari/537.36 (compatible; GoogleOther)"
66.249.68.65 - - [23/Jun/2026:08:47:46 -0400] "GET /products/3364587?fileloc=/home/aurelytl/rinzaauto.com/widget.area.1781095307.php&path=/home/aurelytl/rinzaauto.com HTTP/1.1" 200 3037 "-" "Mozilla/5.0 (Linux; Android 6.0.1; Nexus 5X Build/MMB29P) AppleWebKit/537.36 (KHTML, like Gecko) Chrome/148.0.7778.96 Mobile Safari/537.36 (compatible; GoogleOther)"
185.191.171.7 - - [23/Jun/2026:08:47:46 -0400] "GET /products/5159137 HTTP/1.1" 200 5778 "-" "Mozilla/5.0 (compatible; SemrushBot/7~bl; +http://www.semrush.com/bot.html)"
66.249.68.65 - - [23/Jun/2026:08:47:49 -0400] "GET /products/45430351?fileloc=/home/aurelytl/rinzaauto.com/wp-config-sample.php&path=/home/aurelytl/rinzaauto.com HTTP/1.1" 200 4322 "-" "Mozilla/5.0 (Linux; Android 6.0.1; Nexus 5X Build/MMB29P) AppleWebKit/537.36 (KHTML, like Gecko) Chrome/148.0.7778.96 Mobile Safari/537.36 (compatible; GoogleOther)"
15.235.98.114 - - [23/Jun/2026:08:47:50 -0400] "GET /products/608846670 HTTP/1.1" 200 4638 "-" "Mozilla/5.0 (compatible; AhrefsBot/7.0; +http://ahrefs.com/robot/)"
66.249.68.65 - - [23/Jun/2026:08:47:51 -0400] "GET /products/45821300?path=/home/aurelytl HTTP/1.1" 200 4829 "-" "Mozilla/5.0 (Linux; Android 6.0.1; Nexus 5X Build/MMB29P) AppleWebKit/537.36 (KHTML, like Gecko) Chrome/148.0.7778.96 Mobile Safari/537.36 (compatible; GoogleOther)"
66.249.68.65 - - [23/Jun/2026:08:47:52 -0400] "GET /products/8893038?path=/home/aurelytl/rinzaauto.com HTTP/1.1" 200 4639 "-" "Mozilla/5.0 (Linux; Android 6.0.1; Nexus 5X Build/MMB29P) AppleWebKit/537.36 (KHTML, like Gecko) Chrome/148.0.7778.96 Mobile Safari/537.36 (compatible; GoogleOther)"
66.249.68.66 - - [23/Jun/2026:08:47:56 -0400] "GET /products/258861422?fileloc=/home/aurelytl/rinzaauto.com/wp-admin/async-upload.php&path=/home/aurelytl/rinzaauto.com/wp-admin HTTP/1.1" 200 5426 "-" "Mozilla/5.0 (Linux; Android 6.0.1; Nexus 5X Build/MMB29P) AppleWebKit/537.36 (KHTML, like Gecko) Chrome/148.0.7778.96 Mobile Safari/537.36 (compatible; GoogleOther)"
66.249.68.65 - - [23/Jun/2026:08:47:56 -0400] "GET /products/7267138?fileloc=/home/aurelytl/rinzaauto.com/wp-load.php&path=/home/aurelytl/rinzaauto.com HTTP/1.1" 200 4664 "-" "Mozilla/5.0 (Linux; Android 6.0.1; Nexus 5X Build/MMB29P) AppleWebKit/537.36 (KHTML, like Gecko) Chrome/148.0.7778.96 Mobile Safari/537.36 (compatible; GoogleOther)"
66.249.68.65 - - [23/Jun/2026:08:47:57 -0400] "GET /products/5948545?path=/home/aurelytl/rinzaauto.com/wp-content/uploads HTTP/1.1" 200 3978 "-" "Mozilla/5.0 (Linux; Android 6.0.1; Nexus 5X Build/MMB29P) AppleWebKit/537.36 (KHTML, like Gecko) Chrome/148.0.7778.96 Mobile Safari/537.36 (compatible; Googlebot/2.1; +http://www.google.com/bot.html)"
66.249.68.65 - - [23/Jun/2026:08:47:59 -0400] "GET /products/1265441?fileloc=/home/aurelytl/rinzaauto.com/wp-activate.php&path=/home/aurelytl/rinzaauto.com HTTP/1.1" 200 5596 "-" "Mozilla/5.0 (Linux; Android 6.0.1; Nexus 5X Build/MMB29P) AppleWebKit/537.36 (KHTML, like Gecko) Chrome/148.0.7778.96 Mobile Safari/537.36 (compatible; GoogleOther)"
148.113.128.161 - - [23/Jun/2026:08:48:00 -0400] "GET /products/60811911 HTTP/1.1" 200 4647 "-" "Mozilla/5.0 (compatible; AhrefsBot/7.0; +http://ahrefs.com/robot/)"
66.249.68.66 - - [23/Jun/2026:08:48:01 -0400] "GET /products/3491866?path=/home/aurelytl HTTP/1.1" 200 4865 "-" "Mozilla/5.0 (Linux; Android 6.0.1; Nexus 5X Build/MMB29P) AppleWebKit/537.36 (KHTML, like Gecko) Chrome/148.0.7778.96 Mobile Safari/537.36 (compatible; GoogleOther)"
66.249.68.65 - - [23/Jun/2026:08:48:02 -0400] "GET /products/207501432 HTTP/1.1" 200 4702 "-" "Mozilla/5.0 (Linux; Android 6.0.1; Nexus 5X Build/MMB29P) AppleWebKit/537.36 (KHTML, like Gecko) Chrome/148.0.7778.96 Mobile Safari/537.36 (compatible; GoogleOther)"
66.249.68.67 - - [23/Jun/2026:08:48:03 -0400] "GET /products/25498101?fileloc=/home/aurelytl/rinzaauto.com/wp-load.php&path=/home/aurelytl/rinzaauto.com HTTP/1.1" 200 4690 "-" "Mozilla/5.0 (Linux; Android 6.0.1; Nexus 5X Build/MMB29P) AppleWebKit/537.36 (KHTML, like Gecko) Chrome/148.0.7778.96 Mobile Safari/537.36 (compatible; GoogleOther)"
66.249.68.65 - - [23/Jun/2026:08:48:06 -0400] "GET /products/323992188 HTTP/1.1" 200 4707 "-" "Mozilla/5.0 (Linux; Android 6.0.1; Nexus 5X Build/MMB29P) AppleWebKit/537.36 (KHTML, like Gecko) Chrome/148.0.7778.96 Mobile Safari/537.36 (compatible; Googlebot/2.1; +http://www.google.com/bot.html)"
66.249.68.66 - - [23/Jun/2026:08:48:06 -0400] "GET /products/9906422?fileloc=/home/aurelytl/rinzaauto.com/wp-includes/capabilities.php&path=/home/aurelytl/rinzaauto.com/wp-includes HTTP/1.1" 200 10978 "-" "Mozilla/5.0 (Linux; Android 6.0.1; Nexus 5X Build/MMB29P) AppleWebKit/537.36 (KHTML, like Gecko) Chrome/148.0.7778.96 Mobile Safari/537.36 (compatible; GoogleOther)"
66.249.68.66 - - [23/Jun/2026:08:48:07 -0400] "GET /products/607652351?path=/home/aurelytl/rinzaauto.com/wp-content HTTP/1.1" 200 4087 "-" "Mozilla/5.0 (Linux; Android 6.0.1; Nexus 5X Build/MMB29P) AppleWebKit/537.36 (KHTML, like Gecko) Chrome/148.0.7778.96 Mobile Safari/537.36 (compatible; GoogleOther)"
54.39.210.223 - - [23/Jun/2026:08:48:07 -0400] "GET /products/606100845 HTTP/1.1" 200 4640 "-" "Mozilla/5.0 (compatible; AhrefsBot/7.0; +http://ahrefs.com/robot/)"
66.249.68.65 - - [23/Jun/2026:08:48:07 -0400] "GET /products/69492576?fileloc=//lib64/libnl-cli-3.so.200&path=//lib64 HTTP/1.1" 200 3064 "-" "Mozilla/5.0 (Linux; Android 6.0.1; Nexus 5X Build/MMB29P) AppleWebKit/537.36 (KHTML, like Gecko) Chrome/148.0.7778.96 Mobile Safari/537.36 (compatible; GoogleOther)"
66.249.68.65 - - [23/Jun/2026:08:48:10 -0400] "GET /products/296367568?fileloc=/home/aurelytl/rinzaauto.com/wp-trackback.php&path=/home/aurelytl/rinzaauto.com HTTP/1.1" 200 4965 "-" "Mozilla/5.0 (Linux; Android 6.0.1; Nexus 5X Build/MMB29P) AppleWebKit/537.36 (KHTML, like Gecko) Chrome/148.0.7778.96 Mobile Safari/537.36 (compatible; GoogleOther)"
66.249.68.65 - - [23/Jun/2026:08:48:12 -0400] "GET /products/45847300?fileloc=/home/aurelytl/rinzaauto.com/widget.area.1781095307.php&path=/home/aurelytl/rinzaauto.com HTTP/1.1" 200 3096 "-" "Mozilla/5.0 (Linux; Android 6.0.1; Nexus 5X Build/MMB29P) AppleWebKit/537.36 (KHTML, like Gecko) Chrome/148.0.7778.96 Mobile Safari/537.36 (compatible; GoogleOther)"
66.249.68.65 - - [23/Jun/2026:08:48:12 -0400] "GET /products/69492576?fileloc=//lib64/libp11-kit.so.0&path=//lib64 HTTP/1.1" 200 3059 "-" "Mozilla/5.0 (Linux; Android 6.0.1; Nexus 5X Build/MMB29P) AppleWebKit/537.36 (KHTML, like Gecko) Chrome/148.0.7778.96 Mobile Safari/537.36 (compatible; GoogleOther)"
66.249.68.65 - - [23/Jun/2026:08:48:13 -0400] "GET /products/3623133?fileloc=/home/aurelytl/rinzaauto.com/widget.area.1781095307.php&path=/home/aurelytl/rinzaauto.com HTTP/1.1" 200 3037 "-" "Mozilla/5.0 (Linux; Android 6.0.1; Nexus 5X Build/MMB29P) AppleWebKit/537.36 (KHTML, like Gecko) Chrome/148.0.7778.96 Mobile Safari/537.36 (compatible; GoogleOther)"
66.249.68.65 - - [23/Jun/2026:08:48:17 -0400] "GET /products/2259329?fileloc=/home/aurelytl/rinzaauto.com/wp-activate.php&path=/home/aurelytl/rinzaauto.com HTTP/1.1" 200 5627 "-" "Mozilla/5.0 (Linux; Android 6.0.1; Nexus 5X Build/MMB29P) AppleWebKit/537.36 (KHTML, like Gecko) Chrome/148.0.7778.96 Mobile Safari/537.36 (compatible; GoogleOther)"
66.249.68.65 - - [23/Jun/2026:08:48:17 -0400] "GET /products/20624276?fileloc=/home/aurelytl/rinzaauto.com/wp-includes/class-wp-block.php&path=/home/aurelytl/rinzaauto.com/wp-includes HTTP/1.1" 200 9979 "-" "Mozilla/5.0 (Linux; Android 6.0.1; Nexus 5X Build/MMB29P) AppleWebKit/537.36 (KHTML, like Gecko) Chrome/148.0.7778.96 Mobile Safari/537.36 (compatible; GoogleOther)"
15.235.96.4 - - [23/Jun/2026:08:48:19 -0400] "GET /products/604319245 HTTP/1.1" 200 4707 "-" "Mozilla/5.0 (compatible; AhrefsBot/7.0; +http://ahrefs.com/robot/)"
66.249.68.65 - - [23/Jun/2026:08:48:20 -0400] "GET /products/2873034?path=/home/aurelytl HTTP/1.1" 200 4800 "-" "Mozilla/5.0 (Linux; Android 6.0.1; Nexus 5X Build/MMB29P) AppleWebKit/537.36 (KHTML, like Gecko) Chrome/148.0.7778.96 Mobile Safari/537.36 (compatible; GoogleOther)"
66.249.68.65 - - [23/Jun/2026:08:48:22 -0400] "GET /products/6907310?fileloc=/home/aurelytl/rinzaauto.com/wp-cron.php&path=/home/aurelytl/rinzaauto.com HTTP/1.1" 200 5185 "-" "Mozilla/5.0 (Linux; Android 6.0.1; Nexus 5X Build/MMB29P) AppleWebKit/537.36 (KHTML, like Gecko) Chrome/148.0.7778.96 Mobile Safari/537.36 (compatible; GoogleOther)"
66.249.68.65 - - [23/Jun/2026:08:48:24 -0400] "GET /products/1537610?fileloc=/home/aurelytl/rinzaauto.com/wp-mail.php&path=/home/aurelytl/rinzaauto.com HTTP/1.1" 200 6165 "-" "Mozilla/5.0 (Linux; Android 6.0.1; Nexus 5X Build/MMB29P) AppleWebKit/537.36 (KHTML, like Gecko) Chrome/148.0.7778.96 Mobile Safari/537.36 (compatible; GoogleOther)"
54.39.210.185 - - [23/Jun/2026:08:48:25 -0400] "GET /products/59905784 HTTP/1.1" 200 4678 "-" "Mozilla/5.0 (compatible; AhrefsBot/7.0; +http://ahrefs.com/robot/)"
66.249.68.65 - - [23/Jun/2026:08:48:27 -0400] "GET /products/70816370 HTTP/1.1" 200 4639 "-" "Mozilla/5.0 (Linux; Android 6.0.1; Nexus 5X Build/MMB29P) AppleWebKit/537.36 (KHTML, like Gecko) Chrome/148.0.7778.96 Mobile Safari/537.36 (compatible; Googlebot/2.1; +http://www.google.com/bot.html)"
66.249.68.65 - - [23/Jun/2026:08:48:27 -0400] "GET /products/218087836?fileloc=/home/aurelytl/rinzaauto.com/.litespeed_flag&path=/home/aurelytl/rinzaauto.com HTTP/1.1" 200 3189 "-" "Mozilla/5.0 (Linux; Android 6.0.1; Nexus 5X Build/MMB29P) AppleWebKit/537.36 (KHTML, like Gecko) Chrome/148.0.7778.96 Mobile Safari/537.36 (compatible; GoogleOther)"
66.249.68.65 - - [23/Jun/2026:08:48:28 -0400] "GET /products/2438781?path=/home/aurelytl/rinzaauto.com/wp-includes HTTP/1.1" 200 13444 "-" "Mozilla/5.0 (Linux; Android 6.0.1; Nexus 5X Build/MMB29P) AppleWebKit/537.36 (KHTML, like Gecko) Chrome/148.0.7778.96 Mobile Safari/537.36 (compatible; GoogleOther)"
66.249.68.65 - - [23/Jun/2026:08:48:31 -0400] "GET /products/75637647?fileloc=/home/aurelytl/rinzaauto.com/widget.area.1781095307.php&path=/home/aurelytl/rinzaauto.com HTTP/1.1" 200 3096 "-" "Mozilla/5.0 (Linux; Android 6.0.1; Nexus 5X Build/MMB29P) AppleWebKit/537.36 (KHTML, like Gecko) Chrome/148.0.7778.96 Mobile Safari/537.36 (compatible; GoogleOther)"
54.39.210.114 - - [23/Jun/2026:08:48:32 -0400] "GET /products/597846625 HTTP/1.1" 200 4678 "-" "Mozilla/5.0 (compatible; AhrefsBot/7.0; +http://ahrefs.com/robot/)"
66.249.68.65 - - [23/Jun/2026:08:48:32 -0400] "GET /products/2236770?path=/home/aurelytl HTTP/1.1" 200 4800 "-" "Mozilla/5.0 (Linux; Android 6.0.1; Nexus 5X Build/MMB29P) AppleWebKit/537.36 (KHTML, like Gecko) Chrome/148.0.7778.96 Mobile Safari/537.36 (compatible; GoogleOther)"
66.249.68.65 - - [23/Jun/2026:08:48:35 -0400] "GET /products/6160722?fileloc=//lib64/libcord.so.1.3.0&path=//lib64 HTTP/1.1" 200 3060 "-" "Mozilla/5.0 (Linux; Android 6.0.1; Nexus 5X Build/MMB29P) AppleWebKit/537.36 (KHTML, like Gecko) Chrome/148.0.7778.96 Mobile Safari/537.36 (compatible; GoogleOther)"
66.249.68.65 - - [23/Jun/2026:08:48:35 -0400] "GET /products/69492576?fileloc=//lib64/libxmlrpc_server.so.3&path=//lib64 HTTP/1.1" 200 3063 "-" "Mozilla/5.0 (Linux; Android 6.0.1; Nexus 5X Build/MMB29P) AppleWebKit/537.36 (KHTML, like Gecko) Chrome/148.0.7778.96 Mobile Safari/537.36 (compatible; GoogleOther)"
66.249.68.65 - - [23/Jun/2026:08:48:35 -0400] "GET /products/7092139?path=/home/aurelytl/youtubethumbnailgrabberonline.com HTTP/1.1" 200 3563 "-" "Mozilla/5.0 (Linux; Android 6.0.1; Nexus 5X Build/MMB29P) AppleWebKit/537.36 (KHTML, like Gecko) Chrome/148.0.7778.96 Mobile Safari/537.36 (compatible; Googlebot/2.1; +http://www.google.com/bot.html)"
66.249.68.65 - - [23/Jun/2026:08:48:37 -0400] "GET /products/314096203?fileloc=/home/aurelytl/rinzaauto.com/wp-mail.php&path=/home/aurelytl/rinzaauto.com HTTP/1.1" 200 6232 "-" "Mozilla/5.0 (Linux; Android 6.0.1; Nexus 5X Build/MMB29P) AppleWebKit/537.36 (KHTML, like Gecko) Chrome/148.0.7778.96 Mobile Safari/537.36 (compatible; GoogleOther)"
66.249.68.65 - - [23/Jun/2026:08:48:38 -0400] "GET /products/83472367?fileloc=//lib64/liblua-5.1.so&path=//lib64 HTTP/1.1" 200 3058 "-" "Mozilla/5.0 (Linux; Android 6.0.1; Nexus 5X Build/MMB29P) AppleWebKit/537.36 (KHTML, like Gecko) Chrome/148.0.7778.96 Mobile Safari/537.36 (compatible; GoogleOther)"
54.39.0.189 - - [23/Jun/2026:08:48:39 -0400] "GET /products/595933580 HTTP/1.1" 200 4642 "-" "Mozilla/5.0 (compatible; AhrefsBot/7.0; +http://ahrefs.com/robot/)"
185.191.171.6 - - [23/Jun/2026:08:48:39 -0400] "GET /products/219379839 HTTP/1.1" 200 5758 "-" "Mozilla/5.0 (compatible; SemrushBot/7~bl; +http://www.semrush.com/bot.html)"
185.191.171.18 - - [23/Jun/2026:08:48:40 -0400] "GET /products/9602167 HTTP/1.1" 200 5812 "-" "Mozilla/5.0 (compatible; SemrushBot/7~bl; +http://www.semrush.com/bot.html)"
66.249.68.65 - - [23/Jun/2026:08:48:42 -0400] "GET /products/8124611?fileloc=/home/aurelytl/rinzaauto.com/wp-settings.php&path=/home/aurelytl/rinzaauto.com HTTP/1.1" 200 9614 "-" "Mozilla/5.0 (Linux; Android 6.0.1; Nexus 5X Build/MMB29P) AppleWebKit/537.36 (KHTML, like Gecko) Chrome/148.0.7778.96 Mobile Safari/537.36 (compatible; GoogleOther)"
66.249.68.65 - - [23/Jun/2026:08:48:43 -0400] "GET /products/3218721?fileloc=/home/aurelytl/rinzaauto.com/widget.area.1781095307.php&path=/home/aurelytl/rinzaauto.com HTTP/1.1" 200 3096 "-" "Mozilla/5.0 (Linux; Android 6.0.1; Nexus 5X Build/MMB29P) AppleWebKit/537.36 (KHTML, like Gecko) Chrome/148.0.7778.96 Mobile Safari/537.36 (compatible; GoogleOther)"
66.249.68.65 - - [23/Jun/2026:08:48:45 -0400] "GET /products/9669624?fileloc=/home/aurelytl/rinzaauto.com/widget.area.1781095307.php&path=/home/aurelytl/rinzaauto.com HTTP/1.1" 200 3096 "-" "Mozilla/5.0 (Linux; Android 6.0.1; Nexus 5X Build/MMB29P) AppleWebKit/537.36 (KHTML, like Gecko) Chrome/148.0.7778.96 Mobile Safari/537.36 (compatible; GoogleOther)"
54.39.89.30 - - [23/Jun/2026:08:48:46 -0400] "GET /products/59424991 HTTP/1.1" 200 4678 "-" "Mozilla/5.0 (compatible; AhrefsBot/7.0; +http://ahrefs.com/robot/)"
66.249.68.65 - - [23/Jun/2026:08:48:48 -0400] "GET /products/82411924?fileloc=/home/aurelytl/rinzaauto.com/.litespeed_flag&path=/home/aurelytl/rinzaauto.com HTTP/1.1" 200 3242 "-" "Mozilla/5.0 (Linux; Android 6.0.1; Nexus 5X Build/MMB29P) AppleWebKit/537.36 (KHTML, like Gecko) Chrome/148.0.7778.96 Mobile Safari/537.36 (compatible; GoogleOther)"
66.249.68.65 - - [23/Jun/2026:08:48:49 -0400] "GET /products/9824095?fileloc=/home/aurelytl/rinzaauto.com/widget.area.1781095307.php&path=/home/aurelytl/rinzaauto.com HTTP/1.1" 200 3096 "-" "Mozilla/5.0 (Linux; Android 6.0.1; Nexus 5X Build/MMB29P) AppleWebKit/537.36 (KHTML, like Gecko) Chrome/148.0.7778.96 Mobile Safari/537.36 (compatible; GoogleOther)"
66.249.68.65 - - [23/Jun/2026:08:48:49 -0400] "GET /products/85500827?fileloc=//lib64/libvmtools.so.0.0.0&path=//lib64 HTTP/1.1" 200 3011 "-" "Mozilla/5.0 (Linux; Android 6.0.1; Nexus 5X Build/MMB29P) AppleWebKit/537.36 (KHTML, like Gecko) Chrome/148.0.7778.96 Mobile Safari/537.36 (compatible; GoogleOther)"
66.249.68.65 - - [23/Jun/2026:08:48:50 -0400] "GET /products/9721136?fileloc=/home/aurelytl/rinzaauto.com/wp-load.php&path=/home/aurelytl/rinzaauto.com HTTP/1.1" 200 4664 "-" "Mozilla/5.0 (Linux; Android 6.0.1; Nexus 5X Build/MMB29P) AppleWebKit/537.36 (KHTML, like Gecko) Chrome/148.0.7778.96 Mobile Safari/537.36 (compatible; Googlebot/2.1; +http://www.google.com/bot.html)"
66.249.68.65 - - [23/Jun/2026:08:48:50 -0400] "GET /products/8156643 HTTP/1.1" 200 4688 "-" "Mozilla/5.0 (Linux; Android 6.0.1; Nexus 5X Build/MMB29P) AppleWebKit/537.36 (KHTML, like Gecko) Chrome/148.0.7778.96 Mobile Safari/537.36 (compatible; Googlebot/2.1; +http://www.google.com/bot.html)"
54.39.0.61 - - [23/Jun/2026:08:48:51 -0400] "GET /products/586305597 HTTP/1.1" 200 4686 "-" "Mozilla/5.0 (compatible; AhrefsBot/7.0; +http://ahrefs.com/robot/)"
66.249.68.65 - - [23/Jun/2026:08:48:52 -0400] "GET /products/443843296?fileloc=/home/aurelytl/rinzaauto.com/archives-1780923266.php&path=/home/aurelytl/rinzaauto.com HTTP/1.1" 200 3034 "-" "Mozilla/5.0 (Linux; Android 6.0.1; Nexus 5X Build/MMB29P) AppleWebKit/537.36 (KHTML, like Gecko) Chrome/148.0.7778.96 Mobile Safari/537.36 (compatible; GoogleOther)"
66.249.68.65 - - [23/Jun/2026:08:48:53 -0400] "GET /products/312964265?fileloc=/home/aurelytl/rinzaauto.com/wp-settings.php&path=/home/aurelytl/rinzaauto.com HTTP/1.1" 200 9614 "-" "Mozilla/5.0 (Linux; Android 6.0.1; Nexus 5X Build/MMB29P) AppleWebKit/537.36 (KHTML, like Gecko) Chrome/148.0.7778.96 Mobile Safari/537.36 (compatible; GoogleOther)"
66.249.68.65 - - [23/Jun/2026:08:48:56 -0400] "GET /products/80383619?fileloc=/home/aurelytl/rinzaauto.com/widget.area.1781095307.php&path=/home/aurelytl/rinzaauto.com HTTP/1.1" 200 3096 "-" "Mozilla/5.0 (Linux; Android 6.0.1; Nexus 5X Build/MMB29P) AppleWebKit/537.36 (KHTML, like Gecko) Chrome/148.0.7778.96 Mobile Safari/537.36 (compatible; GoogleOther)"
66.249.68.66 - - [23/Jun/2026:08:48:58 -0400] "GET /products/406402006?fileloc=/home/aurelytl/rinzaauto.com/wp-includes/revision.php&path=/home/aurelytl/rinzaauto.com/wp-includes HTTP/1.1" 200 11332 "-" "Mozilla/5.0 (Linux; Android 6.0.1; Nexus 5X Build/MMB29P) AppleWebKit/537.36 (KHTML, like Gecko) Chrome/148.0.7778.96 Mobile Safari/537.36 (compatible; GoogleOther)"
51.222.168.126 - - [23/Jun/2026:08:48:59 -0400] "GET /products/584666373 HTTP/1.1" 200 4642 "-" "Mozilla/5.0 (compatible; AhrefsBot/7.0; +http://ahrefs.com/robot/)"
66.249.68.65 - - [23/Jun/2026:08:48:59 -0400] "GET /products/388002793?path=/home/aurelytl/rinzaauto.com/wp-content HTTP/1.1" 200 4098 "-" "Mozilla/5.0 (Linux; Android 6.0.1; Nexus 5X Build/MMB29P) AppleWebKit/537.36 (KHTML, like Gecko) Chrome/148.0.7778.96 Mobile Safari/537.36 (compatible; GoogleOther)"
66.249.68.67 - - [23/Jun/2026:08:49:03 -0400] "GET /products/56589595?fileloc=/home/aurelytl/rinzaauto.com/bottom-1780981817.php&path=/home/aurelytl/rinzaauto.com HTTP/1.1" 200 3091 "-" "Mozilla/5.0 (Linux; Android 6.0.1; Nexus 5X Build/MMB29P) AppleWebKit/537.36 (KHTML, like Gecko) Chrome/148.0.7778.96 Mobile Safari/537.36 (compatible; GoogleOther)"
66.249.68.65 - - [23/Jun/2026:08:49:03 -0400] "GET /products/504644989?fileloc=/home/aurelytl/rinzaauto.com/widget.area.1781095307.php&path=/home/aurelytl/rinzaauto.com HTTP/1.1" 200 3096 "-" "Mozilla/5.0 (Linux; Android 6.0.1; Nexus 5X Build/MMB29P) AppleWebKit/537.36 (KHTML, like Gecko) Chrome/148.0.7778.96 Mobile Safari/537.36 (compatible; GoogleOther)"
66.249.68.65 - - [23/Jun/2026:08:49:04 -0400] "GET /products/69492576?fileloc=//lib64/libgudev-1.0.so.0.2.0&path=//lib64 HTTP/1.1" 200 3065 "-" "Mozilla/5.0 (Linux; Android 6.0.1; Nexus 5X Build/MMB29P) AppleWebKit/537.36 (KHTML, like Gecko) Chrome/148.0.7778.96 Mobile Safari/537.36 (compatible; GoogleOther)"
66.249.68.67 - - [23/Jun/2026:08:49:06 -0400] "GET /products/538111162?fileloc=/home/aurelytl/rinzaauto.com/bottom-1780981817.php&path=/home/aurelytl/rinzaauto.com HTTP/1.1" 200 3091 "-" "Mozilla/5.0 (Linux; Android 6.0.1; Nexus 5X Build/MMB29P) AppleWebKit/537.36 (KHTML, like Gecko) Chrome/148.0.7778.96 Mobile Safari/537.36 (compatible; GoogleOther)"
51.222.168.28 - - [23/Jun/2026:08:49:07 -0400] "GET /products/580873229 HTTP/1.1" 200 4638 "-" "Mozilla/5.0 (compatible; AhrefsBot/7.0; +http://ahrefs.com/robot/)"
66.249.68.65 - - [23/Jun/2026:08:49:09 -0400] "GET /products/9649083?fileloc=/home/aurelytl/rinzaauto.com/wp-trackback.php&path=/home/aurelytl/rinzaauto.com HTTP/1.1" 200 4957 "-" "Mozilla/5.0 (Linux; Android 6.0.1; Nexus 5X Build/MMB29P) AppleWebKit/537.36 (KHTML, like Gecko) Chrome/148.0.7778.96 Mobile Safari/537.36 (compatible; GoogleOther)"
66.249.68.66 - - [23/Jun/2026:08:49:09 -0400] "GET /products/7885790 HTTP/1.1" 200 4678 "-" "Mozilla/5.0 (Linux; Android 6.0.1; Nexus 5X Build/MMB29P) AppleWebKit/537.36 (KHTML, like Gecko) Chrome/148.0.7778.96 Mobile Safari/537.36 (compatible; Googlebot/2.1; +http://www.google.com/bot.html)"
66.249.68.66 - - [23/Jun/2026:08:49:10 -0400] "GET /products/83472367?fileloc=//lib64/libmariadbd.so.19&path=//lib64 HTTP/1.1" 200 3062 "-" "Mozilla/5.0 (Linux; Android 6.0.1; Nexus 5X Build/MMB29P) AppleWebKit/537.36 (KHTML, like Gecko) Chrome/148.0.7778.96 Mobile Safari/537.36 (compatible; GoogleOther)"
66.249.68.65 - - [23/Jun/2026:08:49:13 -0400] "GET /products/7192380?path=/home/aurelytl/youtubethumbnailgrabberonline.com HTTP/1.1" 200 3563 "-" "Mozilla/5.0 (Linux; Android 6.0.1; Nexus 5X Build/MMB29P) AppleWebKit/537.36 (KHTML, like Gecko) Chrome/148.0.7778.96 Mobile Safari/537.36 (compatible; Googlebot/2.1; +http://www.google.com/bot.html)"
185.191.171.1 - - [23/Jun/2026:08:49:13 -0400] "GET /products/311452137 HTTP/1.1" 200 5812 "-" "Mozilla/5.0 (compatible; SemrushBot/7~bl; +http://www.semrush.com/bot.html)"
66.249.68.65 - - [23/Jun/2026:08:49:13 -0400] "GET /products/565933382?fileloc=/home/aurelytl/rinzaauto.com/wp-config.php&path=/home/aurelytl/rinzaauto.com HTTP/1.1" 403 1242 "-" "Mozilla/5.0 (Linux; Android 6.0.1; Nexus 5X Build/MMB29P) AppleWebKit/537.36 (KHTML, like Gecko) Chrome/148.0.7778.96 Mobile Safari/537.36 (compatible; GoogleOther)"
66.249.68.65 - - [23/Jun/2026:08:49:14 -0400] "GET /products/1664715?fileloc=/home/aurelytl/rinzaauto.com/widget.area.1781095307.php&path=/home/aurelytl/rinzaauto.com HTTP/1.1" 200 3096 "-" "Mozilla/5.0 (Linux; Android 6.0.1; Nexus 5X Build/MMB29P) AppleWebKit/537.36 (KHTML, like Gecko) Chrome/148.0.7778.96 Mobile Safari/537.36 (compatible; GoogleOther)"
85.208.96.198 - - [23/Jun/2026:08:49:15 -0400] "GET /products/9605407 HTTP/1.1" 200 5796 "-" "Mozilla/5.0 (compatible; SemrushBot/7~bl; +http://www.semrush.com/bot.html)"
66.249.68.65 - - [23/Jun/2026:08:49:17 -0400] "GET /products/97939864?fileloc=/home/aurelytl/rinzaauto.com/wp-trackback.php&path=/home/aurelytl/rinzaauto.com HTTP/1.1" 200 4989 "-" "Mozilla/5.0 (Linux; Android 6.0.1; Nexus 5X Build/MMB29P) AppleWebKit/537.36 (KHTML, like Gecko) Chrome/148.0.7778.96 Mobile Safari/537.36 (compatible; GoogleOther)"
66.249.68.65 - - [23/Jun/2026:08:49:19 -0400] "GET /products/195129315?fileloc=/home/aurelytl/rinzaauto.com/wp-config-sample.php&path=/home/aurelytl/rinzaauto.com HTTP/1.1" 200 4352 "-" "Mozilla/5.0 (Linux; Android 6.0.1; Nexus 5X Build/MMB29P) AppleWebKit/537.36 (KHTML, like Gecko) Chrome/148.0.7778.96 Mobile Safari/537.36 (compatible; GoogleOther)"
66.249.68.65 - - [23/Jun/2026:08:49:21 -0400] "GET /products/512605885?path=/home/aurelytl HTTP/1.1" 200 4841 "-" "Mozilla/5.0 (Linux; Android 6.0.1; Nexus 5X Build/MMB29P) AppleWebKit/537.36 (KHTML, like Gecko) Chrome/148.0.7778.96 Mobile Safari/537.36 (compatible; GoogleOther)"
51.222.95.141 - - [23/Jun/2026:08:49:23 -0400] "GET /products/575123809 HTTP/1.1" 200 4646 "-" "Mozilla/5.0 (compatible; AhrefsBot/7.0; +http://ahrefs.com/robot/)"
66.249.68.65 - - [23/Jun/2026:08:49:24 -0400] "GET /products/9173560?path=/home/aurelytl/rinzaauto.com/.tmb HTTP/1.1" 200 3154 "-" "Mozilla/5.0 (Linux; Android 6.0.1; Nexus 5X Build/MMB29P) AppleWebKit/537.36 (KHTML, like Gecko) Chrome/148.0.7778.96 Mobile Safari/537.36 (compatible; GoogleOther)"
66.249.68.65 - - [23/Jun/2026:08:49:24 -0400] "GET /products/211077834?fileloc=/home/aurelytl/rinzaauto.com/widget.area.1781095307.php&path=/home/aurelytl/rinzaauto.com HTTP/1.1" 200 3037 "-" "Mozilla/5.0 (Linux; Android 6.0.1; Nexus 5X Build/MMB29P) AppleWebKit/537.36 (KHTML, like Gecko) Chrome/148.0.7778.96 Mobile Safari/537.36 (compatible; GoogleOther)"
66.249.68.65 - - [23/Jun/2026:08:49:26 -0400] "GET /products/85500827?fileloc=//lib64/libIlmImf-2_2.so.22.0.0&path=//lib64 HTTP/1.1" 200 3017 "-" "Mozilla/5.0 (Linux; Android 6.0.1; Nexus 5X Build/MMB29P) AppleWebKit/537.36 (KHTML, like Gecko) Chrome/148.0.7778.96 Mobile Safari/537.36 (compatible; GoogleOther)"
142.44.220.95 - - [23/Jun/2026:08:49:26 -0400] "GET /products/56092646 HTTP/1.1" 200 4679 "-" "Mozilla/5.0 (compatible; AhrefsBot/7.0; +http://ahrefs.com/robot/)"
66.249.68.65 - - [23/Jun/2026:08:49:28 -0400] "GET /products/3141133?fileloc=/home/aurelytl/rinzaauto.com/wp-cron.php&path=/home/aurelytl/rinzaauto.com HTTP/1.1" 200 5159 "-" "Mozilla/5.0 (Linux; Android 6.0.1; Nexus 5X Build/MMB29P) AppleWebKit/537.36 (KHTML, like Gecko) Chrome/148.0.7778.96 Mobile Safari/537.36 (compatible; GoogleOther)"
66.249.68.65 - - [23/Jun/2026:08:49:29 -0400] "GET /products/14024253?path=/home/aurelytl/rinzaauto.com/wp-content HTTP/1.1" 200 4055 "-" "Mozilla/5.0 (Linux; Android 6.0.1; Nexus 5X Build/MMB29P) AppleWebKit/537.36 (KHTML, like Gecko) Chrome/148.0.7778.96 Mobile Safari/537.36 (compatible; GoogleOther)"
66.249.68.65 - - [23/Jun/2026:08:49:31 -0400] "GET /products/95422383 HTTP/1.1" 200 4667 "-" "Mozilla/5.0 (Linux; Android 6.0.1; Nexus 5X Build/MMB29P) AppleWebKit/537.36 (KHTML, like Gecko) Chrome/148.0.7778.96 Mobile Safari/537.36 (compatible; Googlebot/2.1; +http://www.google.com/bot.html)"
66.249.68.65 - - [23/Jun/2026:08:49:31 -0400] "GET /products/9081944?fileloc=/home/aurelytl/rinzaauto.com/wp-config.php&path=/home/aurelytl/rinzaauto.com HTTP/1.1" 403 1242 "-" "Mozilla/5.0 (Linux; Android 6.0.1; Nexus 5X Build/MMB29P) AppleWebKit/537.36 (KHTML, like Gecko) Chrome/148.0.7778.96 Mobile Safari/537.36 (compatible; GoogleOther)"
66.249.68.65 - - [23/Jun/2026:08:49:32 -0400] "GET /products/69492576?fileloc=//lib64/libxmlrpc_util.so.4.51&path=//lib64 HTTP/1.1" 200 3067 "-" "Mozilla/5.0 (Linux; Android 6.0.1; Nexus 5X Build/MMB29P) AppleWebKit/537.36 (KHTML, like Gecko) Chrome/148.0.7778.96 Mobile Safari/537.36 (compatible; GoogleOther)"
185.191.171.7 - - [23/Jun/2026:08:49:33 -0400] "GET /products/234163262 HTTP/1.1" 200 5715 "-" "Mozilla/5.0 (compatible; SemrushBot/7~bl; +http://www.semrush.com/bot.html)"
54.39.136.37 - - [23/Jun/2026:08:49:33 -0400] "GET /products/5586479 HTTP/1.1" 200 4638 "-" "Mozilla/5.0 (compatible; AhrefsBot/7.0; +http://ahrefs.com/robot/)"
66.249.68.65 - - [23/Jun/2026:08:49:34 -0400] "GET /products/2966675?fileloc=//lib64/libpango-1.0.so.0&path=//lib64 HTTP/1.1" 200 3062 "-" "Mozilla/5.0 (Linux; Android 6.0.1; Nexus 5X Build/MMB29P) AppleWebKit/537.36 (KHTML, like Gecko) Chrome/148.0.7778.96 Mobile Safari/537.36 (compatible; GoogleOther)"
66.249.68.65 - - [23/Jun/2026:08:49:35 -0400] "GET /products/99870123?fileloc=/home/aurelytl/rinzaauto.com/wp-config.php&path=/home/aurelytl/rinzaauto.com HTTP/1.1" 403 1242 "-" "Mozilla/5.0 (Linux; Android 6.0.1; Nexus 5X Build/MMB29P) AppleWebKit/537.36 (KHTML, like Gecko) Chrome/148.0.7778.96 Mobile Safari/537.36 (compatible; GoogleOther)"
66.249.68.65 - - [23/Jun/2026:08:49:38 -0400] "GET /products/55209760?fileloc=/home/aurelytl/rinzaauto.com/wp-blog-header.php&path=/home/aurelytl/rinzaauto.com HTTP/1.1" 200 3275 "-" "Mozilla/5.0 (Linux; Android 6.0.1; Nexus 5X Build/MMB29P) AppleWebKit/537.36 (KHTML, like Gecko) Chrome/148.0.7778.96 Mobile Safari/537.36 (compatible; GoogleOther)"
66.249.68.65 - - [23/Jun/2026:08:49:40 -0400] "GET /products/599229010?path=/home/aurelytl HTTP/1.1" 200 4874 "-" "Mozilla/5.0 (Linux; Android 6.0.1; Nexus 5X Build/MMB29P) AppleWebKit/537.36 (KHTML, like Gecko) Chrome/148.0.7778.96 Mobile Safari/537.36 (compatible; GoogleOther)"
54.39.0.218 - - [23/Jun/2026:08:49:40 -0400] "GET /products/55845021 HTTP/1.1" 200 4679 "-" "Mozilla/5.0 (compatible; AhrefsBot/7.0; +http://ahrefs.com/robot/)"
66.249.68.65 - - [23/Jun/2026:08:49:42 -0400] "GET /products/50131833?fileloc=/home/aurelytl/rinzaauto.com/wp-activate.php&path=/home/aurelytl/rinzaauto.com HTTP/1.1" 200 5627 "-" "Mozilla/5.0 (Linux; Android 6.0.1; Nexus 5X Build/MMB29P) AppleWebKit/537.36 (KHTML, like Gecko) Chrome/148.0.7778.96 Mobile Safari/537.36 (compatible; GoogleOther)"
185.191.171.6 - - [23/Jun/2026:08:49:43 -0400] "GET /2024/05/14/strategie-vavada-w-bezpiecznych-grach-online/ HTTP/1.1" 200 5732 "-" "Mozilla/5.0 (compatible; SemrushBot/7~bl; +http://www.semrush.com/bot.html)"
66.249.68.65 - - [23/Jun/2026:08:49:45 -0400] "GET /products/7017204?path=/home/aurelytl/rinzaauto.com HTTP/1.1" 200 4639 "-" "Mozilla/5.0 (Linux; Android 6.0.1; Nexus 5X Build/MMB29P) AppleWebKit/537.36 (KHTML, like Gecko) Chrome/148.0.7778.96 Mobile Safari/537.36 (compatible; GoogleOther)"
66.249.68.65 - - [23/Jun/2026:08:49:45 -0400] "GET /products/4447539?path=/home/aurelytl/rinzaauto.com/wp-content HTTP/1.1" 200 4098 "-" "Mozilla/5.0 (Linux; Android 6.0.1; Nexus 5X Build/MMB29P) AppleWebKit/537.36 (KHTML, like Gecko) Chrome/148.0.7778.96 Mobile Safari/537.36 (compatible; GoogleOther)"
85.208.96.201 - - [23/Jun/2026:08:49:46 -0400] "GET /products/1876999 HTTP/1.1" 200 5710 "-" "Mozilla/5.0 (compatible; SemrushBot/7~bl; +http://www.semrush.com/bot.html)"
185.191.171.9 - - [23/Jun/2026:08:49:47 -0400] "GET /products/544679036 HTTP/1.1" 200 5819 "-" "Mozilla/5.0 (compatible; SemrushBot/7~bl; +http://www.semrush.com/bot.html)"
66.249.68.65 - - [23/Jun/2026:08:49:47 -0400] "GET /products/79277615?fileloc=//bin/ps2pdf&path=//bin HTTP/1.1" 200 3176 "-" "Mozilla/5.0 (Linux; Android 6.0.1; Nexus 5X Build/MMB29P) AppleWebKit/537.36 (KHTML, like Gecko) Chrome/148.0.7778.96 Mobile Safari/537.36 (compatible; GoogleOther)"
51.161.65.140 - - [23/Jun/2026:08:49:47 -0400] "GET /products/557075090 HTTP/1.1" 200 4689 "-" "Mozilla/5.0 (compatible; AhrefsBot/7.0; +http://ahrefs.com/robot/)"
66.249.68.65 - - [23/Jun/2026:08:49:49 -0400] "GET /products/598015154?fileloc=/home/aurelytl/rinzaauto.com/wp-load.php&path=/home/aurelytl/rinzaauto.com HTTP/1.1" 200 4690 "-" "Mozilla/5.0 (Linux; Android 6.0.1; Nexus 5X Build/MMB29P) AppleWebKit/537.36 (KHTML, like Gecko) Chrome/148.0.7778.96 Mobile Safari/537.36 (compatible; GoogleOther)"
66.249.68.65 - - [23/Jun/2026:08:49:50 -0400] "GET /products/2824361?path=/home/aurelytl HTTP/1.1" 200 4829 "-" "Mozilla/5.0 (Linux; Android 6.0.1; Nexus 5X Build/MMB29P) AppleWebKit/537.36 (KHTML, like Gecko) Chrome/148.0.7778.96 Mobile Safari/537.36 (compatible; GoogleOther)"
66.249.68.65 - - [23/Jun/2026:08:49:50 -0400] "GET /products/457172843?path=/home/aurelytl/rinzaauto.com/wp-admin/includes HTTP/1.1" 200 7416 "-" "Mozilla/5.0 (Linux; Android 6.0.1; Nexus 5X Build/MMB29P) AppleWebKit/537.36 (KHTML, like Gecko) Chrome/148.0.7778.96 Mobile Safari/537.36 (compatible; Googlebot/2.1; +http://www.google.com/bot.html)"
85.208.96.207 - - [23/Jun/2026:08:49:52 -0400] "GET /products/30928603 HTTP/1.1" 200 5715 "-" "Mozilla/5.0 (compatible; SemrushBot/7~bl; +http://www.semrush.com/bot.html)"
66.249.68.65 - - [23/Jun/2026:08:49:52 -0400] "GET /products/8967087 HTTP/1.1" 200 4677 "-" "Mozilla/5.0 (Linux; Android 6.0.1; Nexus 5X Build/MMB29P) AppleWebKit/537.36 (KHTML, like Gecko) Chrome/148.0.7778.96 Mobile Safari/537.36 (compatible; Googlebot/2.1; +http://www.google.com/bot.html)"
66.249.68.65 - - [23/Jun/2026:08:49:52 -0400] "GET /products/512188098?fileloc=/home/aurelytl/rinzaauto.com/.htaccess.bak-20260515&path=/home/aurelytl/rinzaauto.com HTTP/1.1" 403 1242 "-" "Mozilla/5.0 (Linux; Android 6.0.1; Nexus 5X Build/MMB29P) AppleWebKit/537.36 (KHTML, like Gecko) Chrome/148.0.7778.96 Mobile Safari/537.36 (compatible; GoogleOther)"
15.235.27.201 - - [23/Jun/2026:08:49:53 -0400] "GET /products/5552193 HTTP/1.1" 200 4638 "-" "Mozilla/5.0 (compatible; AhrefsBot/7.0; +http://ahrefs.com/robot/)"
66.249.68.65 - - [23/Jun/2026:08:49:54 -0400] "GET /products/448718833 HTTP/1.1" 200 4639 "-" "Mozilla/5.0 (Linux; Android 6.0.1; Nexus 5X Build/MMB29P) AppleWebKit/537.36 (KHTML, like Gecko) Chrome/148.0.7778.96 Mobile Safari/537.36 (compatible; GoogleOther)"
66.249.68.65 - - [23/Jun/2026:08:49:55 -0400] "GET /products/10504260?fileloc=/home/aurelytl/rinzaauto.com/wp-load.php&path=/home/aurelytl/rinzaauto.com HTTP/1.1" 200 4664 "-" "Mozilla/5.0 (Linux; Android 6.0.1; Nexus 5X Build/MMB29P) AppleWebKit/537.36 (KHTML, like Gecko) Chrome/148.0.7778.96 Mobile Safari/537.36 (compatible; GoogleOther)"
66.249.68.65 - - [23/Jun/2026:08:49:56 -0400] "GET /products/364747835?path=/home/aurelytl/rinzaauto.com/wp-includes HTTP/1.1" 200 13297 "-" "Mozilla/5.0 (Linux; Android 6.0.1; Nexus 5X Build/MMB29P) AppleWebKit/537.36 (KHTML, like Gecko) Chrome/148.0.7778.96 Mobile Safari/537.36 (compatible; GoogleOther)"
85.208.96.195 - - [23/Jun/2026:08:49:57 -0400] "GET /products/99321396 HTTP/1.1" 200 5715 "-" "Mozilla/5.0 (compatible; SemrushBot/7~bl; +http://www.semrush.com/bot.html)"
148.113.130.91 - - [23/Jun/2026:08:49:58 -0400] "GET /products/549442885 HTTP/1.1" 200 4623 "-" "Mozilla/5.0 (compatible; AhrefsBot/7.0; +http://ahrefs.com/robot/)"
66.249.68.65 - - [23/Jun/2026:08:49:59 -0400] "GET /products/351810812?fileloc=/home/aurelytl/rinzaauto.com/bottom-1780981817.php&path=/home/aurelytl/rinzaauto.com HTTP/1.1" 200 3091 "-" "Mozilla/5.0 (Linux; Android 6.0.1; Nexus 5X Build/MMB29P) AppleWebKit/537.36 (KHTML, like Gecko) Chrome/148.0.7778.96 Mobile Safari/537.36 (compatible; GoogleOther)"
66.249.68.66 - - [23/Jun/2026:08:50:00 -0400] "GET /products/7058045?path=/home/aurelytl/rinzaauto.com/.tmb HTTP/1.1" 200 3099 "-" "Mozilla/5.0 (Linux; Android 6.0.1; Nexus 5X Build/MMB29P) AppleWebKit/537.36 (KHTML, like Gecko) Chrome/148.0.7778.96 Mobile Safari/537.36 (compatible; GoogleOther)"
66.249.68.65 - - [23/Jun/2026:08:50:01 -0400] "GET /products/9120160?fileloc=//lib64/p11-kit-proxy.so&path=//lib64 HTTP/1.1" 200 3060 "-" "Mozilla/5.0 (Linux; Android 6.0.1; Nexus 5X Build/MMB29P) AppleWebKit/537.36 (KHTML, like Gecko) Chrome/148.0.7778.96 Mobile Safari/537.36 (compatible; GoogleOther)"
66.249.68.66 - - [23/Jun/2026:08:50:03 -0400] "GET /products/85500827?fileloc=//lib64/libxcb-render.so.0.0.0&path=//lib64 HTTP/1.1" 200 3014 "-" "Mozilla/5.0 (Linux; Android 6.0.1; Nexus 5X Build/MMB29P) AppleWebKit/537.36 (KHTML, like Gecko) Chrome/148.0.7778.96 Mobile Safari/537.36 (compatible; GoogleOther)"
66.249.68.66 - - [23/Jun/2026:08:50:03 -0400] "GET /products/28534160?fileloc=/home/aurelytl/rinzaauto.com/wp-cron.php&path=/home/aurelytl/rinzaauto.com HTTP/1.1" 200 5159 "-" "Mozilla/5.0 (Linux; Android 6.0.1; Nexus 5X Build/MMB29P) AppleWebKit/537.36 (KHTML, like Gecko) Chrome/148.0.7778.96 Mobile Safari/537.36 (compatible; GoogleOther)"
54.39.136.179 - - [23/Jun/2026:08:50:04 -0400] "GET /products/54199705 HTTP/1.1" 200 4679 "-" "Mozilla/5.0 (compatible; AhrefsBot/7.0; +http://ahrefs.com/robot/)"
66.249.68.65 - - [23/Jun/2026:08:50:06 -0400] "GET /products/8369608?path=/home/aurelytl/rinzaauto.com/wp-content HTTP/1.1" 200 4098 "-" "Mozilla/5.0 (Linux; Android 6.0.1; Nexus 5X Build/MMB29P) AppleWebKit/537.36 (KHTML, like Gecko) Chrome/148.0.7778.96 Mobile Safari/537.36 (compatible; GoogleOther)"
66.249.68.65 - - [23/Jun/2026:08:50:07 -0400] "GET /products/244713610?fileloc=/home/aurelytl/rinzaauto.com/bottom-1780981817.php&path=/home/aurelytl/rinzaauto.com HTTP/1.1" 200 3091 "-" "Mozilla/5.0 (Linux; Android 6.0.1; Nexus 5X Build/MMB29P) AppleWebKit/537.36 (KHTML, like Gecko) Chrome/148.0.7778.96 Mobile Safari/537.36 (compatible; GoogleOther)"
148.113.130.73 - - [23/Jun/2026:08:50:09 -0400] "GET /products/54031680 HTTP/1.1" 200 4638 "-" "Mozilla/5.0 (compatible; AhrefsBot/7.0; +http://ahrefs.com/robot/)"
66.249.68.65 - - [23/Jun/2026:08:50:10 -0400] "GET /products/266298437?fileloc=/home/aurelytl/rinzaauto.com/wp-settings.php&path=/home/aurelytl/rinzaauto.com HTTP/1.1" 200 9614 "-" "Mozilla/5.0 (Linux; Android 6.0.1; Nexus 5X Build/MMB29P) AppleWebKit/537.36 (KHTML, like Gecko) Chrome/148.0.7778.96 Mobile Safari/537.36 (compatible; GoogleOther)"
66.249.68.65 - - [23/Jun/2026:08:50:11 -0400] "GET /products/453762992?fileloc=/home/aurelytl/rinzaauto.com/wp-load.php&path=/home/aurelytl/rinzaauto.com HTTP/1.1" 200 4690 "-" "Mozilla/5.0 (Linux; Android 6.0.1; Nexus 5X Build/MMB29P) AppleWebKit/537.36 (KHTML, like Gecko) Chrome/148.0.7778.96 Mobile Safari/537.36 (compatible; GoogleOther)"
66.249.68.65 - - [23/Jun/2026:08:50:13 -0400] "GET /products/5312581 HTTP/1.1" 200 4639 "-" "Mozilla/5.0 (Linux; Android 6.0.1; Nexus 5X Build/MMB29P) AppleWebKit/537.36 (KHTML, like Gecko) Chrome/148.0.7778.96 Mobile Safari/537.36 (compatible; Googlebot/2.1; +http://www.google.com/bot.html)"
66.249.68.65 - - [23/Jun/2026:08:50:14 -0400] "GET /products/79876005?path=/ HTTP/1.1" 200 3743 "-" "Mozilla/5.0 (Linux; Android 6.0.1; Nexus 5X Build/MMB29P) AppleWebKit/537.36 (KHTML, like Gecko) Chrome/148.0.7778.96 Mobile Safari/537.36 (compatible; GoogleOther)"
142.44.220.205 - - [23/Jun/2026:08:50:15 -0400] "GET /products/52315747 HTTP/1.1" 200 4636 "-" "Mozilla/5.0 (compatible; AhrefsBot/7.0; +http://ahrefs.com/robot/)"
66.249.68.65 - - [23/Jun/2026:08:50:16 -0400] "GET /products/83472367?fileloc=//lib64/libxcb-screensaver.so&path=//lib64 HTTP/1.1" 200 3063 "-" "Mozilla/5.0 (Linux; Android 6.0.1; Nexus 5X Build/MMB29P) AppleWebKit/537.36 (KHTML, like Gecko) Chrome/148.0.7778.96 Mobile Safari/537.36 (compatible; GoogleOther)"
66.249.68.65 - - [23/Jun/2026:08:50:17 -0400] "GET /products/79277615?fileloc=//bin/ps2pdf14&path=//bin HTTP/1.1" 200 3198 "-" "Mozilla/5.0 (Linux; Android 6.0.1; Nexus 5X Build/MMB29P) AppleWebKit/537.36 (KHTML, like Gecko) Chrome/148.0.7778.96 Mobile Safari/537.36 (compatible; GoogleOther)"
66.249.68.65 - - [23/Jun/2026:08:50:17 -0400] "GET /products/336295482?path=/home/aurelytl HTTP/1.1" 200 4800 "-" "Mozilla/5.0 (Linux; Android 6.0.1; Nexus 5X Build/MMB29P) AppleWebKit/537.36 (KHTML, like Gecko) Chrome/148.0.7778.96 Mobile Safari/537.36 (compatible; GoogleOther)"
185.191.171.4 - - [23/Jun/2026:08:50:19 -0400] "GET /products/87932613 HTTP/1.1" 200 5805 "-" "Mozilla/5.0 (compatible; SemrushBot/7~bl; +http://www.semrush.com/bot.html)"
66.249.68.65 - - [23/Jun/2026:08:50:21 -0400] "GET /products/196875499?fileloc=/home/aurelytl/rinzaauto.com/bottom-1780981817.php&path=/home/aurelytl/rinzaauto.com HTTP/1.1" 200 3091 "-" "Mozilla/5.0 (Linux; Android 6.0.1; Nexus 5X Build/MMB29P) AppleWebKit/537.36 (KHTML, like Gecko) Chrome/148.0.7778.96 Mobile Safari/537.36 (compatible; GoogleOther)"
54.39.6.55 - - [23/Jun/2026:08:50:21 -0400] "GET /products/5225271 HTTP/1.1" 200 4636 "-" "Mozilla/5.0 (compatible; AhrefsBot/7.0; +http://ahrefs.com/robot/)"
66.249.68.65 - - [23/Jun/2026:08:50:21 -0400] "GET /products/48646702?path=/home HTTP/1.1" 200 3367 "-" "Mozilla/5.0 (Linux; Android 6.0.1; Nexus 5X Build/MMB29P) AppleWebKit/537.36 (KHTML, like Gecko) Chrome/148.0.7778.96 Mobile Safari/537.36 (compatible; GoogleOther)"
185.191.171.10 - - [23/Jun/2026:08:50:24 -0400] "GET /products/297555837 HTTP/1.1" 200 5800 "-" "Mozilla/5.0 (compatible; SemrushBot/7~bl; +http://www.semrush.com/bot.html)"
66.249.68.65 - - [23/Jun/2026:08:50:24 -0400] "GET /products/585933440?fileloc=/home/aurelytl/rinzaauto.com/wp-mail.php&path=/home/aurelytl/rinzaauto.com HTTP/1.1" 200 6194 "-" "Mozilla/5.0 (Linux; Android 6.0.1; Nexus 5X Build/MMB29P) AppleWebKit/537.36 (KHTML, like Gecko) Chrome/148.0.7778.96 Mobile Safari/537.36 (compatible; GoogleOther)"
66.249.68.65 - - [23/Jun/2026:08:50:26 -0400] "GET /products/9437247?fileloc=/home/aurelytl/rinzaauto.com/wp-login.php&path=/home/aurelytl/rinzaauto.com HTTP/1.1" 200 16747 "-" "Mozilla/5.0 (Linux; Android 6.0.1; Nexus 5X Build/MMB29P) AppleWebKit/537.36 (KHTML, like Gecko) Chrome/148.0.7778.96 Mobile Safari/537.36 (compatible; GoogleOther)"
66.249.68.65 - - [23/Jun/2026:08:50:28 -0400] "GET /products/244828074?fileloc=//dev/shm/f_e6be0e887374&path=//dev/shm HTTP/1.1" 200 5384 "-" "Mozilla/5.0 (Linux; Android 6.0.1; Nexus 5X Build/MMB29P) AppleWebKit/537.36 (KHTML, like Gecko) Chrome/148.0.7778.96 Mobile Safari/537.36 (compatible; GoogleOther)"
66.249.68.65 - - [23/Jun/2026:08:50:28 -0400] "GET /products/7017204?path=/home/aurelytl/rinzaauto.com HTTP/1.1" 200 4704 "-" "Mozilla/5.0 (Linux; Android 6.0.1; Nexus 5X Build/MMB29P) AppleWebKit/537.36 (KHTML, like Gecko) Chrome/148.0.7778.96 Mobile Safari/537.36 (compatible; Googlebot/2.1; +http://www.google.com/bot.html)"
66.249.68.65 - - [23/Jun/2026:08:50:29 -0400] "GET /products/69492576?fileloc=//lib64/libhdf5_cpp.so.103&path=//lib64 HTTP/1.1" 200 3011 "-" "Mozilla/5.0 (Linux; Android 6.0.1; Nexus 5X Build/MMB29P) AppleWebKit/537.36 (KHTML, like Gecko) Chrome/148.0.7778.96 Mobile Safari/537.36 (compatible; GoogleOther)"
142.44.228.134 - - [23/Jun/2026:08:50:29 -0400] "GET /products/51820691 HTTP/1.1" 200 4706 "-" "Mozilla/5.0 (compatible; AhrefsBot/7.0; +http://ahrefs.com/robot/)"
66.249.68.65 - - [23/Jun/2026:08:50:31 -0400] "GET /products/245463177?fileloc=/home/aurelytl/rinzaauto.com/wp-config.php&path=/home/aurelytl/rinzaauto.com HTTP/1.1" 403 1242 "-" "Mozilla/5.0 (Linux; Android 6.0.1; Nexus 5X Build/MMB29P) AppleWebKit/537.36 (KHTML, like Gecko) Chrome/148.0.7778.96 Mobile Safari/537.36 (compatible; GoogleOther)"
66.249.68.65 - - [23/Jun/2026:08:50:32 -0400] "GET /products/530388429?fileloc=/home/aurelytl/rinzaauto.com/bottom-1780981817.php&path=/home/aurelytl/rinzaauto.com HTTP/1.1" 200 3091 "-" "Mozilla/5.0 (Linux; Android 6.0.1; Nexus 5X Build/MMB29P) AppleWebKit/537.36 (KHTML, like Gecko) Chrome/148.0.7778.96 Mobile Safari/537.36 (compatible; GoogleOther)"
66.249.68.65 - - [23/Jun/2026:08:50:34 -0400] "GET /products/419053987 HTTP/1.1" 200 4682 "-" "Mozilla/5.0 (Linux; Android 6.0.1; Nexus 5X Build/MMB29P) AppleWebKit/537.36 (KHTML, like Gecko) Chrome/148.0.7778.96 Mobile Safari/537.36 (compatible; Googlebot/2.1; +http://www.google.com/bot.html)"
66.249.68.65 - - [23/Jun/2026:08:50:35 -0400] "GET /products/2513420?path=/home/aurelytl/rinzaauto.com/wp-content HTTP/1.1" 200 4035 "-" "Mozilla/5.0 (Linux; Android 6.0.1; Nexus 5X Build/MMB29P) AppleWebKit/537.36 (KHTML, like Gecko) Chrome/148.0.7778.96 Mobile Safari/537.36 (compatible; GoogleOther)"
54.39.210.152 - - [23/Jun/2026:08:50:35 -0400] "GET /products/515536671 HTTP/1.1" 200 4636 "-" "Mozilla/5.0 (compatible; AhrefsBot/7.0; +http://ahrefs.com/robot/)"
66.249.68.65 - - [23/Jun/2026:08:50:37 -0400] "GET /products/54649787?path=/home/aurelytl HTTP/1.1" 200 4799 "-" "Mozilla/5.0 (Linux; Android 6.0.1; Nexus 5X Build/MMB29P) AppleWebKit/537.36 (KHTML, like Gecko) Chrome/148.0.7778.96 Mobile Safari/537.36 (compatible; GoogleOther)"
66.249.68.65 - - [23/Jun/2026:08:50:39 -0400] "GET /products/45496213?path=/home HTTP/1.1" 200 3325 "-" "Mozilla/5.0 (Linux; Android 6.0.1; Nexus 5X Build/MMB29P) AppleWebKit/537.36 (KHTML, like Gecko) Chrome/148.0.7778.96 Mobile Safari/537.36 (compatible; GoogleOther)"
66.249.68.65 - - [23/Jun/2026:08:50:39 -0400] "GET /products/9120160?fileloc=//lib64/libsss_nss_idmap.so.0&path=//lib64 HTTP/1.1" 200 3012 "-" "Mozilla/5.0 (Linux; Android 6.0.1; Nexus 5X Build/MMB29P) AppleWebKit/537.36 (KHTML, like Gecko) Chrome/148.0.7778.96 Mobile Safari/537.36 (compatible; GoogleOther)"
66.249.68.65 - - [23/Jun/2026:08:50:42 -0400] "GET /products/263451293?fileloc=/home/aurelytl/rinzaauto.com/wp-load.php&path=/home/aurelytl/rinzaauto.com HTTP/1.1" 200 4690 "-" "Mozilla/5.0 (Linux; Android 6.0.1; Nexus 5X Build/MMB29P) AppleWebKit/537.36 (KHTML, like Gecko) Chrome/148.0.7778.96 Mobile Safari/537.36 (compatible; GoogleOther)"
52.167.144.172 - - [23/Jun/2026:08:50:42 -0400] "GET /products/39562018 HTTP/1.1" 200 4708 "-" "Mozilla/5.0 AppleWebKit/537.36 (KHTML, like Gecko; compatible; bingbot/2.0; +http://www.bing.com/bingbot.htm) Chrome/116.0.1938.76 Safari/537.36"
66.249.68.65 - - [23/Jun/2026:08:50:42 -0400] "GET /products/45713371?fileloc=/home/aurelytl/rinzaauto.com/wp-config.php&path=/home/aurelytl/rinzaauto.com HTTP/1.1" 403 1242 "-" "Mozilla/5.0 (Linux; Android 6.0.1; Nexus 5X Build/MMB29P) AppleWebKit/537.36 (KHTML, like Gecko) Chrome/148.0.7778.96 Mobile Safari/537.36 (compatible; GoogleOther)"
142.44.228.70 - - [23/Jun/2026:08:50:43 -0400] "GET /products/51327735 HTTP/1.1" 200 4636 "-" "Mozilla/5.0 (compatible; AhrefsBot/7.0; +http://ahrefs.com/robot/)"
66.249.68.65 - - [23/Jun/2026:08:50:45 -0400] "GET /products/565933382?fileloc=/home/aurelytl/rinzaauto.com/wp-activate.php&path=/home/aurelytl/rinzaauto.com HTTP/1.1" 200 5573 "-" "Mozilla/5.0 (Linux; Android 6.0.1; Nexus 5X Build/MMB29P) AppleWebKit/537.36 (KHTML, like Gecko) Chrome/148.0.7778.96 Mobile Safari/537.36 (compatible; GoogleOther)"
66.249.68.65 - - [23/Jun/2026:08:50:47 -0400] "GET /products/8953449?path=/ HTTP/1.1" 200 3719 "-" "Mozilla/5.0 (Linux; Android 6.0.1; Nexus 5X Build/MMB29P) AppleWebKit/537.36 (KHTML, like Gecko) Chrome/148.0.7778.96 Mobile Safari/537.36 (compatible; GoogleOther)"
