66.249.68.65 - - [23/Jun/2026:08:50:49 -0400] "GET /products/312994827?fileloc=/home/aurelytl/rinzaauto.com/wp-activate.php&path=/home/aurelytl/rinzaauto.com HTTP/1.1" 200 5596 "-" "Mozilla/5.0 (Linux; Android 6.0.1; Nexus 5X Build/MMB29P) AppleWebKit/537.36 (KHTML, like Gecko) Chrome/148.0.7778.96 Mobile Safari/537.36 (compatible; GoogleOther)"
54.39.0.72 - - [23/Jun/2026:08:50:50 -0400] "GET /products/513108685 HTTP/1.1" 200 4649 "-" "Mozilla/5.0 (compatible; AhrefsBot/7.0; +http://ahrefs.com/robot/)"
185.191.171.9 - - [23/Jun/2026:08:50:51 -0400] "GET /products/447049722 HTTP/1.1" 200 5714 "-" "Mozilla/5.0 (compatible; SemrushBot/7~bl; +http://www.semrush.com/bot.html)"
66.249.68.65 - - [23/Jun/2026:08:50:52 -0400] "GET /products/65247150?path=/home/aurelytl HTTP/1.1" 200 4729 "-" "Mozilla/5.0 (Linux; Android 6.0.1; Nexus 5X Build/MMB29P) AppleWebKit/537.36 (KHTML, like Gecko) Chrome/148.0.7778.96 Mobile Safari/537.36 (compatible; GoogleOther)"
66.249.68.65 - - [23/Jun/2026:08:50:53 -0400] "GET /products/37331975?fileloc=//lib64/libfbclient.so.2&path=//lib64 HTTP/1.1" 200 3059 "-" "Mozilla/5.0 (Linux; Android 6.0.1; Nexus 5X Build/MMB29P) AppleWebKit/537.36 (KHTML, like Gecko) Chrome/148.0.7778.96 Mobile Safari/537.36 (compatible; GoogleOther)"
51.222.95.3 - - [23/Jun/2026:08:50:55 -0400] "GET /products/5100839 HTTP/1.1" 200 4636 "-" "Mozilla/5.0 (compatible; AhrefsBot/7.0; +http://ahrefs.com/robot/)"
66.249.68.65 - - [23/Jun/2026:08:50:56 -0400] "GET /products/529807414 HTTP/1.1" 200 4637 "-" "Mozilla/5.0 (Linux; Android 6.0.1; Nexus 5X Build/MMB29P) AppleWebKit/537.36 (KHTML, like Gecko) Chrome/148.0.7778.96 Mobile Safari/537.36 (compatible; Googlebot/2.1; +http://www.google.com/bot.html)"
66.249.68.65 - - [23/Jun/2026:08:50:57 -0400] "GET /products/70527513?fileloc=/home/aurelytl/rinzaauto.com/wp-trackback.php&path=/home/aurelytl/rinzaauto.com HTTP/1.1" 200 4939 "-" "Mozilla/5.0 (Linux; Android 6.0.1; Nexus 5X Build/MMB29P) AppleWebKit/537.36 (KHTML, like Gecko) Chrome/148.0.7778.96 Mobile Safari/537.36 (compatible; GoogleOther)"
66.249.68.65 - - [23/Jun/2026:08:50:58 -0400] "GET /products/367728897?fileloc=/home/aurelytl/rinzaauto.com/wp-includes/query.php&path=/home/aurelytl/rinzaauto.com/wp-includes HTTP/1.1" 200 8243 "-" "Mozilla/5.0 (Linux; Android 6.0.1; Nexus 5X Build/MMB29P) AppleWebKit/537.36 (KHTML, like Gecko) Chrome/148.0.7778.96 Mobile Safari/537.36 (compatible; GoogleOther)"
66.249.68.65 - - [23/Jun/2026:08:50:58 -0400] "GET /products/9120160?fileloc=//lib64/libxmlrpc_util.so.4&path=//lib64 HTTP/1.1" 200 3064 "-" "Mozilla/5.0 (Linux; Android 6.0.1; Nexus 5X Build/MMB29P) AppleWebKit/537.36 (KHTML, like Gecko) Chrome/148.0.7778.96 Mobile Safari/537.36 (compatible; GoogleOther)"
66.249.68.65 - - [23/Jun/2026:08:51:00 -0400] "GET /products/73249974?path=/home HTTP/1.1" 200 3367 "-" "Mozilla/5.0 (Linux; Android 6.0.1; Nexus 5X Build/MMB29P) AppleWebKit/537.36 (KHTML, like Gecko) Chrome/148.0.7778.96 Mobile Safari/537.36 (compatible; GoogleOther)"
54.39.6.157 - - [23/Jun/2026:08:51:02 -0400] "GET /products/5095390 HTTP/1.1" 200 4653 "-" "Mozilla/5.0 (compatible; AhrefsBot/7.0; +http://ahrefs.com/robot/)"
66.249.68.65 - - [23/Jun/2026:08:51:02 -0400] "GET /products/244828074?fileloc=//dev/shm/JpRGpPoOcs&path=//dev/shm HTTP/1.1" 200 3057 "-" "Mozilla/5.0 (Linux; Android 6.0.1; Nexus 5X Build/MMB29P) AppleWebKit/537.36 (KHTML, like Gecko) Chrome/148.0.7778.96 Mobile Safari/537.36 (compatible; GoogleOther)"
66.249.68.65 - - [23/Jun/2026:08:51:03 -0400] "GET /products/264634766?fileloc=/home/aurelytl/rinzaauto.com/wp-config-sample.php&path=/home/aurelytl/rinzaauto.com HTTP/1.1" 200 4352 "-" "Mozilla/5.0 (Linux; Android 6.0.1; Nexus 5X Build/MMB29P) AppleWebKit/537.36 (KHTML, like Gecko) Chrome/148.0.7778.96 Mobile Safari/537.36 (compatible; GoogleOther)"
85.208.96.203 - - [23/Jun/2026:08:51:04 -0400] "GET /products/9165611 HTTP/1.1" 200 5836 "-" "Mozilla/5.0 (compatible; SemrushBot/7~bl; +http://www.semrush.com/bot.html)"
85.208.96.202 - - [23/Jun/2026:08:51:04 -0400] "GET /2025/06/16/emerging-trends-in-uk-online-slots-an-expert-overview/ HTTP/1.1" 200 5712 "-" "Mozilla/5.0 (compatible; SemrushBot/7~bl; +http://www.semrush.com/bot.html)"
66.249.68.65 - - [23/Jun/2026:08:51:06 -0400] "GET /products/99600911?path=/home/aurelytl/rinzaauto.com/wp-includes/images HTTP/1.1" 200 4496 "-" "Mozilla/5.0 (Linux; Android 6.0.1; Nexus 5X Build/MMB29P) AppleWebKit/537.36 (KHTML, like Gecko) Chrome/148.0.7778.96 Mobile Safari/537.36 (compatible; Googlebot/2.1; +http://www.google.com/bot.html)"
66.249.68.65 - - [23/Jun/2026:08:51:07 -0400] "GET /products/236201453?path=/home HTTP/1.1" 200 3367 "-" "Mozilla/5.0 (Linux; Android 6.0.1; Nexus 5X Build/MMB29P) AppleWebKit/537.36 (KHTML, like Gecko) Chrome/148.0.7778.96 Mobile Safari/537.36 (compatible; GoogleOther)"
66.249.68.65 - - [23/Jun/2026:08:51:08 -0400] "GET /products/6160722?fileloc=//lib64/liblscapi.so.1.1&path=//lib64 HTTP/1.1" 200 3059 "-" "Mozilla/5.0 (Linux; Android 6.0.1; Nexus 5X Build/MMB29P) AppleWebKit/537.36 (KHTML, like Gecko) Chrome/148.0.7778.96 Mobile Safari/537.36 (compatible; GoogleOther)"
54.39.203.107 - - [23/Jun/2026:08:51:09 -0400] "GET /products/50382867 HTTP/1.1" 200 4626 "-" "Mozilla/5.0 (compatible; AhrefsBot/7.0; +http://ahrefs.com/robot/)"
66.249.68.65 - - [23/Jun/2026:08:51:10 -0400] "GET /products/29708642?path=/home/aurelytl HTTP/1.1" 200 4756 "-" "Mozilla/5.0 (Linux; Android 6.0.1; Nexus 5X Build/MMB29P) AppleWebKit/537.36 (KHTML, like Gecko) Chrome/148.0.7778.96 Mobile Safari/537.36 (compatible; GoogleOther)"
66.249.68.65 - - [23/Jun/2026:08:51:13 -0400] "GET /products/458865316?fileloc=/home/aurelytl/rinzaauto.com/wp-load.php&path=/home/aurelytl/rinzaauto.com HTTP/1.1" 200 4690 "-" "Mozilla/5.0 (Linux; Android 6.0.1; Nexus 5X Build/MMB29P) AppleWebKit/537.36 (KHTML, like Gecko) Chrome/148.0.7778.96 Mobile Safari/537.36 (compatible; GoogleOther)"
15.235.27.205 - - [23/Jun/2026:08:51:14 -0400] "GET /products/50321935 HTTP/1.1" 200 4724 "-" "Mozilla/5.0 (compatible; AhrefsBot/7.0; +http://ahrefs.com/robot/)"
66.249.68.65 - - [23/Jun/2026:08:51:14 -0400] "GET /products/427459940?path=/home/aurelytl/rinzaauto.com/wp-includes/ID3 HTTP/1.1" 200 4006 "-" "Mozilla/5.0 (Linux; Android 6.0.1; Nexus 5X Build/MMB29P) AppleWebKit/537.36 (KHTML, like Gecko) Chrome/148.0.7778.96 Mobile Safari/537.36 (compatible; GoogleOther)"
66.249.68.65 - - [23/Jun/2026:08:51:16 -0400] "GET /products/6779363?path=//etc/cl.python HTTP/1.1" 403 1242 "-" "Mozilla/5.0 (Linux; Android 6.0.1; Nexus 5X Build/MMB29P) AppleWebKit/537.36 (KHTML, like Gecko) Chrome/148.0.7778.96 Mobile Safari/537.36 (compatible; GoogleOther)"
85.208.96.202 - - [23/Jun/2026:08:51:16 -0400] "GET /products/54335011 HTTP/1.1" 200 5760 "-" "Mozilla/5.0 (compatible; SemrushBot/7~bl; +http://www.semrush.com/bot.html)"
66.249.68.65 - - [23/Jun/2026:08:51:17 -0400] "GET /products/16024258 HTTP/1.1" 200 4706 "-" "Mozilla/5.0 (Linux; Android 6.0.1; Nexus 5X Build/MMB29P) AppleWebKit/537.36 (KHTML, like Gecko) Chrome/148.0.7778.96 Mobile Safari/537.36 (compatible; Googlebot/2.1; +http://www.google.com/bot.html)"
66.249.68.65 - - [23/Jun/2026:08:51:17 -0400] "GET /products/244828074?fileloc=//dev/shm/GOSPGcZLFZ&path=//dev/shm HTTP/1.1" 200 3057 "-" "Mozilla/5.0 (Linux; Android 6.0.1; Nexus 5X Build/MMB29P) AppleWebKit/537.36 (KHTML, like Gecko) Chrome/148.0.7778.96 Mobile Safari/537.36 (compatible; GoogleOther)"
66.249.68.65 - - [23/Jun/2026:08:51:18 -0400] "GET /products/442678206?path=/home/aurelytl HTTP/1.1" 200 4800 "-" "Mozilla/5.0 (Linux; Android 6.0.1; Nexus 5X Build/MMB29P) AppleWebKit/537.36 (KHTML, like Gecko) Chrome/148.0.7778.96 Mobile Safari/537.36 (compatible; GoogleOther)"
142.44.225.149 - - [23/Jun/2026:08:51:18 -0400] "GET /products/49947420 HTTP/1.1" 200 4638 "-" "Mozilla/5.0 (compatible; AhrefsBot/7.0; +http://ahrefs.com/robot/)"
185.191.171.12 - - [23/Jun/2026:08:51:18 -0400] "GET /products/96160721 HTTP/1.1" 200 5715 "-" "Mozilla/5.0 (compatible; SemrushBot/7~bl; +http://www.semrush.com/bot.html)"
185.191.171.15 - - [23/Jun/2026:08:51:20 -0400] "GET /products/50613933 HTTP/1.1" 200 5846 "-" "Mozilla/5.0 (compatible; SemrushBot/7~bl; +http://www.semrush.com/bot.html)"
66.249.68.65 - - [23/Jun/2026:08:51:21 -0400] "GET /products/6082366?fileloc=/home/aurelytl/rinzaauto.com/wp-trackback.php&path=/home/aurelytl/rinzaauto.com HTTP/1.1" 200 4939 "-" "Mozilla/5.0 (Linux; Android 6.0.1; Nexus 5X Build/MMB29P) AppleWebKit/537.36 (KHTML, like Gecko) Chrome/148.0.7778.96 Mobile Safari/537.36 (compatible; GoogleOther)"
185.191.171.4 - - [23/Jun/2026:08:51:22 -0400] "GET /products/94585931 HTTP/1.1" 200 5734 "-" "Mozilla/5.0 (compatible; SemrushBot/7~bl; +http://www.semrush.com/bot.html)"
185.191.171.13 - - [23/Jun/2026:08:51:23 -0400] "GET /products/4536415 HTTP/1.1" 200 5774 "-" "Mozilla/5.0 (compatible; SemrushBot/7~bl; +http://www.semrush.com/bot.html)"
66.249.68.65 - - [23/Jun/2026:08:51:23 -0400] "GET /products/1451749?fileloc=/home/aurelytl/rinzaauto.com/wp-includes/post-template.php&path=/home/aurelytl/rinzaauto.com/wp-includes HTTP/1.1" 200 20288 "-" "Mozilla/5.0 (Linux; Android 6.0.1; Nexus 5X Build/MMB29P) AppleWebKit/537.36 (KHTML, like Gecko) Chrome/148.0.7778.96 Mobile Safari/537.36 (compatible; GoogleOther)"
66.249.68.65 - - [23/Jun/2026:08:51:24 -0400] "GET /products/98296137?path=/home/aurelytl HTTP/1.1" 200 4874 "-" "Mozilla/5.0 (Linux; Android 6.0.1; Nexus 5X Build/MMB29P) AppleWebKit/537.36 (KHTML, like Gecko) Chrome/148.0.7778.96 Mobile Safari/537.36 (compatible; GoogleOther)"
85.208.96.203 - - [23/Jun/2026:08:51:24 -0400] "GET /products/380605224 HTTP/1.1" 200 5744 "-" "Mozilla/5.0 (compatible; SemrushBot/7~bl; +http://www.semrush.com/bot.html)"
66.249.68.65 - - [23/Jun/2026:08:51:26 -0400] "GET /products/9120160?fileloc=//lib64/libxmlrpc_server_cgi.so.3.51&path=//lib64 HTTP/1.1" 200 3070 "-" "Mozilla/5.0 (Linux; Android 6.0.1; Nexus 5X Build/MMB29P) AppleWebKit/537.36 (KHTML, like Gecko) Chrome/148.0.7778.96 Mobile Safari/537.36 (compatible; GoogleOther)"
51.161.65.30 - - [23/Jun/2026:08:51:27 -0400] "GET /products/4801999 HTTP/1.1" 200 4701 "-" "Mozilla/5.0 (compatible; AhrefsBot/7.0; +http://ahrefs.com/robot/)"
66.249.68.65 - - [23/Jun/2026:08:51:28 -0400] "GET /products/2047661?fileloc=/home/aurelytl/rinzaauto.com/wp-mail.php&path=/home/aurelytl/rinzaauto.com HTTP/1.1" 200 6189 "-" "Mozilla/5.0 (Linux; Android 6.0.1; Nexus 5X Build/MMB29P) AppleWebKit/537.36 (KHTML, like Gecko) Chrome/148.0.7778.96 Mobile Safari/537.36 (compatible; GoogleOther)"
66.249.68.65 - - [23/Jun/2026:08:51:28 -0400] "GET /products/49986465?fileloc=/home/aurelytl/rinzaauto.com/wp-mail.php&path=/home/aurelytl/rinzaauto.com HTTP/1.1" 200 6189 "-" "Mozilla/5.0 (Linux; Android 6.0.1; Nexus 5X Build/MMB29P) AppleWebKit/537.36 (KHTML, like Gecko) Chrome/148.0.7778.96 Mobile Safari/537.36 (compatible; GoogleOther)"
185.191.171.16 - - [23/Jun/2026:08:51:30 -0400] "GET /products/7453054 HTTP/1.1" 200 5715 "-" "Mozilla/5.0 (compatible; SemrushBot/7~bl; +http://www.semrush.com/bot.html)"
66.249.68.65 - - [23/Jun/2026:08:51:32 -0400] "GET /products/78741220?fileloc=/home/aurelytl/rinzaauto.com/wp-includes/class-wp-comment.php&path=/home/aurelytl/rinzaauto.com/wp-includes HTTP/1.1" 200 5737 "-" "Mozilla/5.0 (Linux; Android 6.0.1; Nexus 5X Build/MMB29P) AppleWebKit/537.36 (KHTML, like Gecko) Chrome/148.0.7778.96 Mobile Safari/537.36 (compatible; GoogleOther)"
66.249.68.65 - - [23/Jun/2026:08:51:33 -0400] "GET /products/43234504?fileloc=/home/aurelytl/rinzaauto.com/wp-activate.php&path=/home/aurelytl/rinzaauto.com HTTP/1.1" 200 5596 "-" "Mozilla/5.0 (Linux; Android 6.0.1; Nexus 5X Build/MMB29P) AppleWebKit/537.36 (KHTML, like Gecko) Chrome/148.0.7778.96 Mobile Safari/537.36 (compatible; GoogleOther)"
66.249.68.65 - - [23/Jun/2026:08:51:35 -0400] "GET /products/424637169?fileloc=/home/aurelytl/rinzaauto.com/bottom-1780981817.php&path=/home/aurelytl/rinzaauto.com HTTP/1.1" 200 3091 "-" "Mozilla/5.0 (Linux; Android 6.0.1; Nexus 5X Build/MMB29P) AppleWebKit/537.36 (KHTML, like Gecko) Chrome/148.0.7778.96 Mobile Safari/537.36 (compatible; GoogleOther)"
142.44.220.160 - - [23/Jun/2026:08:51:36 -0400] "GET /products/473762853 HTTP/1.1" 200 4678 "-" "Mozilla/5.0 (compatible; AhrefsBot/7.0; +http://ahrefs.com/robot/)"
66.249.68.65 - - [23/Jun/2026:08:51:38 -0400] "GET /products/406070562 HTTP/1.1" 200 4678 "-" "Mozilla/5.0 (Linux; Android 6.0.1; Nexus 5X Build/MMB29P) AppleWebKit/537.36 (KHTML, like Gecko) Chrome/148.0.7778.96 Mobile Safari/537.36 (compatible; Googlebot/2.1; +http://www.google.com/bot.html)"
66.249.68.65 - - [23/Jun/2026:08:51:40 -0400] "GET /products/6694938?fileloc=/home/aurelytl/rinzaauto.com/.htaccess.bak-20260515&path=/home/aurelytl/rinzaauto.com HTTP/1.1" 403 1242 "-" "Mozilla/5.0 (Linux; Android 6.0.1; Nexus 5X Build/MMB29P) AppleWebKit/537.36 (KHTML, like Gecko) Chrome/148.0.7778.96 Mobile Safari/537.36 (compatible; GoogleOther)"
66.249.68.65 - - [23/Jun/2026:08:51:41 -0400] "GET /products/324677333?path=/home/aurelytl HTTP/1.1" 200 4800 "-" "Mozilla/5.0 (Linux; Android 6.0.1; Nexus 5X Build/MMB29P) AppleWebKit/537.36 (KHTML, like Gecko) Chrome/148.0.7778.96 Mobile Safari/537.36 (compatible; GoogleOther)"
66.249.68.65 - - [23/Jun/2026:08:51:42 -0400] "GET /products/46048168?fileloc=/home/aurelytl/rinzaauto.com/widget.area.1781095307.php&path=/home/aurelytl/rinzaauto.com HTTP/1.1" 200 3096 "-" "Mozilla/5.0 (Linux; Android 6.0.1; Nexus 5X Build/MMB29P) AppleWebKit/537.36 (KHTML, like Gecko) Chrome/148.0.7778.96 Mobile Safari/537.36 (compatible; GoogleOther)"
51.222.95.106 - - [23/Jun/2026:08:51:42 -0400] "GET /products/468888589 HTTP/1.1" 200 4678 "-" "Mozilla/5.0 (compatible; AhrefsBot/7.0; +http://ahrefs.com/robot/)"
66.249.68.65 - - [23/Jun/2026:08:51:43 -0400] "GET /products/334319615?path=/home/aurelytl/rinzaauto.com/wp-includes/fonts HTTP/1.1" 200 3783 "-" "Mozilla/5.0 (Linux; Android 6.0.1; Nexus 5X Build/MMB29P) AppleWebKit/537.36 (KHTML, like Gecko) Chrome/148.0.7778.96 Mobile Safari/537.36 (compatible; Googlebot/2.1; +http://www.google.com/bot.html)"
66.249.68.65 - - [23/Jun/2026:08:51:44 -0400] "GET /products/73645813?fileloc=/home/aurelytl/rinzaauto.com/wp-admin/load-scripts.php&path=/home/aurelytl/rinzaauto.com/wp-admin HTTP/1.1" 200 4050 "-" "Mozilla/5.0 (Linux; Android 6.0.1; Nexus 5X Build/MMB29P) AppleWebKit/537.36 (KHTML, like Gecko) Chrome/148.0.7778.96 Mobile Safari/537.36 (compatible; GoogleOther)"
66.249.68.65 - - [23/Jun/2026:08:51:46 -0400] "GET /products/26729272?fileloc=/home/aurelytl/rinzaauto.com/wp-trackback.php&path=/home/aurelytl/rinzaauto.com HTTP/1.1" 200 4939 "-" "Mozilla/5.0 (Linux; Android 6.0.1; Nexus 5X Build/MMB29P) AppleWebKit/537.36 (KHTML, like Gecko) Chrome/148.0.7778.96 Mobile Safari/537.36 (compatible; GoogleOther)"
66.249.68.65 - - [23/Jun/2026:08:51:48 -0400] "GET /products/31073539 HTTP/1.1" 200 4638 "-" "Mozilla/5.0 (Linux; Android 6.0.1; Nexus 5X Build/MMB29P) AppleWebKit/537.36 (KHTML, like Gecko) Chrome/148.0.7778.96 Mobile Safari/537.36 (compatible; GoogleOther)"
167.114.139.12 - - [23/Jun/2026:08:51:49 -0400] "GET /products/46523815 HTTP/1.1" 200 4727 "-" "Mozilla/5.0 (compatible; AhrefsBot/7.0; +http://ahrefs.com/robot/)"
66.249.68.65 - - [23/Jun/2026:08:51:50 -0400] "GET /products/1822312?fileloc=/home/aurelytl/rinzaauto.com/bottom-1780981817.php&path=/home/aurelytl/rinzaauto.com HTTP/1.1" 200 3091 "-" "Mozilla/5.0 (Linux; Android 6.0.1; Nexus 5X Build/MMB29P) AppleWebKit/537.36 (KHTML, like Gecko) Chrome/148.0.7778.96 Mobile Safari/537.36 (compatible; GoogleOther)"
66.249.68.65 - - [23/Jun/2026:08:51:50 -0400] "GET /products/51266614?fileloc=/home/aurelytl/rinzaauto.com/.litespeed_flag&path=/home/aurelytl/rinzaauto.com HTTP/1.1" 200 3242 "-" "Mozilla/5.0 (Linux; Android 6.0.1; Nexus 5X Build/MMB29P) AppleWebKit/537.36 (KHTML, like Gecko) Chrome/148.0.7778.96 Mobile Safari/537.36 (compatible; GoogleOther)"
66.249.68.65 - - [23/Jun/2026:08:51:54 -0400] "GET /products/85500827?fileloc=//lib64/liblmdb.so.0.0.0&path=//lib64 HTTP/1.1" 200 3059 "-" "Mozilla/5.0 (Linux; Android 6.0.1; Nexus 5X Build/MMB29P) AppleWebKit/537.36 (KHTML, like Gecko) Chrome/148.0.7778.96 Mobile Safari/537.36 (compatible; GoogleOther)"
54.39.210.140 - - [23/Jun/2026:08:51:54 -0400] "GET /products/4612188 HTTP/1.1" 200 4638 "-" "Mozilla/5.0 (compatible; AhrefsBot/7.0; +http://ahrefs.com/robot/)"
66.249.68.65 - - [23/Jun/2026:08:51:54 -0400] "GET /products/94160575?path=/home/aurelytl/rinzaauto.com/wp-content HTTP/1.1" 200 4098 "-" "Mozilla/5.0 (Linux; Android 6.0.1; Nexus 5X Build/MMB29P) AppleWebKit/537.36 (KHTML, like Gecko) Chrome/148.0.7778.96 Mobile Safari/537.36 (compatible; GoogleOther)"
66.249.68.65 - - [23/Jun/2026:08:51:55 -0400] "GET /products/70129189?fileloc=//lib64/libcom_err.so.2&path=//lib64 HTTP/1.1" 200 3058 "-" "Mozilla/5.0 (Linux; Android 6.0.1; Nexus 5X Build/MMB29P) AppleWebKit/537.36 (KHTML, like Gecko) Chrome/148.0.7778.96 Mobile Safari/537.36 (compatible; GoogleOther)"
66.249.68.65 - - [23/Jun/2026:08:51:55 -0400] "GET /products/399726105?fileloc=/home/aurelytl/rinzaauto.com/bottom-1780981817.php&path=/home/aurelytl/rinzaauto.com HTTP/1.1" 200 3034 "-" "Mozilla/5.0 (Linux; Android 6.0.1; Nexus 5X Build/MMB29P) AppleWebKit/537.36 (KHTML, like Gecko) Chrome/148.0.7778.96 Mobile Safari/537.36 (compatible; GoogleOther)"
66.249.68.65 - - [23/Jun/2026:08:51:56 -0400] "GET /products/70129189?fileloc=//lib64/libDeployPkg.so.0.0.0&path=//lib64 HTTP/1.1" 200 3066 "-" "Mozilla/5.0 (Linux; Android 6.0.1; Nexus 5X Build/MMB29P) AppleWebKit/537.36 (KHTML, like Gecko) Chrome/148.0.7778.96 Mobile Safari/537.36 (compatible; GoogleOther)"
66.249.68.65 - - [23/Jun/2026:08:51:56 -0400] "GET /products/80080205?fileloc=/home/aurelytl/rinzaauto.com/wp-load.php&path=/home/aurelytl/rinzaauto.com HTTP/1.1" 200 4690 "-" "Mozilla/5.0 (Linux; Android 6.0.1; Nexus 5X Build/MMB29P) AppleWebKit/537.36 (KHTML, like Gecko) Chrome/148.0.7778.96 Mobile Safari/537.36 (compatible; GoogleOther)"
66.249.68.67 - - [23/Jun/2026:08:51:59 -0400] "GET /products/11082345 HTTP/1.1" 200 4678 "-" "Mozilla/5.0 (Linux; Android 6.0.1; Nexus 5X Build/MMB29P) AppleWebKit/537.36 (KHTML, like Gecko) Chrome/148.0.7778.96 Mobile Safari/537.36 (compatible; Googlebot/2.1; +http://www.google.com/bot.html)"
66.249.68.67 - - [23/Jun/2026:08:51:59 -0400] "GET /products/581927277?path=/home/aurelytl HTTP/1.1" 200 4767 "-" "Mozilla/5.0 (Linux; Android 6.0.1; Nexus 5X Build/MMB29P) AppleWebKit/537.36 (KHTML, like Gecko) Chrome/148.0.7778.96 Mobile Safari/537.36 (compatible; GoogleOther)"
66.249.68.65 - - [23/Jun/2026:08:52:00 -0400] "GET /products/244828074?fileloc=//dev/shm/f_a9af4dac9ad3&path=//dev/shm HTTP/1.1" 200 5364 "-" "Mozilla/5.0 (Linux; Android 6.0.1; Nexus 5X Build/MMB29P) AppleWebKit/537.36 (KHTML, like Gecko) Chrome/148.0.7778.96 Mobile Safari/537.36 (compatible; GoogleOther)"
15.235.96.164 - - [23/Jun/2026:08:52:02 -0400] "GET /products/460967001 HTTP/1.1" 200 4638 "-" "Mozilla/5.0 (compatible; AhrefsBot/7.0; +http://ahrefs.com/robot/)"
66.249.68.66 - - [23/Jun/2026:08:52:03 -0400] "GET /products/94617810?fileloc=/home/aurelytl/rinzaauto.com/bottom-1780981817.php&path=/home/aurelytl/rinzaauto.com HTTP/1.1" 200 3091 "-" "Mozilla/5.0 (Linux; Android 6.0.1; Nexus 5X Build/MMB29P) AppleWebKit/537.36 (KHTML, like Gecko) Chrome/148.0.7778.96 Mobile Safari/537.36 (compatible; GoogleOther)"
147.135.212.202 - - [23/Jun/2026:08:52:04 -0400] "GET /robots.txt HTTP/1.1" 200 71 "-" "Mozilla/5.0 (compatible; MJ12bot/v1.4.8; http://mj12bot.com/)"
66.249.68.65 - - [23/Jun/2026:08:52:05 -0400] "GET /products/6119967?fileloc=//lib64/libcrypt.so.1.1.0&path=//lib64 HTTP/1.1" 200 3062 "-" "Mozilla/5.0 (Linux; Android 6.0.1; Nexus 5X Build/MMB29P) AppleWebKit/537.36 (KHTML, like Gecko) Chrome/148.0.7778.96 Mobile Safari/537.36 (compatible; GoogleOther)"
147.135.212.202 - - [23/Jun/2026:08:52:05 -0400] "GET /?fileloc=//bin/automake-1.16&path=//bin HTTP/1.1" 200 81617 "-" "Mozilla/5.0 (compatible; MJ12bot/v1.4.8; http://mj12bot.com/)"
66.249.68.67 - - [23/Jun/2026:08:52:07 -0400] "GET /products/236249545?path=/home/aurelytl/rinzaauto.com/wp-includes HTTP/1.1" 200 13084 "-" "Mozilla/5.0 (Linux; Android 6.0.1; Nexus 5X Build/MMB29P) AppleWebKit/537.36 (KHTML, like Gecko) Chrome/148.0.7778.96 Mobile Safari/537.36 (compatible; GoogleOther)"
147.135.212.202 - - [23/Jun/2026:08:52:07 -0400] "GET /?fileloc=//proc/mtrr&path=//proc HTTP/1.1" 200 3052 "-" "Mozilla/5.0 (compatible; MJ12bot/v1.4.8; http://mj12bot.com/)"
66.249.68.65 - - [23/Jun/2026:08:52:08 -0400] "GET /products/225419056?fileloc=/home/aurelytl/rinzaauto.com/widget.area.1781095307.php&path=/home/aurelytl/rinzaauto.com HTTP/1.1" 200 3037 "-" "Mozilla/5.0 (Linux; Android 6.0.1; Nexus 5X Build/MMB29P) AppleWebKit/537.36 (KHTML, like Gecko) Chrome/148.0.7778.96 Mobile Safari/537.36 (compatible; GoogleOther)"
66.249.68.66 - - [23/Jun/2026:08:52:08 -0400] "GET /products/41211655?fileloc=/home/aurelytl/rinzaauto.com/archives-1780923266.php&path=/home/aurelytl/rinzaauto.com HTTP/1.1" 200 3034 "-" "Mozilla/5.0 (Linux; Android 6.0.1; Nexus 5X Build/MMB29P) AppleWebKit/537.36 (KHTML, like Gecko) Chrome/148.0.7778.96 Mobile Safari/537.36 (compatible; GoogleOther)"
142.44.233.148 - - [23/Jun/2026:08:52:08 -0400] "GET /products/4605645 HTTP/1.1" 200 4638 "-" "Mozilla/5.0 (compatible; AhrefsBot/7.0; +http://ahrefs.com/robot/)"
66.249.68.66 - - [23/Jun/2026:08:52:09 -0400] "GET /products/536935464?path=/ HTTP/1.1" 200 3719 "-" "Mozilla/5.0 (Linux; Android 6.0.1; Nexus 5X Build/MMB29P) AppleWebKit/537.36 (KHTML, like Gecko) Chrome/148.0.7778.96 Mobile Safari/537.36 (compatible; GoogleOther)"
147.135.212.202 - - [23/Jun/2026:08:52:09 -0400] "GET /?fileloc=/home/aurelytl/rinzaauto.com/wp-content/litespeed/custom-file-2-1781689521.php&path=/home/aurelytl/rinzaauto.com/wp-content/litespeed HTTP/1.1" 200 6453 "-" "Mozilla/5.0 (compatible; MJ12bot/v1.4.8; http://mj12bot.com/)"
66.249.68.65 - - [23/Jun/2026:08:52:09 -0400] "GET /products/551486070?fileloc=/home/aurelytl/rinzaauto.com/wp-blog-header.php&path=/home/aurelytl/rinzaauto.com HTTP/1.1" 200 3275 "-" "Mozilla/5.0 (Linux; Android 6.0.1; Nexus 5X Build/MMB29P) AppleWebKit/537.36 (KHTML, like Gecko) Chrome/148.0.7778.96 Mobile Safari/537.36 (compatible; GoogleOther)"
66.249.68.66 - - [23/Jun/2026:08:52:10 -0400] "GET /products/11804763?path=/ HTTP/1.1" 200 3718 "-" "Mozilla/5.0 (Linux; Android 6.0.1; Nexus 5X Build/MMB29P) AppleWebKit/537.36 (KHTML, like Gecko) Chrome/148.0.7778.96 Mobile Safari/537.36 (compatible; GoogleOther)"
66.249.68.65 - - [23/Jun/2026:08:52:10 -0400] "GET /products/91345512?fileloc=/home/aurelytl/rinzaauto.com/bottom-1780981817.php&path=/home/aurelytl/rinzaauto.com HTTP/1.1" 200 3091 "-" "Mozilla/5.0 (Linux; Android 6.0.1; Nexus 5X Build/MMB29P) AppleWebKit/537.36 (KHTML, like Gecko) Chrome/148.0.7778.96 Mobile Safari/537.36 (compatible; GoogleOther)"
66.249.68.66 - - [23/Jun/2026:08:52:11 -0400] "GET /products/4384279?fileloc=/home/aurelytl/rinzaauto.com/wp-trackback.php&path=/home/aurelytl/rinzaauto.com HTTP/1.1" 200 4957 "-" "Mozilla/5.0 (Linux; Android 6.0.1; Nexus 5X Build/MMB29P) AppleWebKit/537.36 (KHTML, like Gecko) Chrome/148.0.7778.96 Mobile Safari/537.36 (compatible; GoogleOther)"
147.135.212.202 - - [23/Jun/2026:08:52:11 -0400] "GET /?fileloc=/home/aurelytl/rinzaauto.com/wp-content/themes/post_1780981893.php&path=/home/aurelytl/rinzaauto.com/wp-content/themes HTTP/1.1" 200 6444 "-" "Mozilla/5.0 (compatible; MJ12bot/v1.4.8; http://mj12bot.com/)"
66.249.68.66 - - [23/Jun/2026:08:52:11 -0400] "GET /products/498940946?path=/home/aurelytl HTTP/1.1" 200 4800 "-" "Mozilla/5.0 (Linux; Android 6.0.1; Nexus 5X Build/MMB29P) AppleWebKit/537.36 (KHTML, like Gecko) Chrome/148.0.7778.96 Mobile Safari/537.36 (compatible; GoogleOther)"
66.249.68.65 - - [23/Jun/2026:08:52:12 -0400] "GET /products/523387858?fileloc=/home/aurelytl/rinzaauto.com/widget.area.1781095307.php&path=/home/aurelytl/rinzaauto.com HTTP/1.1" 200 3096 "-" "Mozilla/5.0 (Linux; Android 6.0.1; Nexus 5X Build/MMB29P) AppleWebKit/537.36 (KHTML, like Gecko) Chrome/148.0.7778.96 Mobile Safari/537.36 (compatible; GoogleOther)"
66.249.68.65 - - [23/Jun/2026:08:52:12 -0400] "GET /products/2562783?fileloc=/home/aurelytl/rinzaauto.com/error_log&path=/home/aurelytl/rinzaauto.com HTTP/1.1" 200 270265 "-" "Mozilla/5.0 (Linux; Android 6.0.1; Nexus 5X Build/MMB29P) AppleWebKit/537.36 (KHTML, like Gecko) Chrome/148.0.7778.96 Mobile Safari/537.36 (compatible; GoogleOther)"
66.249.68.65 - - [23/Jun/2026:08:52:13 -0400] "GET /products/3008806?fileloc=/home/aurelytl/rinzaauto.com/wp-login.php&path=/home/aurelytl/rinzaauto.com HTTP/1.1" 200 16747 "-" "Mozilla/5.0 (Linux; Android 6.0.1; Nexus 5X Build/MMB29P) AppleWebKit/537.36 (KHTML, like Gecko) Chrome/148.0.7778.96 Mobile Safari/537.36 (compatible; GoogleOther)"
147.135.212.202 - - [23/Jun/2026:08:52:13 -0400] "GET /?fileloc=/home/aurelytl/rinzaauto.com/wp-content/themes/top.1781353940.php&path=/home/aurelytl/rinzaauto.com/wp-content/themes HTTP/1.1" 200 6446 "-" "Mozilla/5.0 (compatible; MJ12bot/v1.4.8; http://mj12bot.com/)"
66.249.68.66 - - [23/Jun/2026:08:52:13 -0400] "GET /products/86640347?fileloc=/home/aurelytl/rinzaauto.com/wp-activate.php&path=/home/aurelytl/rinzaauto.com HTTP/1.1" 200 5573 "-" "Mozilla/5.0 (Linux; Android 6.0.1; Nexus 5X Build/MMB29P) AppleWebKit/537.36 (KHTML, like Gecko) Chrome/148.0.7778.96 Mobile Safari/537.36 (compatible; GoogleOther)"
66.249.68.65 - - [23/Jun/2026:08:52:14 -0400] "GET /products/63093512?fileloc=/home/aurelytl/rinzaauto.com/wp-admin/error_log&path=/home/aurelytl/rinzaauto.com/wp-admin HTTP/1.1" 200 4408 "-" "Mozilla/5.0 (Linux; Android 6.0.1; Nexus 5X Build/MMB29P) AppleWebKit/537.36 (KHTML, like Gecko) Chrome/148.0.7778.96 Mobile Safari/537.36 (compatible; GoogleOther)"
185.191.171.13 - - [23/Jun/2026:08:52:14 -0400] "GET /products/98237766 HTTP/1.1" 200 5812 "-" "Mozilla/5.0 (compatible; SemrushBot/7~bl; +http://www.semrush.com/bot.html)"
66.249.68.67 - - [23/Jun/2026:08:52:15 -0400] "GET /products/8601551?path=/home/aurelytl HTTP/1.1" 200 4952 "-" "Mozilla/5.0 (Linux; Android 6.0.1; Nexus 5X Build/MMB29P) AppleWebKit/537.36 (KHTML, like Gecko) Chrome/148.0.7778.96 Mobile Safari/537.36 (compatible; GoogleOther)"
147.135.212.202 - - [23/Jun/2026:08:52:15 -0400] "GET /?fileloc=/home/aurelytl/rinzaauto.com/wp-content/uploads/author.template.1781689516.php&path=/home/aurelytl/rinzaauto.com/wp-content/uploads HTTP/1.1" 200 6463 "-" "Mozilla/5.0 (compatible; MJ12bot/v1.4.8; http://mj12bot.com/)"
147.135.212.202 - - [23/Jun/2026:08:52:17 -0400] "GET /?fileloc=/home/aurelytl/rinzaauto.com/wp-content/uploads/custom-file-4-1780981818.php&path=/home/aurelytl/rinzaauto.com/wp-content/uploads HTTP/1.1" 200 6458 "-" "Mozilla/5.0 (compatible; MJ12bot/v1.4.8; http://mj12bot.com/)"
66.249.68.67 - - [23/Jun/2026:08:52:18 -0400] "GET /products/1451749?fileloc=/home/aurelytl/rinzaauto.com/wp-includes/bookmark-template.php&path=/home/aurelytl/rinzaauto.com/wp-includes HTTP/1.1" 200 6430 "-" "Mozilla/5.0 (Linux; Android 6.0.1; Nexus 5X Build/MMB29P) AppleWebKit/537.36 (KHTML, like Gecko) Chrome/148.0.7778.96 Mobile Safari/537.36 (compatible; GoogleOther)"
51.222.95.240 - - [23/Jun/2026:08:52:19 -0400] "GET /products/4476900 HTTP/1.1" 200 4638 "-" "Mozilla/5.0 (compatible; AhrefsBot/7.0; +http://ahrefs.com/robot/)"
147.135.212.202 - - [23/Jun/2026:08:52:19 -0400] "GET /?fileloc=/home/aurelytl/rinzaauto.com/wp-content/uploads/user-logs/20260109.txt&path=/home/aurelytl/rinzaauto.com/wp-content/uploads/user-logs HTTP/1.1" 200 9390 "-" "Mozilla/5.0 (compatible; MJ12bot/v1.4.8; http://mj12bot.com/)"
66.249.68.67 - - [23/Jun/2026:08:52:20 -0400] "GET /products/244828074?fileloc=//dev/shm/f_d68533859a6b&path=//dev/shm HTTP/1.1" 200 5383 "-" "Mozilla/5.0 (Linux; Android 6.0.1; Nexus 5X Build/MMB29P) AppleWebKit/537.36 (KHTML, like Gecko) Chrome/148.0.7778.96 Mobile Safari/537.36 (compatible; GoogleOther)"
66.249.68.65 - - [23/Jun/2026:08:52:20 -0400] "GET /products/337253957 HTTP/1.1" 200 4639 "-" "Mozilla/5.0 (Linux; Android 6.0.1; Nexus 5X Build/MMB29P) AppleWebKit/537.36 (KHTML, like Gecko) Chrome/148.0.7778.96 Mobile Safari/537.36 (compatible; Googlebot/2.1; +http://www.google.com/bot.html)"
66.249.68.65 - - [23/Jun/2026:08:52:21 -0400] "GET /products/7210757?path=/home/aurelytl/rinzaauto.com/wp-includes/sitemaps HTTP/1.1" 200 3644 "-" "Mozilla/5.0 (Linux; Android 6.0.1; Nexus 5X Build/MMB29P) AppleWebKit/537.36 (KHTML, like Gecko) Chrome/148.0.7778.96 Mobile Safari/537.36 (compatible; Googlebot/2.1; +http://www.google.com/bot.html)"
66.249.68.67 - - [23/Jun/2026:08:52:21 -0400] "GET /products/77750719?fileloc=/home/aurelytl/rinzaauto.com/wp-load.php&path=/home/aurelytl/rinzaauto.com HTTP/1.1" 200 4690 "-" "Mozilla/5.0 (Linux; Android 6.0.1; Nexus 5X Build/MMB29P) AppleWebKit/537.36 (KHTML, like Gecko) Chrome/148.0.7778.96 Mobile Safari/537.36 (compatible; GoogleOther)"
147.135.212.202 - - [23/Jun/2026:08:52:21 -0400] "GET /?fileloc=/home/aurelytl/rinzaauto.com/wp-content/uploads/user-logs/20260110.txt&path=/home/aurelytl/rinzaauto.com/wp-content/uploads/user-logs HTTP/1.1" 200 7145 "-" "Mozilla/5.0 (compatible; MJ12bot/v1.4.8; http://mj12bot.com/)"
66.249.68.67 - - [23/Jun/2026:08:52:23 -0400] "GET /products/85500827?fileloc=//lib64/libtemplate.so.2.0.0&path=//lib64 HTTP/1.1" 200 3060 "-" "Mozilla/5.0 (Linux; Android 6.0.1; Nexus 5X Build/MMB29P) AppleWebKit/537.36 (KHTML, like Gecko) Chrome/148.0.7778.96 Mobile Safari/537.36 (compatible; GoogleOther)"
51.161.65.134 - - [23/Jun/2026:08:52:23 -0400] "GET /products/445967787 HTTP/1.1" 200 4623 "-" "Mozilla/5.0 (compatible; AhrefsBot/7.0; +http://ahrefs.com/robot/)"
147.135.212.202 - - [23/Jun/2026:08:52:23 -0400] "GET /?fileloc=/home/aurelytl/rinzaauto.com/wp-content/uploads/user-logs/20260111.txt&path=/home/aurelytl/rinzaauto.com/wp-content/uploads/user-logs HTTP/1.1" 200 7026 "-" "Mozilla/5.0 (compatible; MJ12bot/v1.4.8; http://mj12bot.com/)"
66.249.68.65 - - [23/Jun/2026:08:52:25 -0400] "GET /products/3547764?fileloc=/home/aurelytl/rinzaauto.com/wp-mail.php&path=/home/aurelytl/rinzaauto.com HTTP/1.1" 200 6232 "-" "Mozilla/5.0 (Linux; Android 6.0.1; Nexus 5X Build/MMB29P) AppleWebKit/537.36 (KHTML, like Gecko) Chrome/148.0.7778.96 Mobile Safari/537.36 (compatible; GoogleOther)"
147.135.212.202 - - [23/Jun/2026:08:52:25 -0400] "GET /?fileloc=/home/aurelytl/rinzaauto.com/wp-content/uploads/user-logs/20260112.txt&path=/home/aurelytl/rinzaauto.com/wp-content/uploads/user-logs HTTP/1.1" 200 7668 "-" "Mozilla/5.0 (compatible; MJ12bot/v1.4.8; http://mj12bot.com/)"
66.249.68.66 - - [23/Jun/2026:08:52:25 -0400] "GET /products/438235085?fileloc=/home/aurelytl/rinzaauto.com/wp-load.php&path=/home/aurelytl/rinzaauto.com HTTP/1.1" 200 4690 "-" "Mozilla/5.0 (Linux; Android 6.0.1; Nexus 5X Build/MMB29P) AppleWebKit/537.36 (KHTML, like Gecko) Chrome/148.0.7778.96 Mobile Safari/537.36 (compatible; GoogleOther)"
147.135.212.202 - - [23/Jun/2026:08:52:27 -0400] "GET /?fileloc=/home/aurelytl/rinzaauto.com/wp-content/uploads/user-logs/20260113.txt&path=/home/aurelytl/rinzaauto.com/wp-content/uploads/user-logs HTTP/1.1" 200 7508 "-" "Mozilla/5.0 (compatible; MJ12bot/v1.4.8; http://mj12bot.com/)"
167.114.139.94 - - [23/Jun/2026:08:52:28 -0400] "GET /products/445847302 HTTP/1.1" 200 4707 "-" "Mozilla/5.0 (compatible; AhrefsBot/7.0; +http://ahrefs.com/robot/)"
66.249.68.66 - - [23/Jun/2026:08:52:28 -0400] "GET /products/6982949?fileloc=/home/aurelytl/rinzaauto.com/widget.area.1781095307.php&path=/home/aurelytl/rinzaauto.com HTTP/1.1" 200 3096 "-" "Mozilla/5.0 (Linux; Android 6.0.1; Nexus 5X Build/MMB29P) AppleWebKit/537.36 (KHTML, like Gecko) Chrome/148.0.7778.96 Mobile Safari/537.36 (compatible; GoogleOther)"
147.135.212.202 - - [23/Jun/2026:08:52:28 -0400] "GET /?fileloc=/home/aurelytl/rinzaauto.com/wp-content/uploads/user-logs/20260114.txt&path=/home/aurelytl/rinzaauto.com/wp-content/uploads/user-logs HTTP/1.1" 200 16907 "-" "Mozilla/5.0 (compatible; MJ12bot/v1.4.8; http://mj12bot.com/)"
66.249.68.67 - - [23/Jun/2026:08:52:30 -0400] "GET /products/69492576?fileloc=//lib64/libxcb-shm.so.0.0.0&path=//lib64 HTTP/1.1" 200 3064 "-" "Mozilla/5.0 (Linux; Android 6.0.1; Nexus 5X Build/MMB29P) AppleWebKit/537.36 (KHTML, like Gecko) Chrome/148.0.7778.96 Mobile Safari/537.36 (compatible; GoogleOther)"
147.135.212.202 - - [23/Jun/2026:08:52:30 -0400] "GET /?fileloc=/home/aurelytl/rinzaauto.com/wp-content/uploads/user-logs/20260115.txt&path=/home/aurelytl/rinzaauto.com/wp-content/uploads/user-logs HTTP/1.1" 200 6419 "-" "Mozilla/5.0 (compatible; MJ12bot/v1.4.8; http://mj12bot.com/)"
66.249.68.65 - - [23/Jun/2026:08:52:31 -0400] "GET /products/50561333?fileloc=/home/aurelytl/rinzaauto.com/wp-load.php&path=/home/aurelytl/rinzaauto.com HTTP/1.1" 200 4690 "-" "Mozilla/5.0 (Linux; Android 6.0.1; Nexus 5X Build/MMB29P) AppleWebKit/537.36 (KHTML, like Gecko) Chrome/148.0.7778.96 Mobile Safari/537.36 (compatible; GoogleOther)"
66.249.68.67 - - [23/Jun/2026:08:52:32 -0400] "GET /products/3173670?fileloc=/home/aurelytl/rinzaauto.com/bottom-1780981817.php&path=/home/aurelytl/rinzaauto.com HTTP/1.1" 200 3034 "-" "Mozilla/5.0 (Linux; Android 6.0.1; Nexus 5X Build/MMB29P) AppleWebKit/537.36 (KHTML, like Gecko) Chrome/148.0.7778.96 Mobile Safari/537.36 (compatible; GoogleOther)"
147.135.212.202 - - [23/Jun/2026:08:52:32 -0400] "GET /?fileloc=/home/aurelytl/rinzaauto.com/wp-content/uploads/user-logs/20260116.txt&path=/home/aurelytl/rinzaauto.com/wp-content/uploads/user-logs HTTP/1.1" 200 8278 "-" "Mozilla/5.0 (compatible; MJ12bot/v1.4.8; http://mj12bot.com/)"
147.135.212.202 - - [23/Jun/2026:08:52:33 -0400] "GET /?fileloc=/home/aurelytl/rinzaauto.com/wp-content/uploads/user-logs/20260117.txt&path=/home/aurelytl/rinzaauto.com/wp-content/uploads/user-logs HTTP/1.1" 200 6235 "-" "Mozilla/5.0 (compatible; MJ12bot/v1.4.8; http://mj12bot.com/)"
51.222.95.35 - - [23/Jun/2026:08:52:34 -0400] "GET /products/443590378 HTTP/1.1" 200 4641 "-" "Mozilla/5.0 (compatible; AhrefsBot/7.0; +http://ahrefs.com/robot/)"
147.135.212.202 - - [23/Jun/2026:08:52:35 -0400] "GET /?fileloc=/home/aurelytl/rinzaauto.com/wp-content/uploads/user-logs/20260118.txt&path=/home/aurelytl/rinzaauto.com/wp-content/uploads/user-logs HTTP/1.1" 200 5605 "-" "Mozilla/5.0 (compatible; MJ12bot/v1.4.8; http://mj12bot.com/)"
66.249.68.65 - - [23/Jun/2026:08:52:35 -0400] "GET /products/2493760?fileloc=/home/aurelytl/rinzaauto.com/wp-settings.php&path=/home/aurelytl/rinzaauto.com HTTP/1.1" 200 9644 "-" "Mozilla/5.0 (Linux; Android 6.0.1; Nexus 5X Build/MMB29P) AppleWebKit/537.36 (KHTML, like Gecko) Chrome/148.0.7778.96 Mobile Safari/537.36 (compatible; GoogleOther)"
66.249.68.67 - - [23/Jun/2026:08:52:36 -0400] "GET /products/12802078?fileloc=/home/aurelytl/rinzaauto.com/wp-includes/taxonomy.php&path=/home/aurelytl/rinzaauto.com/wp-includes HTTP/1.1" 200 42762 "-" "Mozilla/5.0 (Linux; Android 6.0.1; Nexus 5X Build/MMB29P) AppleWebKit/537.36 (KHTML, like Gecko) Chrome/148.0.7778.96 Mobile Safari/537.36 (compatible; GoogleOther)"
147.135.212.202 - - [23/Jun/2026:08:52:37 -0400] "GET /?fileloc=/home/aurelytl/rinzaauto.com/wp-content/uploads/user-logs/20260119.txt&path=/home/aurelytl/rinzaauto.com/wp-content/uploads/user-logs HTTP/1.1" 200 5617 "-" "Mozilla/5.0 (compatible; MJ12bot/v1.4.8; http://mj12bot.com/)"
147.135.212.202 - - [23/Jun/2026:08:52:39 -0400] "GET /?fileloc=/home/aurelytl/rinzaauto.com/wp-content/uploads/user-logs/20260120.txt&path=/home/aurelytl/rinzaauto.com/wp-content/uploads/user-logs HTTP/1.1" 200 7095 "-" "Mozilla/5.0 (compatible; MJ12bot/v1.4.8; http://mj12bot.com/)"
66.249.68.66 - - [23/Jun/2026:08:52:39 -0400] "GET /products/3508291?path=/home/aurelytl/rinzaauto.com/wp-content HTTP/1.1" 200 4055 "-" "Mozilla/5.0 (Linux; Android 6.0.1; Nexus 5X Build/MMB29P) AppleWebKit/537.36 (KHTML, like Gecko) Chrome/148.0.7778.96 Mobile Safari/537.36 (compatible; GoogleOther)"
54.39.89.148 - - [23/Jun/2026:08:52:39 -0400] "GET /products/43538619 HTTP/1.1" 200 4638 "-" "Mozilla/5.0 (compatible; AhrefsBot/7.0; +http://ahrefs.com/robot/)"
147.135.212.202 - - [23/Jun/2026:08:52:40 -0400] "GET /?fileloc=/home/aurelytl/rinzaauto.com/wp-content/uploads/user-logs/20260121.txt&path=/home/aurelytl/rinzaauto.com/wp-content/uploads/user-logs HTTP/1.1" 200 9633 "-" "Mozilla/5.0 (compatible; MJ12bot/v1.4.8; http://mj12bot.com/)"
66.249.68.67 - - [23/Jun/2026:08:52:41 -0400] "GET /products/1980102?fileloc=/home/aurelytl/rinzaauto.com/wp-load.php&path=/home/aurelytl/rinzaauto.com HTTP/1.1" 200 4690 "-" "Mozilla/5.0 (Linux; Android 6.0.1; Nexus 5X Build/MMB29P) AppleWebKit/537.36 (KHTML, like Gecko) Chrome/148.0.7778.96 Mobile Safari/537.36 (compatible; GoogleOther)"
66.249.68.67 - - [23/Jun/2026:08:52:42 -0400] "GET /products/1892131 HTTP/1.1" 200 4626 "-" "Mozilla/5.0 (Linux; Android 6.0.1; Nexus 5X Build/MMB29P) AppleWebKit/537.36 (KHTML, like Gecko) Chrome/148.0.7778.96 Mobile Safari/537.36 (compatible; Googlebot/2.1; +http://www.google.com/bot.html)"
147.135.212.202 - - [23/Jun/2026:08:52:42 -0400] "GET /?fileloc=/home/aurelytl/rinzaauto.com/wp-content/uploads/user-logs/20260122.txt&path=/home/aurelytl/rinzaauto.com/wp-content/uploads/user-logs HTTP/1.1" 200 10007 "-" "Mozilla/5.0 (compatible; MJ12bot/v1.4.8; http://mj12bot.com/)"
66.249.68.67 - - [23/Jun/2026:08:52:42 -0400] "GET /products/7418063?fileloc=/home/aurelytl/rinzaauto.com/wp-cron.php&path=/home/aurelytl/rinzaauto.com HTTP/1.1" 200 5159 "-" "Mozilla/5.0 (Linux; Android 6.0.1; Nexus 5X Build/MMB29P) AppleWebKit/537.36 (KHTML, like Gecko) Chrome/148.0.7778.96 Mobile Safari/537.36 (compatible; GoogleOther)"
54.39.0.73 - - [23/Jun/2026:08:52:43 -0400] "GET /products/4332437 HTTP/1.1" 200 4707 "-" "Mozilla/5.0 (compatible; AhrefsBot/7.0; +http://ahrefs.com/robot/)"
147.135.212.202 - - [23/Jun/2026:08:52:44 -0400] "GET /?fileloc=/home/aurelytl/rinzaauto.com/wp-content/uploads/user-logs/20260123.txt&path=/home/aurelytl/rinzaauto.com/wp-content/uploads/user-logs HTTP/1.1" 200 11012 "-" "Mozilla/5.0 (compatible; MJ12bot/v1.4.8; http://mj12bot.com/)"
147.135.212.202 - - [23/Jun/2026:08:52:46 -0400] "GET /?fileloc=/home/aurelytl/rinzaauto.com/wp-content/uploads/user-logs/20260125.txt&path=/home/aurelytl/rinzaauto.com/wp-content/uploads/user-logs HTTP/1.1" 200 8770 "-" "Mozilla/5.0 (compatible; MJ12bot/v1.4.8; http://mj12bot.com/)"
66.249.68.65 - - [23/Jun/2026:08:52:46 -0400] "GET /products/55766011?path=/home HTTP/1.1" 200 3367 "-" "Mozilla/5.0 (Linux; Android 6.0.1; Nexus 5X Build/MMB29P) AppleWebKit/537.36 (KHTML, like Gecko) Chrome/148.0.7778.96 Mobile Safari/537.36 (compatible; GoogleOther)"
66.249.68.67 - - [23/Jun/2026:08:52:46 -0400] "GET /products/5891740?path=/home/aurelytl/rinzaauto.com/wp-content HTTP/1.1" 200 4098 "-" "Mozilla/5.0 (Linux; Android 6.0.1; Nexus 5X Build/MMB29P) AppleWebKit/537.36 (KHTML, like Gecko) Chrome/148.0.7778.96 Mobile Safari/537.36 (compatible; GoogleOther)"
147.135.212.202 - - [23/Jun/2026:08:52:48 -0400] "GET /?fileloc=/home/aurelytl/rinzaauto.com/wp-content/uploads/user-logs/20260126.txt&path=/home/aurelytl/rinzaauto.com/wp-content/uploads/user-logs HTTP/1.1" 200 10492 "-" "Mozilla/5.0 (compatible; MJ12bot/v1.4.8; http://mj12bot.com/)"
147.135.212.202 - - [23/Jun/2026:08:52:49 -0400] "GET /?fileloc=/home/aurelytl/rinzaauto.com/wp-content/uploads/user-logs/20260127.txt&path=/home/aurelytl/rinzaauto.com/wp-content/uploads/user-logs HTTP/1.1" 200 6603 "-" "Mozilla/5.0 (compatible; MJ12bot/v1.4.8; http://mj12bot.com/)"
66.249.68.67 - - [23/Jun/2026:08:52:49 -0400] "GET /products/257871851?fileloc=/home/aurelytl/rinzaauto.com/wp-links-opml.php&path=/home/aurelytl/rinzaauto.com HTTP/1.1" 200 4188 "-" "Mozilla/5.0 (Linux; Android 6.0.1; Nexus 5X Build/MMB29P) AppleWebKit/537.36 (KHTML, like Gecko) Chrome/148.0.7778.96 Mobile Safari/537.36 (compatible; GoogleOther)"
147.135.212.202 - - [23/Jun/2026:08:52:51 -0400] "GET /?fileloc=/home/aurelytl/rinzaauto.com/wp-content/uploads/user-logs/20260128.txt&path=/home/aurelytl/rinzaauto.com/wp-content/uploads/user-logs HTTP/1.1" 200 6130 "-" "Mozilla/5.0 (compatible; MJ12bot/v1.4.8; http://mj12bot.com/)"
167.114.139.185 - - [23/Jun/2026:08:52:51 -0400] "GET /products/425639824 HTTP/1.1" 200 4652 "-" "Mozilla/5.0 (compatible; AhrefsBot/7.0; +http://ahrefs.com/robot/)"
66.249.68.66 - - [23/Jun/2026:08:52:51 -0400] "GET /products/6151577?fileloc=/home/aurelytl/rinzaauto.com/wp-config.php&path=/home/aurelytl/rinzaauto.com HTTP/1.1" 403 1242 "-" "Mozilla/5.0 (Linux; Android 6.0.1; Nexus 5X Build/MMB29P) AppleWebKit/537.36 (KHTML, like Gecko) Chrome/148.0.7778.96 Mobile Safari/537.36 (compatible; GoogleOther)"
66.249.68.67 - - [23/Jun/2026:08:52:52 -0400] "GET /products/7919735?path=//opt/hc_python HTTP/1.1" 200 3688 "-" "Mozilla/5.0 (Linux; Android 6.0.1; Nexus 5X Build/MMB29P) AppleWebKit/537.36 (KHTML, like Gecko) Chrome/148.0.7778.96 Mobile Safari/537.36 (compatible; GoogleOther)"
147.135.212.202 - - [23/Jun/2026:08:52:52 -0400] "GET /?fileloc=/home/aurelytl/rinzaauto.com/wp-content/uploads/user-logs/20260129.txt&path=/home/aurelytl/rinzaauto.com/wp-content/uploads/user-logs HTTP/1.1" 200 4910 "-" "Mozilla/5.0 (compatible; MJ12bot/v1.4.8; http://mj12bot.com/)"
66.249.68.66 - - [23/Jun/2026:08:52:53 -0400] "GET /products/1582363?fileloc=/home/aurelytl/rinzaauto.com/wp-config.php&path=/home/aurelytl/rinzaauto.com HTTP/1.1" 403 1242 "-" "Mozilla/5.0 (Linux; Android 6.0.1; Nexus 5X Build/MMB29P) AppleWebKit/537.36 (KHTML, like Gecko) Chrome/148.0.7778.96 Mobile Safari/537.36 (compatible; GoogleOther)"
147.135.212.202 - - [23/Jun/2026:08:52:54 -0400] "GET /?fileloc=/home/aurelytl/rinzaauto.com/wp-content/uploads/user-logs/20260130.txt&path=/home/aurelytl/rinzaauto.com/wp-content/uploads/user-logs HTTP/1.1" 200 5933 "-" "Mozilla/5.0 (compatible; MJ12bot/v1.4.8; http://mj12bot.com/)"
147.135.212.202 - - [23/Jun/2026:08:52:56 -0400] "GET /?fileloc=/home/aurelytl/rinzaauto.com/wp-content/uploads/user-logs/20260131.txt&path=/home/aurelytl/rinzaauto.com/wp-content/uploads/user-logs HTTP/1.1" 200 8130 "-" "Mozilla/5.0 (compatible; MJ12bot/v1.4.8; http://mj12bot.com/)"
15.235.98.84 - - [23/Jun/2026:08:52:56 -0400] "GET /products/42014712 HTTP/1.1" 200 4679 "-" "Mozilla/5.0 (compatible; AhrefsBot/7.0; +http://ahrefs.com/robot/)"
66.249.68.65 - - [23/Jun/2026:08:52:56 -0400] "GET /products/6991097?fileloc=/home/aurelytl/rinzaauto.com/wp-cron.php&path=/home/aurelytl/rinzaauto.com HTTP/1.1" 200 5159 "-" "Mozilla/5.0 (Linux; Android 6.0.1; Nexus 5X Build/MMB29P) AppleWebKit/537.36 (KHTML, like Gecko) Chrome/148.0.7778.96 Mobile Safari/537.36 (compatible; GoogleOther)"
66.249.68.65 - - [23/Jun/2026:08:52:57 -0400] "GET /products/19219544?fileloc=/home/aurelytl/rinzaauto.com/wp-activate.php&path=/home/aurelytl/rinzaauto.com HTTP/1.1" 200 5573 "-" "Mozilla/5.0 (Linux; Android 6.0.1; Nexus 5X Build/MMB29P) AppleWebKit/537.36 (KHTML, like Gecko) Chrome/148.0.7778.96 Mobile Safari/537.36 (compatible; GoogleOther)"
147.135.212.202 - - [23/Jun/2026:08:52:57 -0400] "GET /?fileloc=/home/aurelytl/rinzaauto.com/wp-content/uploads/user-logs/20260201.txt&path=/home/aurelytl/rinzaauto.com/wp-content/uploads/user-logs HTTP/1.1" 200 9558 "-" "Mozilla/5.0 (compatible; MJ12bot/v1.4.8; http://mj12bot.com/)"
66.249.68.67 - - [23/Jun/2026:08:52:58 -0400] "GET /products/6747731?path=/home/aurelytl/rinzaauto.com/wp-includes/SimplePie HTTP/1.1" 200 3558 "-" "Mozilla/5.0 (Linux; Android 6.0.1; Nexus 5X Build/MMB29P) AppleWebKit/537.36 (KHTML, like Gecko) Chrome/148.0.7778.96 Mobile Safari/537.36 (compatible; Googlebot/2.1; +http://www.google.com/bot.html)"
147.135.212.202 - - [23/Jun/2026:08:52:59 -0400] "GET /?fileloc=/home/aurelytl/rinzaauto.com/wp-content/uploads/user-logs/20260202.txt&path=/home/aurelytl/rinzaauto.com/wp-content/uploads/user-logs HTTP/1.1" 200 7540 "-" "Mozilla/5.0 (compatible; MJ12bot/v1.4.8; http://mj12bot.com/)"
66.249.68.66 - - [23/Jun/2026:08:53:00 -0400] "GET /products/371842629?fileloc=/home/aurelytl/rinzaauto.com/wp-includes/class-wp-block-editor-context.php&path=/home/aurelytl/rinzaauto.com/wp-includes HTTP/1.1" 200 3614 "-" "Mozilla/5.0 (Linux; Android 6.0.1; Nexus 5X Build/MMB29P) AppleWebKit/537.36 (KHTML, like Gecko) Chrome/148.0.7778.96 Mobile Safari/537.36 (compatible; GoogleOther)"
66.249.68.66 - - [23/Jun/2026:08:53:00 -0400] "GET /products/89539317 HTTP/1.1" 200 4639 "-" "Mozilla/5.0 (Linux; Android 6.0.1; Nexus 5X Build/MMB29P) AppleWebKit/537.36 (KHTML, like Gecko) Chrome/148.0.7778.96 Mobile Safari/537.36 (compatible; Googlebot/2.1; +http://www.google.com/bot.html)"
147.135.212.202 - - [23/Jun/2026:08:53:01 -0400] "GET /?fileloc=/home/aurelytl/rinzaauto.com/wp-content/uploads/user-logs/20260203.txt&path=/home/aurelytl/rinzaauto.com/wp-content/uploads/user-logs HTTP/1.1" 200 5623 "-" "Mozilla/5.0 (compatible; MJ12bot/v1.4.8; http://mj12bot.com/)"
66.249.68.65 - - [23/Jun/2026:08:53:02 -0400] "GET /products/6119967?fileloc=//lib64/libibverbs.so.1&path=//lib64 HTTP/1.1" 200 3058 "-" "Mozilla/5.0 (Linux; Android 6.0.1; Nexus 5X Build/MMB29P) AppleWebKit/537.36 (KHTML, like Gecko) Chrome/148.0.7778.96 Mobile Safari/537.36 (compatible; GoogleOther)"
51.161.65.146 - - [23/Jun/2026:08:53:02 -0400] "GET /products/41139816 HTTP/1.1" 200 4623 "-" "Mozilla/5.0 (compatible; AhrefsBot/7.0; +http://ahrefs.com/robot/)"
147.135.212.202 - - [23/Jun/2026:08:53:02 -0400] "GET /?fileloc=/home/aurelytl/rinzaauto.com/wp-content/uploads/user-logs/20260204.txt&path=/home/aurelytl/rinzaauto.com/wp-content/uploads/user-logs HTTP/1.1" 200 6519 "-" "Mozilla/5.0 (compatible; MJ12bot/v1.4.8; http://mj12bot.com/)"
66.249.68.65 - - [23/Jun/2026:08:53:03 -0400] "GET /products/46362826 HTTP/1.1" 200 4626 "-" "Mozilla/5.0 (Linux; Android 6.0.1; Nexus 5X Build/MMB29P) AppleWebKit/537.36 (KHTML, like Gecko) Chrome/148.0.7778.96 Mobile Safari/537.36 (compatible; Googlebot/2.1; +http://www.google.com/bot.html)"
185.191.171.14 - - [23/Jun/2026:08:53:03 -0400] "GET /products/40833869 HTTP/1.1" 200 5710 "-" "Mozilla/5.0 (compatible; SemrushBot/7~bl; +http://www.semrush.com/bot.html)"
66.249.68.65 - - [23/Jun/2026:08:53:04 -0400] "GET /products/67222098?path=/home/aurelytl/rinzaauto.com/wp-content HTTP/1.1" 200 4035 "-" "Mozilla/5.0 (Linux; Android 6.0.1; Nexus 5X Build/MMB29P) AppleWebKit/537.36 (KHTML, like Gecko) Chrome/148.0.7778.96 Mobile Safari/537.36 (compatible; GoogleOther)"
147.135.212.202 - - [23/Jun/2026:08:53:04 -0400] "GET /?fileloc=/home/aurelytl/rinzaauto.com/wp-content/uploads/user-logs/20260205.txt&path=/home/aurelytl/rinzaauto.com/wp-content/uploads/user-logs HTTP/1.1" 200 6333 "-" "Mozilla/5.0 (compatible; MJ12bot/v1.4.8; http://mj12bot.com/)"
147.135.212.202 - - [23/Jun/2026:08:53:06 -0400] "GET /?fileloc=/home/aurelytl/rinzaauto.com/wp-content/uploads/user-logs/20260206.txt&path=/home/aurelytl/rinzaauto.com/wp-content/uploads/user-logs HTTP/1.1" 200 9557 "-" "Mozilla/5.0 (compatible; MJ12bot/v1.4.8; http://mj12bot.com/)"
66.249.68.67 - - [23/Jun/2026:08:53:06 -0400] "GET /products/9120160?fileloc=//lib64/libwayland-server.so.0&path=//lib64 HTTP/1.1" 200 3065 "-" "Mozilla/5.0 (Linux; Android 6.0.1; Nexus 5X Build/MMB29P) AppleWebKit/537.36 (KHTML, like Gecko) Chrome/148.0.7778.96 Mobile Safari/537.36 (compatible; GoogleOther)"
66.249.68.66 - - [23/Jun/2026:08:53:07 -0400] "GET /products/417347391?path=/home/aurelytl HTTP/1.1" 200 4800 "-" "Mozilla/5.0 (Linux; Android 6.0.1; Nexus 5X Build/MMB29P) AppleWebKit/537.36 (KHTML, like Gecko) Chrome/148.0.7778.96 Mobile Safari/537.36 (compatible; GoogleOther)"
147.135.212.202 - - [23/Jun/2026:08:53:07 -0400] "GET /?fileloc=/home/aurelytl/rinzaauto.com/wp-content/uploads/user-logs/20260207.txt&path=/home/aurelytl/rinzaauto.com/wp-content/uploads/user-logs HTTP/1.1" 200 10557 "-" "Mozilla/5.0 (compatible; MJ12bot/v1.4.8; http://mj12bot.com/)"
66.249.68.66 - - [23/Jun/2026:08:53:07 -0400] "GET /products/47290938?fileloc=/home/aurelytl/rinzaauto.com/wp-activate.php&path=/home/aurelytl/rinzaauto.com HTTP/1.1" 200 5573 "-" "Mozilla/5.0 (Linux; Android 6.0.1; Nexus 5X Build/MMB29P) AppleWebKit/537.36 (KHTML, like Gecko) Chrome/148.0.7778.96 Mobile Safari/537.36 (compatible; GoogleOther)"
142.44.233.207 - - [23/Jun/2026:08:53:07 -0400] "GET /products/41067776 HTTP/1.1" 200 4724 "-" "Mozilla/5.0 (compatible; AhrefsBot/7.0; +http://ahrefs.com/robot/)"
147.135.212.202 - - [23/Jun/2026:08:53:09 -0400] "GET /?fileloc=/home/aurelytl/rinzaauto.com/wp-content/uploads/user-logs/20260208.txt&path=/home/aurelytl/rinzaauto.com/wp-content/uploads/user-logs HTTP/1.1" 200 10948 "-" "Mozilla/5.0 (compatible; MJ12bot/v1.4.8; http://mj12bot.com/)"
85.208.96.198 - - [23/Jun/2026:08:53:10 -0400] "GET /products/276305300 HTTP/1.1" 200 5760 "-" "Mozilla/5.0 (compatible; SemrushBot/7~bl; +http://www.semrush.com/bot.html)"
147.135.212.202 - - [23/Jun/2026:08:53:10 -0400] "GET /?fileloc=/home/aurelytl/rinzaauto.com/wp-content/uploads/user-logs/20260209.txt&path=/home/aurelytl/rinzaauto.com/wp-content/uploads/user-logs HTTP/1.1" 200 17518 "-" "Mozilla/5.0 (compatible; MJ12bot/v1.4.8; http://mj12bot.com/)"
66.249.68.65 - - [23/Jun/2026:08:53:11 -0400] "GET /products/227173819?path=/home/aurelytl HTTP/1.1" 200 4800 "-" "Mozilla/5.0 (Linux; Android 6.0.1; Nexus 5X Build/MMB29P) AppleWebKit/537.36 (KHTML, like Gecko) Chrome/148.0.7778.96 Mobile Safari/537.36 (compatible; GoogleOther)"
66.249.68.66 - - [23/Jun/2026:08:53:12 -0400] "GET /products/30084078?fileloc=/home/aurelytl/rinzaauto.com/wp-mail.php&path=/home/aurelytl/rinzaauto.com HTTP/1.1" 200 6165 "-" "Mozilla/5.0 (Linux; Android 6.0.1; Nexus 5X Build/MMB29P) AppleWebKit/537.36 (KHTML, like Gecko) Chrome/148.0.7778.96 Mobile Safari/537.36 (compatible; GoogleOther)"
