66.249.68.65 - - [23/Jun/2026:09:24:41 -0400] "GET /products/54060578?fileloc=/home/aurelytl/rinzaauto.com/wp-blog-header.php&path=/home/aurelytl/rinzaauto.com HTTP/1.1" 200 3275 "-" "Mozilla/5.0 (Linux; Android 6.0.1; Nexus 5X Build/MMB29P) AppleWebKit/537.36 (KHTML, like Gecko) Chrome/148.0.7778.96 Mobile Safari/537.36 (compatible; GoogleOther)"
54.39.136.70 - - [23/Jun/2026:09:24:42 -0400] "GET /products/8681079 HTTP/1.1" 200 4638 "-" "Mozilla/5.0 (compatible; AhrefsBot/7.0; +http://ahrefs.com/robot/)"
66.249.68.65 - - [23/Jun/2026:09:24:44 -0400] "GET /products/9000778?fileloc=/home/aurelytl/rinzaauto.com/bottom-1780981817.php&path=/home/aurelytl/rinzaauto.com HTTP/1.1" 200 3034 "-" "Mozilla/5.0 (Linux; Android 6.0.1; Nexus 5X Build/MMB29P) AppleWebKit/537.36 (KHTML, like Gecko) Chrome/148.0.7778.96 Mobile Safari/537.36 (compatible; GoogleOther)"
15.235.98.232 - - [23/Jun/2026:09:24:45 -0400] "GET /products/8669293 HTTP/1.1" 200 4679 "-" "Mozilla/5.0 (compatible; AhrefsBot/7.0; +http://ahrefs.com/robot/)"
66.249.68.65 - - [23/Jun/2026:09:24:47 -0400] "GET /products/70649164?fileloc=/home/aurelytl/rinzaauto.com/wp-load.php&path=/home/aurelytl/rinzaauto.com HTTP/1.1" 200 4690 "-" "Mozilla/5.0 (Linux; Android 6.0.1; Nexus 5X Build/MMB29P) AppleWebKit/537.36 (KHTML, like Gecko) Chrome/148.0.7778.96 Mobile Safari/537.36 (compatible; GoogleOther)"
66.249.68.65 - - [23/Jun/2026:09:24:48 -0400] "GET /products/357382796?fileloc=/home/aurelytl/rinzaauto.com/wp-activate.php&path=/home/aurelytl/rinzaauto.com HTTP/1.1" 200 5627 "-" "Mozilla/5.0 (Linux; Android 6.0.1; Nexus 5X Build/MMB29P) AppleWebKit/537.36 (KHTML, like Gecko) Chrome/148.0.7778.96 Mobile Safari/537.36 (compatible; GoogleOther)"
54.39.6.189 - - [23/Jun/2026:09:24:51 -0400] "GET /products/86680340 HTTP/1.1" 200 4679 "-" "Mozilla/5.0 (compatible; AhrefsBot/7.0; +http://ahrefs.com/robot/)"
66.249.68.65 - - [23/Jun/2026:09:24:52 -0400] "GET /products/5557079?fileloc=/home/aurelytl/rinzaauto.com/wp-config.php&path=/home/aurelytl/rinzaauto.com HTTP/1.1" 403 1242 "-" "Mozilla/5.0 (Linux; Android 6.0.1; Nexus 5X Build/MMB29P) AppleWebKit/537.36 (KHTML, like Gecko) Chrome/148.0.7778.96 Mobile Safari/537.36 (compatible; GoogleOther)"
66.249.68.65 - - [23/Jun/2026:09:24:52 -0400] "GET /products/63003729?fileloc=/home/aurelytl/rinzaauto.com/wp-cron.php&path=/home/aurelytl/rinzaauto.com HTTP/1.1" 200 5211 "-" "Mozilla/5.0 (Linux; Android 6.0.1; Nexus 5X Build/MMB29P) AppleWebKit/537.36 (KHTML, like Gecko) Chrome/148.0.7778.96 Mobile Safari/537.36 (compatible; GoogleOther)"
66.249.68.65 - - [23/Jun/2026:09:24:53 -0400] "GET /products/91078892 HTTP/1.1" 200 4678 "-" "Mozilla/5.0 (Linux; Android 6.0.1; Nexus 5X Build/MMB29P) AppleWebKit/537.36 (KHTML, like Gecko) Chrome/148.0.7778.96 Mobile Safari/537.36 (compatible; Googlebot/2.1; +http://www.google.com/bot.html)"
66.249.68.65 - - [23/Jun/2026:09:24:54 -0400] "GET /products/9135814?fileloc=//bin/ps2pdf13&path=//bin HTTP/1.1" 200 3198 "-" "Mozilla/5.0 (Linux; Android 6.0.1; Nexus 5X Build/MMB29P) AppleWebKit/537.36 (KHTML, like Gecko) Chrome/148.0.7778.96 Mobile Safari/537.36 (compatible; GoogleOther)"
66.249.68.65 - - [23/Jun/2026:09:24:55 -0400] "GET /products/38799158?fileloc=/home/aurelytl/rinzaauto.com/widget.area.1781095307.php&path=/home/aurelytl/rinzaauto.com HTTP/1.1" 200 3096 "-" "Mozilla/5.0 (Linux; Android 6.0.1; Nexus 5X Build/MMB29P) AppleWebKit/537.36 (KHTML, like Gecko) Chrome/148.0.7778.96 Mobile Safari/537.36 (compatible; GoogleOther)"
148.113.130.30 - - [23/Jun/2026:09:24:56 -0400] "GET /products/8651085 HTTP/1.1" 200 4703 "-" "Mozilla/5.0 (compatible; AhrefsBot/7.0; +http://ahrefs.com/robot/)"
66.249.68.65 - - [23/Jun/2026:09:24:56 -0400] "GET /products/70129189?fileloc=//lib64/libstdc++.so.6.0.25&path=//lib64 HTTP/1.1" 200 3064 "-" "Mozilla/5.0 (Linux; Android 6.0.1; Nexus 5X Build/MMB29P) AppleWebKit/537.36 (KHTML, like Gecko) Chrome/148.0.7778.96 Mobile Safari/537.36 (compatible; GoogleOther)"
66.249.68.66 - - [23/Jun/2026:09:24:57 -0400] "GET /products/8193235?fileloc=//lib64/libQt5Qml.so.5.15&path=//lib64 HTTP/1.1" 200 3063 "-" "Mozilla/5.0 (Linux; Android 6.0.1; Nexus 5X Build/MMB29P) AppleWebKit/537.36 (KHTML, like Gecko) Chrome/148.0.7778.96 Mobile Safari/537.36 (compatible; GoogleOther)"
66.249.68.65 - - [23/Jun/2026:09:24:57 -0400] "GET /products/7210757?fileloc=/home/aurelytl/rinzaauto.com/wp-includes/class-walker-comment.php&path=/home/aurelytl/rinzaauto.com/wp-includes HTTP/1.1" 200 6443 "-" "Mozilla/5.0 (Linux; Android 6.0.1; Nexus 5X Build/MMB29P) AppleWebKit/537.36 (KHTML, like Gecko) Chrome/148.0.7778.96 Mobile Safari/537.36 (compatible; Googlebot/2.1; +http://www.google.com/bot.html)"
66.249.68.65 - - [23/Jun/2026:09:24:57 -0400] "GET /products/75643699?fileloc=/home/aurelytl/rinzaauto.com/wp-activate.php&path=/home/aurelytl/rinzaauto.com HTTP/1.1" 200 5596 "-" "Mozilla/5.0 (Linux; Android 6.0.1; Nexus 5X Build/MMB29P) AppleWebKit/537.36 (KHTML, like Gecko) Chrome/148.0.7778.96 Mobile Safari/537.36 (compatible; GoogleOther)"
66.249.68.66 - - [23/Jun/2026:09:24:59 -0400] "GET /products/6119967?fileloc=//lib64/libOpenIPMIcmdlang.so.0.0.5&path=//lib64 HTTP/1.1" 200 3071 "-" "Mozilla/5.0 (Linux; Android 6.0.1; Nexus 5X Build/MMB29P) AppleWebKit/537.36 (KHTML, like Gecko) Chrome/148.0.7778.96 Mobile Safari/537.36 (compatible; GoogleOther)"
185.191.171.10 - - [23/Jun/2026:09:24:59 -0400] "GET /products/27811050 HTTP/1.1" 200 5759 "-" "Mozilla/5.0 (compatible; SemrushBot/7~bl; +http://www.semrush.com/bot.html)"
66.249.68.65 - - [23/Jun/2026:09:25:02 -0400] "GET /products/13852944?fileloc=/home/aurelytl/rinzaauto.com/wp-trackback.php&path=/home/aurelytl/rinzaauto.com HTTP/1.1" 200 4939 "-" "Mozilla/5.0 (Linux; Android 6.0.1; Nexus 5X Build/MMB29P) AppleWebKit/537.36 (KHTML, like Gecko) Chrome/148.0.7778.96 Mobile Safari/537.36 (compatible; GoogleOther)"
66.249.68.65 - - [23/Jun/2026:09:25:02 -0400] "GET /products/9906422?fileloc=/home/aurelytl/rinzaauto.com/wp-includes/ms-files.php&path=/home/aurelytl/rinzaauto.com/wp-includes HTTP/1.1" 200 4245 "-" "Mozilla/5.0 (Linux; Android 6.0.1; Nexus 5X Build/MMB29P) AppleWebKit/537.36 (KHTML, like Gecko) Chrome/148.0.7778.96 Mobile Safari/537.36 (compatible; GoogleOther)"
54.39.6.97 - - [23/Jun/2026:09:25:03 -0400] "GET /products/85639967 HTTP/1.1" 200 4763 "-" "Mozilla/5.0 (compatible; AhrefsBot/7.0; +http://ahrefs.com/robot/)"
66.249.68.67 - - [23/Jun/2026:09:25:06 -0400] "GET /products/82930560?path=/home/aurelytl/rinzaauto.com/wp-content HTTP/1.1" 200 4035 "-" "Mozilla/5.0 (Linux; Android 6.0.1; Nexus 5X Build/MMB29P) AppleWebKit/537.36 (KHTML, like Gecko) Chrome/148.0.7778.96 Mobile Safari/537.36 (compatible; GoogleOther)"
66.249.68.66 - - [23/Jun/2026:09:25:07 -0400] "GET /products/55410329?fileloc=/home/aurelytl/rinzaauto.com/wp-config-sample.php&path=/home/aurelytl/rinzaauto.com HTTP/1.1" 200 4352 "-" "Mozilla/5.0 (Linux; Android 6.0.1; Nexus 5X Build/MMB29P) AppleWebKit/537.36 (KHTML, like Gecko) Chrome/148.0.7778.96 Mobile Safari/537.36 (compatible; GoogleOther)"
66.249.68.65 - - [23/Jun/2026:09:25:08 -0400] "GET /products/85500827?fileloc=//lib64/libOpenIPMIposix.so.0.0.1&path=//lib64 HTTP/1.1" 200 3069 "-" "Mozilla/5.0 (Linux; Android 6.0.1; Nexus 5X Build/MMB29P) AppleWebKit/537.36 (KHTML, like Gecko) Chrome/148.0.7778.96 Mobile Safari/537.36 (compatible; GoogleOther)"
142.44.220.114 - - [23/Jun/2026:09:25:09 -0400] "GET /products/8558463 HTTP/1.1" 200 4680 "-" "Mozilla/5.0 (compatible; AhrefsBot/7.0; +http://ahrefs.com/robot/)"
66.249.68.65 - - [23/Jun/2026:09:25:09 -0400] "GET /products/89808118?fileloc=/home/aurelytl/rinzaauto.com/widget.area.1781095307.php&path=/home/aurelytl/rinzaauto.com HTTP/1.1" 200 3096 "-" "Mozilla/5.0 (Linux; Android 6.0.1; Nexus 5X Build/MMB29P) AppleWebKit/537.36 (KHTML, like Gecko) Chrome/148.0.7778.96 Mobile Safari/537.36 (compatible; GoogleOther)"
66.249.68.65 - - [23/Jun/2026:09:25:12 -0400] "GET /products/429216661?fileloc=/home/aurelytl/rinzaauto.com/wp-blog-header.php&path=/home/aurelytl/rinzaauto.com HTTP/1.1" 200 3275 "-" "Mozilla/5.0 (Linux; Android 6.0.1; Nexus 5X Build/MMB29P) AppleWebKit/537.36 (KHTML, like Gecko) Chrome/148.0.7778.96 Mobile Safari/537.36 (compatible; GoogleOther)"
66.249.68.65 - - [23/Jun/2026:09:25:13 -0400] "GET /products/8193235?path=//lib64/libdnf HTTP/1.1" 200 3372 "-" "Mozilla/5.0 (Linux; Android 6.0.1; Nexus 5X Build/MMB29P) AppleWebKit/537.36 (KHTML, like Gecko) Chrome/148.0.7778.96 Mobile Safari/537.36 (compatible; GoogleOther)"
175.27.171.245 - - [23/Jun/2026:09:25:13 -0400] "GET / HTTP/1.1" 200 5811 "http://rinzaauto.com" "Mozilla/5.0 (iPhone; CPU iPhone OS 13_2_3 like Mac OS X) AppleWebKit/605.1.15 (KHTML, like Gecko) Version/13.0.3 Mobile/15E148 Safari/604.1"
66.249.68.65 - - [23/Jun/2026:09:25:14 -0400] "GET /products/342985887 HTTP/1.1" 200 4645 "-" "Mozilla/5.0 (Linux; Android 6.0.1; Nexus 5X Build/MMB29P) AppleWebKit/537.36 (KHTML, like Gecko) Chrome/148.0.7778.96 Mobile Safari/537.36 (compatible; Googlebot/2.1; +http://www.google.com/bot.html)"
66.249.68.65 - - [23/Jun/2026:09:25:16 -0400] "GET /products/397607105?fileloc=/home/aurelytl/rinzaauto.com/wp-config-sample.php&path=/home/aurelytl/rinzaauto.com HTTP/1.1" 200 4352 "-" "Mozilla/5.0 (Linux; Android 6.0.1; Nexus 5X Build/MMB29P) AppleWebKit/537.36 (KHTML, like Gecko) Chrome/148.0.7778.96 Mobile Safari/537.36 (compatible; GoogleOther)"
54.39.203.155 - - [23/Jun/2026:09:25:17 -0400] "GET /products/84583213 HTTP/1.1" 200 4724 "-" "Mozilla/5.0 (compatible; AhrefsBot/7.0; +http://ahrefs.com/robot/)"
66.249.68.65 - - [23/Jun/2026:09:25:18 -0400] "GET /products/10110746?path=/home/aurelytl HTTP/1.1" 200 4800 "-" "Mozilla/5.0 (Linux; Android 6.0.1; Nexus 5X Build/MMB29P) AppleWebKit/537.36 (KHTML, like Gecko) Chrome/148.0.7778.96 Mobile Safari/537.36 (compatible; GoogleOther)"
66.249.68.65 - - [23/Jun/2026:09:25:20 -0400] "GET /products/58758237?path=/home/aurelytl/rinzaauto.com HTTP/1.1" 200 4681 "-" "Mozilla/5.0 (Linux; Android 6.0.1; Nexus 5X Build/MMB29P) AppleWebKit/537.36 (KHTML, like Gecko) Chrome/148.0.7778.96 Mobile Safari/537.36 (compatible; GoogleOther)"
51.161.65.234 - - [23/Jun/2026:09:25:21 -0400] "GET /products/84428758 HTTP/1.1" 200 4680 "-" "Mozilla/5.0 (compatible; AhrefsBot/7.0; +http://ahrefs.com/robot/)"
66.249.68.65 - - [23/Jun/2026:09:25:23 -0400] "GET /products/21121377?path=/home/aurelytl/rinzaauto.com/wp-content HTTP/1.1" 200 4098 "-" "Mozilla/5.0 (Linux; Android 6.0.1; Nexus 5X Build/MMB29P) AppleWebKit/537.36 (KHTML, like Gecko) Chrome/148.0.7778.96 Mobile Safari/537.36 (compatible; GoogleOther)"
66.249.68.65 - - [23/Jun/2026:09:25:23 -0400] "GET /products/44724225?path=/home/aurelytl/rinzaauto.com/wp-content HTTP/1.1" 200 4035 "-" "Mozilla/5.0 (Linux; Android 6.0.1; Nexus 5X Build/MMB29P) AppleWebKit/537.36 (KHTML, like Gecko) Chrome/148.0.7778.96 Mobile Safari/537.36 (compatible; GoogleOther)"
66.249.68.65 - - [23/Jun/2026:09:25:27 -0400] "GET /products/30564245?fileloc=/home/aurelytl/rinzaauto.com/wp-settings.php&path=/home/aurelytl/rinzaauto.com HTTP/1.1" 200 9607 "-" "Mozilla/5.0 (Linux; Android 6.0.1; Nexus 5X Build/MMB29P) AppleWebKit/537.36 (KHTML, like Gecko) Chrome/148.0.7778.96 Mobile Safari/537.36 (compatible; GoogleOther)"
66.249.68.65 - - [23/Jun/2026:09:25:28 -0400] "GET /products/9879232?fileloc=/home/aurelytl/rinzaauto.com/wp-load.php&path=/home/aurelytl/rinzaauto.com HTTP/1.1" 200 4690 "-" "Mozilla/5.0 (Linux; Android 6.0.1; Nexus 5X Build/MMB29P) AppleWebKit/537.36 (KHTML, like Gecko) Chrome/148.0.7778.96 Mobile Safari/537.36 (compatible; GoogleOther)"
51.222.168.152 - - [23/Jun/2026:09:25:29 -0400] "GET /products/8425055 HTTP/1.1" 200 4680 "-" "Mozilla/5.0 (compatible; AhrefsBot/7.0; +http://ahrefs.com/robot/)"
66.249.68.65 - - [23/Jun/2026:09:25:30 -0400] "GET /products/334319615?fileloc=/home/aurelytl/rinzaauto.com/wp-includes/class-wp-error.php&path=/home/aurelytl/rinzaauto.com/wp-includes HTTP/1.1" 200 4962 "-" "Mozilla/5.0 (Linux; Android 6.0.1; Nexus 5X Build/MMB29P) AppleWebKit/537.36 (KHTML, like Gecko) Chrome/148.0.7778.96 Mobile Safari/537.36 (compatible; GoogleOther)"
66.249.68.65 - - [23/Jun/2026:09:25:31 -0400] "GET /products/59752946?fileloc=/home/aurelytl/rinzaauto.com/goods.php&path=/home/aurelytl/rinzaauto.com HTTP/1.1" 200 3287 "-" "Mozilla/5.0 (Linux; Android 6.0.1; Nexus 5X Build/MMB29P) AppleWebKit/537.36 (KHTML, like Gecko) Chrome/148.0.7778.96 Mobile Safari/537.36 (compatible; GoogleOther)"
185.191.171.10 - - [23/Jun/2026:09:25:31 -0400] "GET /products/515292503 HTTP/1.1" 200 5845 "-" "Mozilla/5.0 (compatible; SemrushBot/7~bl; +http://www.semrush.com/bot.html)"
66.249.68.65 - - [23/Jun/2026:09:25:33 -0400] "GET /products/1608331?fileloc=/home/aurelytl/rinzaauto.com/wp-trackback.php&path=/home/aurelytl/rinzaauto.com HTTP/1.1" 200 4989 "-" "Mozilla/5.0 (Linux; Android 6.0.1; Nexus 5X Build/MMB29P) AppleWebKit/537.36 (KHTML, like Gecko) Chrome/148.0.7778.96 Mobile Safari/537.36 (compatible; GoogleOther)"
142.44.220.71 - - [23/Jun/2026:09:25:33 -0400] "GET /products/84045974 HTTP/1.1" 200 4635 "-" "Mozilla/5.0 (compatible; AhrefsBot/7.0; +http://ahrefs.com/robot/)"
66.249.68.65 - - [23/Jun/2026:09:25:34 -0400] "GET /products/69492576?fileloc=//lib64/libXt.so.6.0.0&path=//lib64 HTTP/1.1" 200 3058 "-" "Mozilla/5.0 (Linux; Android 6.0.1; Nexus 5X Build/MMB29P) AppleWebKit/537.36 (KHTML, like Gecko) Chrome/148.0.7778.96 Mobile Safari/537.36 (compatible; GoogleOther)"
66.249.68.65 - - [23/Jun/2026:09:25:34 -0400] "GET /products/322069749?fileloc=/home/aurelytl/rinzaauto.com/wp-config-sample.php&path=/home/aurelytl/rinzaauto.com HTTP/1.1" 200 4352 "-" "Mozilla/5.0 (Linux; Android 6.0.1; Nexus 5X Build/MMB29P) AppleWebKit/537.36 (KHTML, like Gecko) Chrome/148.0.7778.96 Mobile Safari/537.36 (compatible; GoogleOther)"
66.249.68.65 - - [23/Jun/2026:09:25:35 -0400] "GET /products/5516626?fileloc=/home/aurelytl/rinzaauto.com/wp-includes/spl-autoload-compat.php&path=/home/aurelytl/rinzaauto.com/wp-includes HTTP/1.1" 200 3364 "-" "Mozilla/5.0 (Linux; Android 6.0.1; Nexus 5X Build/MMB29P) AppleWebKit/537.36 (KHTML, like Gecko) Chrome/148.0.7778.96 Mobile Safari/537.36 (compatible; Googlebot/2.1; +http://www.google.com/bot.html)"
66.249.68.65 - - [23/Jun/2026:09:25:36 -0400] "GET /products/6533337 HTTP/1.1" 200 4637 "-" "Mozilla/5.0 (Linux; Android 6.0.1; Nexus 5X Build/MMB29P) AppleWebKit/537.36 (KHTML, like Gecko) Chrome/148.0.7778.96 Mobile Safari/537.36 (compatible; Googlebot/2.1; +http://www.google.com/bot.html)"
66.249.68.65 - - [23/Jun/2026:09:25:36 -0400] "GET /products/14919934?fileloc=//lib64/libwayland-client.so.0.21.0&path=//lib64 HTTP/1.1" 200 3067 "-" "Mozilla/5.0 (Linux; Android 6.0.1; Nexus 5X Build/MMB29P) AppleWebKit/537.36 (KHTML, like Gecko) Chrome/148.0.7778.96 Mobile Safari/537.36 (compatible; GoogleOther)"
66.249.68.65 - - [23/Jun/2026:09:25:38 -0400] "GET /products/2108945?path=/home/aurelytl HTTP/1.1" 200 4829 "-" "Mozilla/5.0 (Linux; Android 6.0.1; Nexus 5X Build/MMB29P) AppleWebKit/537.36 (KHTML, like Gecko) Chrome/148.0.7778.96 Mobile Safari/537.36 (compatible; GoogleOther)"
66.249.68.65 - - [23/Jun/2026:09:25:38 -0400] "GET /products/334319615?fileloc=/home/aurelytl/rinzaauto.com/wp-includes/class-wp-block-templates-registry.php&path=/home/aurelytl/rinzaauto.com/wp-includes HTTP/1.1" 200 4919 "-" "Mozilla/5.0 (Linux; Android 6.0.1; Nexus 5X Build/MMB29P) AppleWebKit/537.36 (KHTML, like Gecko) Chrome/148.0.7778.96 Mobile Safari/537.36 (compatible; GoogleOther)"
142.44.220.52 - - [23/Jun/2026:09:25:41 -0400] "GET /products/84027393 HTTP/1.1" 200 4619 "-" "Mozilla/5.0 (compatible; AhrefsBot/7.0; +http://ahrefs.com/robot/)"
66.249.68.65 - - [23/Jun/2026:09:25:41 -0400] "GET /products/37381443?path=/home/aurelytl/rinzaauto.com/.tmb HTTP/1.1" 200 3154 "-" "Mozilla/5.0 (Linux; Android 6.0.1; Nexus 5X Build/MMB29P) AppleWebKit/537.36 (KHTML, like Gecko) Chrome/148.0.7778.96 Mobile Safari/537.36 (compatible; GoogleOther)"
66.249.68.65 - - [23/Jun/2026:09:25:43 -0400] "GET /products/403532445?path=/home/aurelytl HTTP/1.1" 200 4842 "-" "Mozilla/5.0 (Linux; Android 6.0.1; Nexus 5X Build/MMB29P) AppleWebKit/537.36 (KHTML, like Gecko) Chrome/148.0.7778.96 Mobile Safari/537.36 (compatible; GoogleOther)"
66.249.68.65 - - [23/Jun/2026:09:25:45 -0400] "GET /products/315542668?fileloc=/home/aurelytl/rinzaauto.com/wp-includes/class-wp-ajax-response.php&path=/home/aurelytl/rinzaauto.com/wp-includes HTTP/1.1" 200 4979 "-" "Mozilla/5.0 (Linux; Android 6.0.1; Nexus 5X Build/MMB29P) AppleWebKit/537.36 (KHTML, like Gecko) Chrome/148.0.7778.96 Mobile Safari/537.36 (compatible; GoogleOther)"
52.167.144.168 - - [23/Jun/2026:09:25:45 -0400] "GET /products/60754352 HTTP/1.1" 200 4681 "-" "Mozilla/5.0 AppleWebKit/537.36 (KHTML, like Gecko; compatible; bingbot/2.0; +http://www.bing.com/bingbot.htm) Chrome/116.0.1938.76 Safari/537.36"
185.191.171.1 - - [23/Jun/2026:09:25:46 -0400] "GET /products/80903593 HTTP/1.1" 200 5777 "-" "Mozilla/5.0 (compatible; SemrushBot/7~bl; +http://www.semrush.com/bot.html)"
185.191.171.5 - - [23/Jun/2026:09:25:48 -0400] "GET /products/52606585 HTTP/1.1" 200 5837 "-" "Mozilla/5.0 (compatible; SemrushBot/7~bl; +http://www.semrush.com/bot.html)"
66.249.68.65 - - [23/Jun/2026:09:25:48 -0400] "GET /products/6695650?fileloc=/home/aurelytl/rinzaauto.com/wp-config-sample.php&path=/home/aurelytl/rinzaauto.com HTTP/1.1" 200 4322 "-" "Mozilla/5.0 (Linux; Android 6.0.1; Nexus 5X Build/MMB29P) AppleWebKit/537.36 (KHTML, like Gecko) Chrome/148.0.7778.96 Mobile Safari/537.36 (compatible; GoogleOther)"
66.249.68.65 - - [23/Jun/2026:09:25:49 -0400] "GET /products/92713729?fileloc=/home/aurelytl/rinzaauto.com/wp-config.php&path=/home/aurelytl/rinzaauto.com HTTP/1.1" 403 1242 "-" "Mozilla/5.0 (Linux; Android 6.0.1; Nexus 5X Build/MMB29P) AppleWebKit/537.36 (KHTML, like Gecko) Chrome/148.0.7778.96 Mobile Safari/537.36 (compatible; GoogleOther)"
51.222.168.248 - - [23/Jun/2026:09:25:49 -0400] "GET /products/8389245 HTTP/1.1" 200 4635 "-" "Mozilla/5.0 (compatible; AhrefsBot/7.0; +http://ahrefs.com/robot/)"
185.191.171.13 - - [23/Jun/2026:09:25:49 -0400] "GET /products/333476691 HTTP/1.1" 200 5760 "-" "Mozilla/5.0 (compatible; SemrushBot/7~bl; +http://www.semrush.com/bot.html)"
66.249.68.65 - - [23/Jun/2026:09:25:52 -0400] "GET /products/458641908?fileloc=/home/aurelytl/rinzaauto.com/widget.area.1781095307.php&path=/home/aurelytl/rinzaauto.com HTTP/1.1" 200 3096 "-" "Mozilla/5.0 (Linux; Android 6.0.1; Nexus 5X Build/MMB29P) AppleWebKit/537.36 (KHTML, like Gecko) Chrome/148.0.7778.96 Mobile Safari/537.36 (compatible; GoogleOther)"
66.249.68.67 - - [23/Jun/2026:09:25:54 -0400] "GET /products/39795180?path=/home/aurelytl/rinzaauto.com HTTP/1.1" 200 4637 "-" "Mozilla/5.0 (Linux; Android 6.0.1; Nexus 5X Build/MMB29P) AppleWebKit/537.36 (KHTML, like Gecko) Chrome/148.0.7778.96 Mobile Safari/537.36 (compatible; GoogleOther)"
15.235.27.52 - - [23/Jun/2026:09:25:55 -0400] "GET /products/83691813 HTTP/1.1" 200 4680 "-" "Mozilla/5.0 (compatible; AhrefsBot/7.0; +http://ahrefs.com/robot/)"
66.249.68.65 - - [23/Jun/2026:09:25:55 -0400] "GET /products/48741280?fileloc=/home/aurelytl/rinzaauto.com/widget.area.1781095307.php&path=/home/aurelytl/rinzaauto.com HTTP/1.1" 200 3096 "-" "Mozilla/5.0 (Linux; Android 6.0.1; Nexus 5X Build/MMB29P) AppleWebKit/537.36 (KHTML, like Gecko) Chrome/148.0.7778.96 Mobile Safari/537.36 (compatible; GoogleOther)"
66.249.68.65 - - [23/Jun/2026:09:25:57 -0400] "GET /products/93688568 HTTP/1.1" 200 4639 "-" "Mozilla/5.0 (Linux; Android 6.0.1; Nexus 5X Build/MMB29P) AppleWebKit/537.36 (KHTML, like Gecko) Chrome/148.0.7778.96 Mobile Safari/537.36 (compatible; Googlebot/2.1; +http://www.google.com/bot.html)"
66.249.68.65 - - [23/Jun/2026:09:25:59 -0400] "GET /products/8193235?fileloc=//lib64/libXt.so.6.0.0&path=//lib64 HTTP/1.1" 200 3058 "-" "Mozilla/5.0 (Linux; Android 6.0.1; Nexus 5X Build/MMB29P) AppleWebKit/537.36 (KHTML, like Gecko) Chrome/148.0.7778.96 Mobile Safari/537.36 (compatible; GoogleOther)"
66.249.68.66 - - [23/Jun/2026:09:25:59 -0400] "GET /products/8581534?path=/ HTTP/1.1" 200 3765 "-" "Mozilla/5.0 (Linux; Android 6.0.1; Nexus 5X Build/MMB29P) AppleWebKit/537.36 (KHTML, like Gecko) Chrome/148.0.7778.96 Mobile Safari/537.36 (compatible; GoogleOther)"
15.235.98.40 - - [23/Jun/2026:09:26:01 -0400] "GET /products/83534480 HTTP/1.1" 200 4638 "-" "Mozilla/5.0 (compatible; AhrefsBot/7.0; +http://ahrefs.com/robot/)"
85.208.96.198 - - [23/Jun/2026:09:26:02 -0400] "GET /products/416356306 HTTP/1.1" 200 5734 "-" "Mozilla/5.0 (compatible; SemrushBot/7~bl; +http://www.semrush.com/bot.html)"
66.249.68.65 - - [23/Jun/2026:09:26:02 -0400] "GET /products/332161974?path=/home/aurelytl/mail/new HTTP/1.1" 200 864844 "-" "Mozilla/5.0 (Linux; Android 6.0.1; Nexus 5X Build/MMB29P) AppleWebKit/537.36 (KHTML, like Gecko) Chrome/148.0.7778.96 Mobile Safari/537.36 (compatible; GoogleOther)"
66.249.68.70 - - [23/Jun/2026:09:26:04 -0400] "GET /products/4035183?path=/home/aurelytl/rinzaauto.com/.tmb HTTP/1.1" 200 3099 "-" "Mozilla/5.0 (Linux; Android 6.0.1; Nexus 5X Build/MMB29P) AppleWebKit/537.36 (KHTML, like Gecko) Chrome/148.0.7778.96 Mobile Safari/537.36 (compatible; GoogleOther)"
66.249.68.64 - - [23/Jun/2026:09:26:05 -0400] "GET /products/69492576?fileloc=//lib64/libgbm.so.1.0.0&path=//lib64 HTTP/1.1" 200 3059 "-" "Mozilla/5.0 (Linux; Android 6.0.1; Nexus 5X Build/MMB29P) AppleWebKit/537.36 (KHTML, like Gecko) Chrome/148.0.7778.96 Mobile Safari/537.36 (compatible; GoogleOther)"
85.208.96.212 - - [23/Jun/2026:09:26:05 -0400] "GET /products/13418553 HTTP/1.1" 200 5776 "-" "Mozilla/5.0 (compatible; SemrushBot/7~bl; +http://www.semrush.com/bot.html)"
148.113.128.162 - - [23/Jun/2026:09:26:06 -0400] "GET /products/83504140 HTTP/1.1" 200 4684 "-" "Mozilla/5.0 (compatible; AhrefsBot/7.0; +http://ahrefs.com/robot/)"
66.249.68.64 - - [23/Jun/2026:09:26:06 -0400] "GET /products/606105426?fileloc=/home/aurelytl/rinzaauto.com/wp-config-sample.php&path=/home/aurelytl/rinzaauto.com HTTP/1.1" 200 4352 "-" "Mozilla/5.0 (Linux; Android 6.0.1; Nexus 5X Build/MMB29P) AppleWebKit/537.36 (KHTML, like Gecko) Chrome/148.0.7778.96 Mobile Safari/537.36 (compatible; GoogleOther)"
66.249.68.70 - - [23/Jun/2026:09:26:09 -0400] "GET /products/8193235?fileloc=//lib64/libcupsmime.so.1&path=//lib64 HTTP/1.1" 200 3059 "-" "Mozilla/5.0 (Linux; Android 6.0.1; Nexus 5X Build/MMB29P) AppleWebKit/537.36 (KHTML, like Gecko) Chrome/148.0.7778.96 Mobile Safari/537.36 (compatible; GoogleOther)"
66.249.68.64 - - [23/Jun/2026:09:26:10 -0400] "GET /products/28297610?fileloc=/home/aurelytl/rinzaauto.com/widget.area.1781095307.php&path=/home/aurelytl/rinzaauto.com HTTP/1.1" 200 3037 "-" "Mozilla/5.0 (Linux; Android 6.0.1; Nexus 5X Build/MMB29P) AppleWebKit/537.36 (KHTML, like Gecko) Chrome/148.0.7778.96 Mobile Safari/537.36 (compatible; GoogleOther)"
66.249.68.64 - - [23/Jun/2026:09:26:10 -0400] "GET /products/14919934?fileloc=//lib64/libwayland-server.so.0.21.0&path=//lib64 HTTP/1.1" 200 3067 "-" "Mozilla/5.0 (Linux; Android 6.0.1; Nexus 5X Build/MMB29P) AppleWebKit/537.36 (KHTML, like Gecko) Chrome/148.0.7778.96 Mobile Safari/537.36 (compatible; GoogleOther)"
66.249.68.69 - - [23/Jun/2026:09:26:12 -0400] "GET /products/58758237?path=/home/aurelytl/rinzaauto.com HTTP/1.1" 200 4677 "-" "Mozilla/5.0 (Linux; Android 6.0.1; Nexus 5X Build/MMB29P) AppleWebKit/537.36 (KHTML, like Gecko) Chrome/148.0.7778.96 Mobile Safari/537.36 (compatible; Googlebot/2.1; +http://www.google.com/bot.html)"
66.249.68.68 - - [23/Jun/2026:09:26:13 -0400] "GET /products/5165274?fileloc=/home/aurelytl/rinzaauto.com/wp-config.php&path=/home/aurelytl/rinzaauto.com HTTP/1.1" 403 1242 "-" "Mozilla/5.0 (Linux; Android 6.0.1; Nexus 5X Build/MMB29P) AppleWebKit/537.36 (KHTML, like Gecko) Chrome/148.0.7778.96 Mobile Safari/537.36 (compatible; GoogleOther)"
54.39.0.210 - - [23/Jun/2026:09:26:13 -0400] "GET /products/83490601 HTTP/1.1" 200 4679 "-" "Mozilla/5.0 (compatible; AhrefsBot/7.0; +http://ahrefs.com/robot/)"
66.249.68.66 - - [23/Jun/2026:09:26:15 -0400] "GET /products/517821978?fileloc=/home/aurelytl/rinzaauto.com/wp-config.php&path=/home/aurelytl/rinzaauto.com HTTP/1.1" 403 1242 "-" "Mozilla/5.0 (Linux; Android 6.0.1; Nexus 5X Build/MMB29P) AppleWebKit/537.36 (KHTML, like Gecko) Chrome/148.0.7778.96 Mobile Safari/537.36 (compatible; GoogleOther)"
66.249.68.69 - - [23/Jun/2026:09:26:16 -0400] "GET /products/6119967?fileloc=//lib64/libmspack.so.0&path=//lib64 HTTP/1.1" 200 3057 "-" "Mozilla/5.0 (Linux; Android 6.0.1; Nexus 5X Build/MMB29P) AppleWebKit/537.36 (KHTML, like Gecko) Chrome/148.0.7778.96 Mobile Safari/537.36 (compatible; GoogleOther)"
66.249.68.67 - - [23/Jun/2026:09:26:17 -0400] "GET /products/255318701?fileloc=/home/aurelytl/rinzaauto.com/bottom-1780981817.php&path=/home/aurelytl/rinzaauto.com HTTP/1.1" 200 3034 "-" "Mozilla/5.0 (Linux; Android 6.0.1; Nexus 5X Build/MMB29P) AppleWebKit/537.36 (KHTML, like Gecko) Chrome/148.0.7778.96 Mobile Safari/537.36 (compatible; GoogleOther)"
54.39.89.66 - - [23/Jun/2026:09:26:19 -0400] "GET /products/82979961 HTTP/1.1" 200 4638 "-" "Mozilla/5.0 (compatible; AhrefsBot/7.0; +http://ahrefs.com/robot/)"
66.249.68.67 - - [23/Jun/2026:09:26:20 -0400] "GET /products/17344348 HTTP/1.1" 200 4639 "-" "Mozilla/5.0 (Linux; Android 6.0.1; Nexus 5X Build/MMB29P) AppleWebKit/537.36 (KHTML, like Gecko) Chrome/148.0.7778.96 Mobile Safari/537.36 (compatible; Googlebot/2.1; +http://www.google.com/bot.html)"
66.249.68.70 - - [23/Jun/2026:09:26:20 -0400] "GET /products/7791684 HTTP/1.1" 200 4639 "-" "Mozilla/5.0 (Linux; Android 6.0.1; Nexus 5X Build/MMB29P) AppleWebKit/537.36 (KHTML, like Gecko) Chrome/148.0.7778.96 Mobile Safari/537.36 (compatible; Googlebot/2.1; +http://www.google.com/bot.html)"
66.249.68.67 - - [23/Jun/2026:09:26:20 -0400] "GET /products/1309503?fileloc=/home/aurelytl/rinzaauto.com/goods.php&path=/home/aurelytl/rinzaauto.com HTTP/1.1" 200 3237 "-" "Mozilla/5.0 (Linux; Android 6.0.1; Nexus 5X Build/MMB29P) AppleWebKit/537.36 (KHTML, like Gecko) Chrome/148.0.7778.96 Mobile Safari/537.36 (compatible; GoogleOther)"
66.249.68.64 - - [23/Jun/2026:09:26:20 -0400] "GET /products/4438752?fileloc=/home/aurelytl/mohamedbaabit.com/readme.html&path=/home/aurelytl/mohamedbaabit.com HTTP/1.1" 200 6136 "-" "Mozilla/5.0 (Linux; Android 6.0.1; Nexus 5X Build/MMB29P) AppleWebKit/537.36 (KHTML, like Gecko) Chrome/148.0.7778.96 Mobile Safari/537.36 (compatible; GoogleOther)"
66.249.68.67 - - [23/Jun/2026:09:26:24 -0400] "GET /products/34989610?fileloc=/home/aurelytl/rinzaauto.com/google8d449aad2fcaf390.html&path=/home/aurelytl/rinzaauto.com HTTP/1.1" 200 3053 "-" "Mozilla/5.0 (Linux; Android 6.0.1; Nexus 5X Build/MMB29P) AppleWebKit/537.36 (KHTML, like Gecko) Chrome/148.0.7778.96 Mobile Safari/537.36 (compatible; GoogleOther)"
51.161.37.193 - - [23/Jun/2026:09:26:24 -0400] "GET /products/82828528 HTTP/1.1" 200 4638 "-" "Mozilla/5.0 (compatible; AhrefsBot/7.0; +http://ahrefs.com/robot/)"
66.249.68.65 - - [23/Jun/2026:09:26:25 -0400] "GET /products/42932909?fileloc=/home/aurelytl/rinzaauto.com/.htaccess.bk&path=/home/aurelytl/rinzaauto.com HTTP/1.1" 403 1242 "-" "Mozilla/5.0 (Linux; Android 6.0.1; Nexus 5X Build/MMB29P) AppleWebKit/537.36 (KHTML, like Gecko) Chrome/148.0.7778.96 Mobile Safari/537.36 (compatible; GoogleOther)"
66.249.68.67 - - [23/Jun/2026:09:26:27 -0400] "GET /products/4741774?fileloc=/home/aurelytl/rinzaauto.com/.htaccess.bk&path=/home/aurelytl/rinzaauto.com HTTP/1.1" 403 1242 "-" "Mozilla/5.0 (Linux; Android 6.0.1; Nexus 5X Build/MMB29P) AppleWebKit/537.36 (KHTML, like Gecko) Chrome/148.0.7778.96 Mobile Safari/537.36 (compatible; GoogleOther)"
185.191.171.12 - - [23/Jun/2026:09:26:29 -0400] "GET /products/7904036 HTTP/1.1" 200 5812 "-" "Mozilla/5.0 (compatible; SemrushBot/7~bl; +http://www.semrush.com/bot.html)"
142.44.233.229 - - [23/Jun/2026:09:26:30 -0400] "GET /products/82796588 HTTP/1.1" 200 4679 "-" "Mozilla/5.0 (compatible; AhrefsBot/7.0; +http://ahrefs.com/robot/)"
66.249.68.71 - - [23/Jun/2026:09:26:30 -0400] "GET /products/20626189?fileloc=/home/aurelytl/rinzaauto.com/goods.php&path=/home/aurelytl/rinzaauto.com HTTP/1.1" 200 3237 "-" "Mozilla/5.0 (Linux; Android 6.0.1; Nexus 5X Build/MMB29P) AppleWebKit/537.36 (KHTML, like Gecko) Chrome/148.0.7778.96 Mobile Safari/537.36 (compatible; GoogleOther)"
66.249.68.71 - - [23/Jun/2026:09:26:31 -0400] "GET /products/1309503?fileloc=/home/aurelytl/rinzaauto.com/archives-1780923266.php&path=/home/aurelytl/rinzaauto.com HTTP/1.1" 200 3034 "-" "Mozilla/5.0 (Linux; Android 6.0.1; Nexus 5X Build/MMB29P) AppleWebKit/537.36 (KHTML, like Gecko) Chrome/148.0.7778.96 Mobile Safari/537.36 (compatible; GoogleOther)"
66.249.68.70 - - [23/Jun/2026:09:26:33 -0400] "GET /products/8193235?fileloc=//lib64/libicui18n.so.60&path=//lib64 HTTP/1.1" 200 3060 "-" "Mozilla/5.0 (Linux; Android 6.0.1; Nexus 5X Build/MMB29P) AppleWebKit/537.36 (KHTML, like Gecko) Chrome/148.0.7778.96 Mobile Safari/537.36 (compatible; GoogleOther)"
85.208.96.196 - - [23/Jun/2026:09:26:34 -0400] "GET /products/3119371 HTTP/1.1" 200 5715 "-" "Mozilla/5.0 (compatible; SemrushBot/7~bl; +http://www.semrush.com/bot.html)"
66.249.68.69 - - [23/Jun/2026:09:26:34 -0400] "GET /products/9120160?fileloc=//lib64/libxcb-shm.so.0&path=//lib64 HTTP/1.1" 200 3059 "-" "Mozilla/5.0 (Linux; Android 6.0.1; Nexus 5X Build/MMB29P) AppleWebKit/537.36 (KHTML, like Gecko) Chrome/148.0.7778.96 Mobile Safari/537.36 (compatible; GoogleOther)"
66.249.68.66 - - [23/Jun/2026:09:26:34 -0400] "GET /products/39410955?fileloc=/home/aurelytl/rinzaauto.com/.hcflag&path=/home/aurelytl/rinzaauto.com HTTP/1.1" 200 3107 "-" "Mozilla/5.0 (Linux; Android 6.0.1; Nexus 5X Build/MMB29P) AppleWebKit/537.36 (KHTML, like Gecko) Chrome/148.0.7778.96 Mobile Safari/537.36 (compatible; GoogleOther)"
66.249.68.64 - - [23/Jun/2026:09:26:35 -0400] "GET /products/86585192?fileloc=/home/aurelytl/rinzaauto.com/.htaccess.bk&path=/home/aurelytl/rinzaauto.com HTTP/1.1" 403 1242 "-" "Mozilla/5.0 (Linux; Android 6.0.1; Nexus 5X Build/MMB29P) AppleWebKit/537.36 (KHTML, like Gecko) Chrome/148.0.7778.96 Mobile Safari/537.36 (compatible; GoogleOther)"
51.222.168.217 - - [23/Jun/2026:09:26:37 -0400] "GET /products/82537379 HTTP/1.1" 200 4638 "-" "Mozilla/5.0 (compatible; AhrefsBot/7.0; +http://ahrefs.com/robot/)"
66.249.68.68 - - [23/Jun/2026:09:26:38 -0400] "GET /products/5146746?fileloc=/home/aurelytl/rinzaauto.com/wp-comments-post.php&path=/home/aurelytl/rinzaauto.com HTTP/1.1" 200 4100 "-" "Mozilla/5.0 (Linux; Android 6.0.1; Nexus 5X Build/MMB29P) AppleWebKit/537.36 (KHTML, like Gecko) Chrome/148.0.7778.96 Mobile Safari/537.36 (compatible; GoogleOther)"
66.249.68.69 - - [23/Jun/2026:09:26:40 -0400] "GET /products/613608828?fileloc=/home/aurelytl/rinzaauto.com/license.txt&path=/home/aurelytl/rinzaauto.com HTTP/1.1" 200 10442 "-" "Mozilla/5.0 (Linux; Android 6.0.1; Nexus 5X Build/MMB29P) AppleWebKit/537.36 (KHTML, like Gecko) Chrome/148.0.7778.96 Mobile Safari/537.36 (compatible; GoogleOther)"
66.249.68.69 - - [23/Jun/2026:09:26:41 -0400] "GET /products/56489501?fileloc=/home/aurelytl/rinzaauto.com/.htaccess.bk&path=/home/aurelytl/rinzaauto.com HTTP/1.1" 403 1242 "-" "Mozilla/5.0 (Linux; Android 6.0.1; Nexus 5X Build/MMB29P) AppleWebKit/537.36 (KHTML, like Gecko) Chrome/148.0.7778.96 Mobile Safari/537.36 (compatible; GoogleOther)"
142.44.225.94 - - [23/Jun/2026:09:26:45 -0400] "GET /products/82346638 HTTP/1.1" 200 4679 "-" "Mozilla/5.0 (compatible; AhrefsBot/7.0; +http://ahrefs.com/robot/)"
66.249.68.67 - - [23/Jun/2026:09:26:45 -0400] "GET /products/1276510 HTTP/1.1" 200 4626 "-" "Mozilla/5.0 (Linux; Android 6.0.1; Nexus 5X Build/MMB29P) AppleWebKit/537.36 (KHTML, like Gecko) Chrome/148.0.7778.96 Mobile Safari/537.36 (compatible; Googlebot/2.1; +http://www.google.com/bot.html)"
66.249.68.71 - - [23/Jun/2026:09:26:45 -0400] "GET /products/387621798?fileloc=/home/aurelytl/rinzaauto.com/readme.html&path=/home/aurelytl/rinzaauto.com HTTP/1.1" 200 6108 "-" "Mozilla/5.0 (Linux; Android 6.0.1; Nexus 5X Build/MMB29P) AppleWebKit/537.36 (KHTML, like Gecko) Chrome/148.0.7778.96 Mobile Safari/537.36 (compatible; GoogleOther)"
66.249.68.67 - - [23/Jun/2026:09:26:46 -0400] "GET /products/321371797?fileloc=/home/aurelytl/rinzaauto.com/wp-signup.php&path=/home/aurelytl/rinzaauto.com HTTP/1.1" 200 11574 "-" "Mozilla/5.0 (Linux; Android 6.0.1; Nexus 5X Build/MMB29P) AppleWebKit/537.36 (KHTML, like Gecko) Chrome/148.0.7778.96 Mobile Safari/537.36 (compatible; GoogleOther)"
66.249.68.70 - - [23/Jun/2026:09:26:47 -0400] "GET /products/84500399?fileloc=//lib64/libhdf5.so.103&path=//lib64 HTTP/1.1" 200 3058 "-" "Mozilla/5.0 (Linux; Android 6.0.1; Nexus 5X Build/MMB29P) AppleWebKit/537.36 (KHTML, like Gecko) Chrome/148.0.7778.96 Mobile Safari/537.36 (compatible; GoogleOther)"
43.165.67.31 - - [23/Jun/2026:09:26:47 -0400] "GET /?fileloc=/home/aurelytl/azollaalgerie.com/.hcflag&path=/home/aurelytl/azollaalgerie.com HTTP/1.1" 200 3569 "-" "Mozilla/5.0 (iPhone; CPU iPhone OS 13_2_3 like Mac OS X) AppleWebKit/605.1.15 (KHTML, like Gecko) Version/13.0.3 Mobile/15E148 Safari/604.1"
66.249.68.71 - - [23/Jun/2026:09:26:48 -0400] "GET /products/7708095?fileloc=/home/aurelytl/rinzaauto.com/robots.txt&path=/home/aurelytl/rinzaauto.com HTTP/1.1" 200 3120 "-" "Mozilla/5.0 (Linux; Android 6.0.1; Nexus 5X Build/MMB29P) AppleWebKit/537.36 (KHTML, like Gecko) Chrome/148.0.7778.96 Mobile Safari/537.36 (compatible; GoogleOther)"
185.191.171.12 - - [23/Jun/2026:09:26:50 -0400] "GET /products/229033240 HTTP/1.1" 200 5781 "-" "Mozilla/5.0 (compatible; SemrushBot/7~bl; +http://www.semrush.com/bot.html)"
66.249.68.67 - - [23/Jun/2026:09:26:50 -0400] "GET /products/332161974?path=/home/aurelytl/mail/new HTTP/1.1" 200 365041 "-" "Mozilla/5.0 (Linux; Android 6.0.1; Nexus 5X Build/MMB29P) AppleWebKit/537.36 (KHTML, like Gecko) Chrome/148.0.7778.96 Mobile Safari/537.36 (compatible; Googlebot/2.1; +http://www.google.com/bot.html)"
66.249.68.64 - - [23/Jun/2026:09:26:51 -0400] "GET /products/358437104?fileloc=/home/aurelytl/rinzaauto.com/.htaccess.bk&path=/home/aurelytl/rinzaauto.com HTTP/1.1" 403 1242 "-" "Mozilla/5.0 (Linux; Android 6.0.1; Nexus 5X Build/MMB29P) AppleWebKit/537.36 (KHTML, like Gecko) Chrome/148.0.7778.96 Mobile Safari/537.36 (compatible; GoogleOther)"
51.222.95.160 - - [23/Jun/2026:09:26:51 -0400] "GET /products/8208536 HTTP/1.1" 200 4623 "-" "Mozilla/5.0 (compatible; AhrefsBot/7.0; +http://ahrefs.com/robot/)"
66.249.68.71 - - [23/Jun/2026:09:26:52 -0400] "GET /products/3758732?fileloc=/home/aurelytl/rinzaauto.com/wp-signup.php&path=/home/aurelytl/rinzaauto.com HTTP/1.1" 200 11574 "-" "Mozilla/5.0 (Linux; Android 6.0.1; Nexus 5X Build/MMB29P) AppleWebKit/537.36 (KHTML, like Gecko) Chrome/148.0.7778.96 Mobile Safari/537.36 (compatible; GoogleOther)"
66.249.68.70 - - [23/Jun/2026:09:26:56 -0400] "GET /products/95858079?fileloc=/home/aurelytl/rinzaauto.com/.htaccess.bk&path=/home/aurelytl/rinzaauto.com HTTP/1.1" 403 1242 "-" "Mozilla/5.0 (Linux; Android 6.0.1; Nexus 5X Build/MMB29P) AppleWebKit/537.36 (KHTML, like Gecko) Chrome/148.0.7778.96 Mobile Safari/537.36 (compatible; GoogleOther)"
54.39.210.100 - - [23/Jun/2026:09:26:56 -0400] "GET /products/8199352 HTTP/1.1" 200 4701 "-" "Mozilla/5.0 (compatible; AhrefsBot/7.0; +http://ahrefs.com/robot/)"
66.249.68.67 - - [23/Jun/2026:09:26:56 -0400] "GET /products/6932698?fileloc=/home/aurelytl/rinzaauto.com/index.php&path=/home/aurelytl/rinzaauto.com HTTP/1.1" 200 23671 "-" "Mozilla/5.0 (Linux; Android 6.0.1; Nexus 5X Build/MMB29P) AppleWebKit/537.36 (KHTML, like Gecko) Chrome/148.0.7778.96 Mobile Safari/537.36 (compatible; GoogleOther)"
66.249.68.70 - - [23/Jun/2026:09:26:59 -0400] "GET /products/420076314?fileloc=/home/aurelytl/rinzaauto.com/license.txt&path=/home/aurelytl/rinzaauto.com HTTP/1.1" 200 10442 "-" "Mozilla/5.0 (Linux; Android 6.0.1; Nexus 5X Build/MMB29P) AppleWebKit/537.36 (KHTML, like Gecko) Chrome/148.0.7778.96 Mobile Safari/537.36 (compatible; GoogleOther)"
66.249.68.67 - - [23/Jun/2026:09:27:01 -0400] "GET /products/31829218?fileloc=/home/aurelytl/rinzaauto.com/wp-signup.php&path=/home/aurelytl/rinzaauto.com HTTP/1.1" 200 11531 "-" "Mozilla/5.0 (Linux; Android 6.0.1; Nexus 5X Build/MMB29P) AppleWebKit/537.36 (KHTML, like Gecko) Chrome/148.0.7778.96 Mobile Safari/537.36 (compatible; GoogleOther)"
66.249.68.68 - - [23/Jun/2026:09:27:02 -0400] "GET /products/84500399?fileloc=//lib64/libcryptsetup.so.12&path=//lib64 HTTP/1.1" 200 3062 "-" "Mozilla/5.0 (Linux; Android 6.0.1; Nexus 5X Build/MMB29P) AppleWebKit/537.36 (KHTML, like Gecko) Chrome/148.0.7778.96 Mobile Safari/537.36 (compatible; GoogleOther)"
142.44.220.180 - - [23/Jun/2026:09:27:02 -0400] "GET /products/81823504 HTTP/1.1" 200 4701 "-" "Mozilla/5.0 (compatible; AhrefsBot/7.0; +http://ahrefs.com/robot/)"
66.249.68.68 - - [23/Jun/2026:09:27:03 -0400] "GET /products/7517894?fileloc=/home/aurelytl/rinzaauto.com/wp-signup.php&path=/home/aurelytl/rinzaauto.com HTTP/1.1" 200 11574 "-" "Mozilla/5.0 (Linux; Android 6.0.1; Nexus 5X Build/MMB29P) AppleWebKit/537.36 (KHTML, like Gecko) Chrome/148.0.7778.96 Mobile Safari/537.36 (compatible; GoogleOther)"
66.249.68.68 - - [23/Jun/2026:09:27:06 -0400] "GET /products/86585192?fileloc=/home/aurelytl/rinzaauto.com/robots.txt&path=/home/aurelytl/rinzaauto.com HTTP/1.1" 200 3120 "-" "Mozilla/5.0 (Linux; Android 6.0.1; Nexus 5X Build/MMB29P) AppleWebKit/537.36 (KHTML, like Gecko) Chrome/148.0.7778.96 Mobile Safari/537.36 (compatible; GoogleOther)"
66.249.68.65 - - [23/Jun/2026:09:27:07 -0400] "GET /products/4502207?fileloc=/home/aurelytl/rinzaauto.com/google8d449aad2fcaf390.html&path=/home/aurelytl/rinzaauto.com HTTP/1.1" 200 3109 "-" "Mozilla/5.0 (Linux; Android 6.0.1; Nexus 5X Build/MMB29P) AppleWebKit/537.36 (KHTML, like Gecko) Chrome/148.0.7778.96 Mobile Safari/537.36 (compatible; GoogleOther)"
15.235.27.134 - - [23/Jun/2026:09:27:07 -0400] "GET /products/8139871 HTTP/1.1" 200 4638 "-" "Mozilla/5.0 (compatible; AhrefsBot/7.0; +http://ahrefs.com/robot/)"
66.249.68.65 - - [23/Jun/2026:09:27:10 -0400] "GET /products/482737029?path=/ HTTP/1.1" 200 3769 "-" "Mozilla/5.0 (Linux; Android 6.0.1; Nexus 5X Build/MMB29P) AppleWebKit/537.36 (KHTML, like Gecko) Chrome/148.0.7778.96 Mobile Safari/537.36 (compatible; GoogleOther)"
66.249.68.66 - - [23/Jun/2026:09:27:12 -0400] "GET /products/21011175?fileloc=/home/aurelytl/rinzaauto.com/license.txt&path=/home/aurelytl/rinzaauto.com HTTP/1.1" 200 10442 "-" "Mozilla/5.0 (Linux; Android 6.0.1; Nexus 5X Build/MMB29P) AppleWebKit/537.36 (KHTML, like Gecko) Chrome/148.0.7778.96 Mobile Safari/537.36 (compatible; GoogleOther)"
66.249.68.66 - - [23/Jun/2026:09:27:13 -0400] "GET /products/56489501?fileloc=/home/aurelytl/rinzaauto.com/goods.php&path=/home/aurelytl/rinzaauto.com HTTP/1.1" 200 3287 "-" "Mozilla/5.0 (Linux; Android 6.0.1; Nexus 5X Build/MMB29P) AppleWebKit/537.36 (KHTML, like Gecko) Chrome/148.0.7778.96 Mobile Safari/537.36 (compatible; GoogleOther)"
51.222.95.61 - - [23/Jun/2026:09:27:14 -0400] "GET /products/81172528 HTTP/1.1" 200 4678 "-" "Mozilla/5.0 (compatible; AhrefsBot/7.0; +http://ahrefs.com/robot/)"
66.249.68.68 - - [23/Jun/2026:09:27:17 -0400] "GET /products/2759038?fileloc=/home/aurelytl/rinzaauto.com/.htaccess.bk&path=/home/aurelytl/rinzaauto.com HTTP/1.1" 403 1242 "-" "Mozilla/5.0 (Linux; Android 6.0.1; Nexus 5X Build/MMB29P) AppleWebKit/537.36 (KHTML, like Gecko) Chrome/148.0.7778.96 Mobile Safari/537.36 (compatible; GoogleOther)"
66.249.68.67 - - [23/Jun/2026:09:27:17 -0400] "GET /products/6932698?path=/ HTTP/1.1" 200 3745 "-" "Mozilla/5.0 (Linux; Android 6.0.1; Nexus 5X Build/MMB29P) AppleWebKit/537.36 (KHTML, like Gecko) Chrome/148.0.7778.96 Mobile Safari/537.36 (compatible; GoogleOther)"
66.249.68.68 - - [23/Jun/2026:09:27:20 -0400] "GET /products/5875770?fileloc=/home/aurelytl/rinzaauto.com/.hcflag&path=/home/aurelytl/rinzaauto.com HTTP/1.1" 200 3107 "-" "Mozilla/5.0 (Linux; Android 6.0.1; Nexus 5X Build/MMB29P) AppleWebKit/537.36 (KHTML, like Gecko) Chrome/148.0.7778.96 Mobile Safari/537.36 (compatible; GoogleOther)"
66.249.68.68 - - [23/Jun/2026:09:27:22 -0400] "GET /products/8440079?fileloc=/home/aurelytl/rinzaauto.com/goods.php&path=/home/aurelytl/rinzaauto.com HTTP/1.1" 200 3237 "-" "Mozilla/5.0 (Linux; Android 6.0.1; Nexus 5X Build/MMB29P) AppleWebKit/537.36 (KHTML, like Gecko) Chrome/148.0.7778.96 Mobile Safari/537.36 (compatible; GoogleOther)"
51.222.168.131 - - [23/Jun/2026:09:27:22 -0400] "GET /products/8100906 HTTP/1.1" 200 4638 "-" "Mozilla/5.0 (compatible; AhrefsBot/7.0; +http://ahrefs.com/robot/)"
66.249.68.68 - - [23/Jun/2026:09:27:23 -0400] "GET /products/84500399?path=//lib64/gtk-2.0 HTTP/1.1" 200 3430 "-" "Mozilla/5.0 (Linux; Android 6.0.1; Nexus 5X Build/MMB29P) AppleWebKit/537.36 (KHTML, like Gecko) Chrome/148.0.7778.96 Mobile Safari/537.36 (compatible; GoogleOther)"
66.249.68.69 - - [23/Jun/2026:09:27:24 -0400] "GET /products/7861787?fileloc=/home/aurelytl/rinzaauto.com/.htaccess.bk&path=/home/aurelytl/rinzaauto.com HTTP/1.1" 403 1242 "-" "Mozilla/5.0 (Linux; Android 6.0.1; Nexus 5X Build/MMB29P) AppleWebKit/537.36 (KHTML, like Gecko) Chrome/148.0.7778.96 Mobile Safari/537.36 (compatible; GoogleOther)"
66.249.68.69 - - [23/Jun/2026:09:27:24 -0400] "GET /products/2205461?fileloc=/home/aurelytl/rinzaauto.com/goods.php&path=/home/aurelytl/rinzaauto.com HTTP/1.1" 200 3237 "-" "Mozilla/5.0 (Linux; Android 6.0.1; Nexus 5X Build/MMB29P) AppleWebKit/537.36 (KHTML, like Gecko) Chrome/148.0.7778.96 Mobile Safari/537.36 (compatible; GoogleOther)"
54.39.203.16 - - [23/Jun/2026:09:27:26 -0400] "GET /products/8099885 HTTP/1.1" 200 4638 "-" "Mozilla/5.0 (compatible; AhrefsBot/7.0; +http://ahrefs.com/robot/)"
66.249.68.68 - - [23/Jun/2026:09:27:27 -0400] "GET /products/19935385?fileloc=/home/aurelytl/rinzaauto.com/.htaccess.bak-20260515&path=/home/aurelytl/rinzaauto.com HTTP/1.1" 403 1242 "-" "Mozilla/5.0 (Linux; Android 6.0.1; Nexus 5X Build/MMB29P) AppleWebKit/537.36 (KHTML, like Gecko) Chrome/148.0.7778.96 Mobile Safari/537.36 (compatible; GoogleOther)"
66.249.68.68 - - [23/Jun/2026:09:27:27 -0400] "GET /products/39795180?path=/home/aurelytl/rinzaauto.com HTTP/1.1" 200 4678 "-" "Mozilla/5.0 (Linux; Android 6.0.1; Nexus 5X Build/MMB29P) AppleWebKit/537.36 (KHTML, like Gecko) Chrome/148.0.7778.96 Mobile Safari/537.36 (compatible; Googlebot/2.1; +http://www.google.com/bot.html)"
66.249.68.67 - - [23/Jun/2026:09:27:28 -0400] "GET /products/613608828?fileloc=/home/aurelytl/rinzaauto.com/wp-login.php&path=/home/aurelytl/rinzaauto.com HTTP/1.1" 200 16771 "-" "Mozilla/5.0 (Linux; Android 6.0.1; Nexus 5X Build/MMB29P) AppleWebKit/537.36 (KHTML, like Gecko) Chrome/148.0.7778.96 Mobile Safari/537.36 (compatible; GoogleOther)"
85.208.96.197 - - [23/Jun/2026:09:27:29 -0400] "GET /products/10133686 HTTP/1.1" 200 5812 "-" "Mozilla/5.0 (compatible; SemrushBot/7~bl; +http://www.semrush.com/bot.html)"
66.249.68.65 - - [23/Jun/2026:09:27:30 -0400] "GET /products/8193235?fileloc=//lib64/libSM.so.6.0.1&path=//lib64 HTTP/1.1" 200 3010 "-" "Mozilla/5.0 (Linux; Android 6.0.1; Nexus 5X Build/MMB29P) AppleWebKit/537.36 (KHTML, like Gecko) Chrome/148.0.7778.96 Mobile Safari/537.36 (compatible; GoogleOther)"
66.249.68.68 - - [23/Jun/2026:09:27:31 -0400] "GET /products/249450726?fileloc=/home/aurelytl/rinzaauto.com/readme.html&path=/home/aurelytl/rinzaauto.com HTTP/1.1" 200 6105 "-" "Mozilla/5.0 (Linux; Android 6.0.1; Nexus 5X Build/MMB29P) AppleWebKit/537.36 (KHTML, like Gecko) Chrome/148.0.7778.96 Mobile Safari/537.36 (compatible; GoogleOther)"
51.222.168.186 - - [23/Jun/2026:09:27:31 -0400] "GET /products/8081686 HTTP/1.1" 200 4678 "-" "Mozilla/5.0 (compatible; AhrefsBot/7.0; +http://ahrefs.com/robot/)"
66.249.68.65 - - [23/Jun/2026:09:27:32 -0400] "GET /products/27364127?fileloc=/home/aurelytl/rinzaauto.com/wp-signup.php&path=/home/aurelytl/rinzaauto.com HTTP/1.1" 200 11574 "-" "Mozilla/5.0 (Linux; Android 6.0.1; Nexus 5X Build/MMB29P) AppleWebKit/537.36 (KHTML, like Gecko) Chrome/148.0.7778.96 Mobile Safari/537.36 (compatible; GoogleOther)"
85.208.96.200 - - [23/Jun/2026:09:27:34 -0400] "GET /products/193939698 HTTP/1.1" 200 5710 "-" "Mozilla/5.0 (compatible; SemrushBot/7~bl; +http://www.semrush.com/bot.html)"
66.249.68.66 - - [23/Jun/2026:09:27:34 -0400] "GET /products/375528082?fileloc=/home/aurelytl/rinzaauto.com/robots.txt&path=/home/aurelytl/rinzaauto.com HTTP/1.1" 200 3120 "-" "Mozilla/5.0 (Linux; Android 6.0.1; Nexus 5X Build/MMB29P) AppleWebKit/537.36 (KHTML, like Gecko) Chrome/148.0.7778.96 Mobile Safari/537.36 (compatible; GoogleOther)"
66.249.68.66 - - [23/Jun/2026:09:27:37 -0400] "GET /products/90799235?fileloc=/home/aurelytl/rinzaauto.com/readme.html&path=/home/aurelytl/rinzaauto.com HTTP/1.1" 200 6136 "-" "Mozilla/5.0 (Linux; Android 6.0.1; Nexus 5X Build/MMB29P) AppleWebKit/537.36 (KHTML, like Gecko) Chrome/148.0.7778.96 Mobile Safari/537.36 (compatible; GoogleOther)"
66.249.68.65 - - [23/Jun/2026:09:27:38 -0400] "GET /products/4741774?fileloc=/home/aurelytl/rinzaauto.com/index.php&path=/home/aurelytl/rinzaauto.com HTTP/1.1" 200 23909 "-" "Mozilla/5.0 (Linux; Android 6.0.1; Nexus 5X Build/MMB29P) AppleWebKit/537.36 (KHTML, like Gecko) Chrome/148.0.7778.96 Mobile Safari/537.36 (compatible; GoogleOther)"
54.39.136.139 - - [23/Jun/2026:09:27:38 -0400] "GET /products/80681215 HTTP/1.1" 200 4721 "-" "Mozilla/5.0 (compatible; AhrefsBot/7.0; +http://ahrefs.com/robot/)"
66.249.68.65 - - [23/Jun/2026:09:27:41 -0400] "GET /products/31829218?fileloc=/home/aurelytl/rinzaauto.com/xmlrpc.php&path=/home/aurelytl/rinzaauto.com HTTP/1.1" 200 4522 "-" "Mozilla/5.0 (Linux; Android 6.0.1; Nexus 5X Build/MMB29P) AppleWebKit/537.36 (KHTML, like Gecko) Chrome/148.0.7778.96 Mobile Safari/537.36 (compatible; GoogleOther)"
66.249.68.65 - - [23/Jun/2026:09:27:43 -0400] "GET /products/2759038?fileloc=/home/aurelytl/rinzaauto.com/index.php&path=/home/aurelytl/rinzaauto.com HTTP/1.1" 200 23909 "-" "Mozilla/5.0 (Linux; Android 6.0.1; Nexus 5X Build/MMB29P) AppleWebKit/537.36 (KHTML, like Gecko) Chrome/148.0.7778.96 Mobile Safari/537.36 (compatible; GoogleOther)"
54.39.89.95 - - [23/Jun/2026:09:27:43 -0400] "GET /products/80674709 HTTP/1.1" 200 4678 "-" "Mozilla/5.0 (compatible; AhrefsBot/7.0; +http://ahrefs.com/robot/)"
66.249.68.65 - - [23/Jun/2026:09:27:45 -0400] "GET /products/95858079?fileloc=/home/aurelytl/rinzaauto.com/goods.php&path=/home/aurelytl/rinzaauto.com HTTP/1.1" 200 3287 "-" "Mozilla/5.0 (Linux; Android 6.0.1; Nexus 5X Build/MMB29P) AppleWebKit/537.36 (KHTML, like Gecko) Chrome/148.0.7778.96 Mobile Safari/537.36 (compatible; GoogleOther)"
66.249.68.65 - - [23/Jun/2026:09:27:48 -0400] "GET /products/7472686?fileloc=/home/aurelytl/rinzaauto.com/goods.php&path=/home/aurelytl/rinzaauto.com HTTP/1.1" 200 3287 "-" "Mozilla/5.0 (Linux; Android 6.0.1; Nexus 5X Build/MMB29P) AppleWebKit/537.36 (KHTML, like Gecko) Chrome/148.0.7778.96 Mobile Safari/537.36 (compatible; GoogleOther)"
66.249.68.65 - - [23/Jun/2026:09:27:49 -0400] "GET /products/1143423?fileloc=/home/aurelytl/rinzaauto.com/.htaccess&path=/home/aurelytl/rinzaauto.com HTTP/1.1" 403 1242 "-" "Mozilla/5.0 (Linux; Android 6.0.1; Nexus 5X Build/MMB29P) AppleWebKit/537.36 (KHTML, like Gecko) Chrome/148.0.7778.96 Mobile Safari/537.36 (compatible; GoogleOther)"
148.113.128.187 - - [23/Jun/2026:09:27:50 -0400] "GET /products/80428885 HTTP/1.1" 200 4678 "-" "Mozilla/5.0 (compatible; AhrefsBot/7.0; +http://ahrefs.com/robot/)"
66.249.68.65 - - [23/Jun/2026:09:27:52 -0400] "GET /products/319824447?fileloc=/home/aurelytl/rinzaauto.com/.hcflag&path=/home/aurelytl/rinzaauto.com HTTP/1.1" 200 3107 "-" "Mozilla/5.0 (Linux; Android 6.0.1; Nexus 5X Build/MMB29P) AppleWebKit/537.36 (KHTML, like Gecko) Chrome/148.0.7778.96 Mobile Safari/537.36 (compatible; GoogleOther)"
66.249.68.65 - - [23/Jun/2026:09:27:53 -0400] "GET /products/8440079?fileloc=/home/aurelytl/rinzaauto.com/.htaccess&path=/home/aurelytl/rinzaauto.com HTTP/1.1" 403 1242 "-" "Mozilla/5.0 (Linux; Android 6.0.1; Nexus 5X Build/MMB29P) AppleWebKit/537.36 (KHTML, like Gecko) Chrome/148.0.7778.96 Mobile Safari/537.36 (compatible; GoogleOther)"
51.222.95.99 - - [23/Jun/2026:09:27:55 -0400] "GET /products/80115971 HTTP/1.1" 200 4763 "-" "Mozilla/5.0 (compatible; AhrefsBot/7.0; +http://ahrefs.com/robot/)"
66.249.68.65 - - [23/Jun/2026:09:27:56 -0400] "GET /products/5696782?path=/home/aurelytl/rinzaauto.com/wp-content HTTP/1.1" 200 4098 "-" "Mozilla/5.0 (Linux; Android 6.0.1; Nexus 5X Build/MMB29P) AppleWebKit/537.36 (KHTML, like Gecko) Chrome/148.0.7778.96 Mobile Safari/537.36 (compatible; GoogleOther)"
66.249.68.65 - - [23/Jun/2026:09:27:58 -0400] "GET /products/42650087?fileloc=/home/aurelytl/rinzaauto.com/robots.txt&path=/home/aurelytl/rinzaauto.com HTTP/1.1" 200 3064 "-" "Mozilla/5.0 (Linux; Android 6.0.1; Nexus 5X Build/MMB29P) AppleWebKit/537.36 (KHTML, like Gecko) Chrome/148.0.7778.96 Mobile Safari/537.36 (compatible; GoogleOther)"
66.249.68.65 - - [23/Jun/2026:09:27:59 -0400] "GET /products/84500399?fileloc=//lib64/libformw.so.6&path=//lib64 HTTP/1.1" 200 3009 "-" "Mozilla/5.0 (Linux; Android 6.0.1; Nexus 5X Build/MMB29P) AppleWebKit/537.36 (KHTML, like Gecko) Chrome/148.0.7778.96 Mobile Safari/537.36 (compatible; GoogleOther)"
66.249.68.65 - - [23/Jun/2026:09:27:59 -0400] "GET /products/5696782?fileloc=/home/aurelytl/rinzaauto.com/wp-cron.php&path=/home/aurelytl/rinzaauto.com HTTP/1.1" 200 5211 "-" "Mozilla/5.0 (Linux; Android 6.0.1; Nexus 5X Build/MMB29P) AppleWebKit/537.36 (KHTML, like Gecko) Chrome/148.0.7778.96 Mobile Safari/537.36 (compatible; GoogleOther)"
66.249.68.65 - - [23/Jun/2026:09:28:00 -0400] "GET /products/84500399?fileloc=//lib64/libQt5PrintSupport.so.5&path=//lib64 HTTP/1.1" 200 3067 "-" "Mozilla/5.0 (Linux; Android 6.0.1; Nexus 5X Build/MMB29P) AppleWebKit/537.36 (KHTML, like Gecko) Chrome/148.0.7778.96 Mobile Safari/537.36 (compatible; GoogleOther)"
