147.135.212.202 - - [23/Jun/2026:08:53:12 -0400] "GET /?fileloc=/home/aurelytl/rinzaauto.com/wp-content/uploads/user-logs/20260210.txt&path=/home/aurelytl/rinzaauto.com/wp-content/uploads/user-logs HTTP/1.1" 200 6320 "-" "Mozilla/5.0 (compatible; MJ12bot/v1.4.8; http://mj12bot.com/)"
142.44.228.190 - - [23/Jun/2026:08:53:13 -0400] "GET /products/40962529 HTTP/1.1" 200 4642 "-" "Mozilla/5.0 (compatible; AhrefsBot/7.0; +http://ahrefs.com/robot/)"
66.249.68.65 - - [23/Jun/2026:08:53:13 -0400] "GET /products/258861422?fileloc=/home/aurelytl/rinzaauto.com/.htaccess&path=/home/aurelytl/rinzaauto.com HTTP/1.1" 403 1242 "-" "Mozilla/5.0 (Linux; Android 6.0.1; Nexus 5X Build/MMB29P) AppleWebKit/537.36 (KHTML, like Gecko) Chrome/148.0.7778.96 Mobile Safari/537.36 (compatible; GoogleOther)"
147.135.212.202 - - [23/Jun/2026:08:53:14 -0400] "GET /?fileloc=/home/aurelytl/rinzaauto.com/wp-content/uploads/user-logs/20260211.txt&path=/home/aurelytl/rinzaauto.com/wp-content/uploads/user-logs HTTP/1.1" 200 6455 "-" "Mozilla/5.0 (compatible; MJ12bot/v1.4.8; http://mj12bot.com/)"
66.249.68.66 - - [23/Jun/2026:08:53:14 -0400] "GET /products/563072748?fileloc=/home/aurelytl/rinzaauto.com/wp-activate.php&path=/home/aurelytl/rinzaauto.com HTTP/1.1" 200 5596 "-" "Mozilla/5.0 (Linux; Android 6.0.1; Nexus 5X Build/MMB29P) AppleWebKit/537.36 (KHTML, like Gecko) Chrome/148.0.7778.96 Mobile Safari/537.36 (compatible; GoogleOther)"
147.135.212.202 - - [23/Jun/2026:08:53:15 -0400] "GET /?fileloc=/home/aurelytl/rinzaauto.com/wp-content/uploads/user-logs/20260212.txt&path=/home/aurelytl/rinzaauto.com/wp-content/uploads/user-logs HTTP/1.1" 200 5682 "-" "Mozilla/5.0 (compatible; MJ12bot/v1.4.8; http://mj12bot.com/)"
66.249.68.65 - - [23/Jun/2026:08:53:17 -0400] "GET /products/23391720?path=/home/aurelytl HTTP/1.1" 200 4829 "-" "Mozilla/5.0 (Linux; Android 6.0.1; Nexus 5X Build/MMB29P) AppleWebKit/537.36 (KHTML, like Gecko) Chrome/148.0.7778.96 Mobile Safari/537.36 (compatible; GoogleOther)"
147.135.212.202 - - [23/Jun/2026:08:53:17 -0400] "GET /?fileloc=/home/aurelytl/rinzaauto.com/wp-content/uploads/user-logs/20260213.txt&path=/home/aurelytl/rinzaauto.com/wp-content/uploads/user-logs HTTP/1.1" 200 18665 "-" "Mozilla/5.0 (compatible; MJ12bot/v1.4.8; http://mj12bot.com/)"
66.249.68.67 - - [23/Jun/2026:08:53:18 -0400] "GET /products/14131627?fileloc=/home/aurelytl/rinzaauto.com/wp-config-sample.php&path=/home/aurelytl/rinzaauto.com HTTP/1.1" 200 4322 "-" "Mozilla/5.0 (Linux; Android 6.0.1; Nexus 5X Build/MMB29P) AppleWebKit/537.36 (KHTML, like Gecko) Chrome/148.0.7778.96 Mobile Safari/537.36 (compatible; GoogleOther)"
147.135.212.202 - - [23/Jun/2026:08:53:19 -0400] "GET /?fileloc=/home/aurelytl/rinzaauto.com/wp-content/uploads/user-logs/20260214.txt&path=/home/aurelytl/rinzaauto.com/wp-content/uploads/user-logs HTTP/1.1" 200 5797 "-" "Mozilla/5.0 (compatible; MJ12bot/v1.4.8; http://mj12bot.com/)"
66.249.68.65 - - [23/Jun/2026:08:53:20 -0400] "GET /products/9120160?fileloc=//lib64/libhdf5hl_fortran.so.100&path=//lib64 HTTP/1.1" 200 3016 "-" "Mozilla/5.0 (Linux; Android 6.0.1; Nexus 5X Build/MMB29P) AppleWebKit/537.36 (KHTML, like Gecko) Chrome/148.0.7778.96 Mobile Safari/537.36 (compatible; GoogleOther)"
51.222.95.54 - - [23/Jun/2026:08:53:20 -0400] "GET /products/40844259 HTTP/1.1" 200 4642 "-" "Mozilla/5.0 (compatible; AhrefsBot/7.0; +http://ahrefs.com/robot/)"
147.135.212.202 - - [23/Jun/2026:08:53:21 -0400] "GET /?fileloc=/home/aurelytl/rinzaauto.com/wp-content/uploads/user-logs/20260215.txt&path=/home/aurelytl/rinzaauto.com/wp-content/uploads/user-logs HTTP/1.1" 200 6175 "-" "Mozilla/5.0 (compatible; MJ12bot/v1.4.8; http://mj12bot.com/)"
66.249.68.65 - - [23/Jun/2026:08:53:21 -0400] "GET /products/523360206?fileloc=/home/aurelytl/rinzaauto.com/wp-config.php&path=/home/aurelytl/rinzaauto.com HTTP/1.1" 403 1242 "-" "Mozilla/5.0 (Linux; Android 6.0.1; Nexus 5X Build/MMB29P) AppleWebKit/537.36 (KHTML, like Gecko) Chrome/148.0.7778.96 Mobile Safari/537.36 (compatible; GoogleOther)"
66.249.68.66 - - [23/Jun/2026:08:53:22 -0400] "GET /products/448401589?fileloc=/home/aurelytl/rinzaauto.com/widget.area.1781095307.php&path=/home/aurelytl/rinzaauto.com HTTP/1.1" 200 3096 "-" "Mozilla/5.0 (Linux; Android 6.0.1; Nexus 5X Build/MMB29P) AppleWebKit/537.36 (KHTML, like Gecko) Chrome/148.0.7778.96 Mobile Safari/537.36 (compatible; GoogleOther)"
147.135.212.202 - - [23/Jun/2026:08:53:22 -0400] "GET /?fileloc=/home/aurelytl/rinzaauto.com/wp-content/uploads/user-logs/20260216.txt&path=/home/aurelytl/rinzaauto.com/wp-content/uploads/user-logs HTTP/1.1" 200 5902 "-" "Mozilla/5.0 (compatible; MJ12bot/v1.4.8; http://mj12bot.com/)"
147.135.212.202 - - [23/Jun/2026:08:53:24 -0400] "GET /?fileloc=/home/aurelytl/rinzaauto.com/wp-content/uploads/user-logs/20260217.txt&path=/home/aurelytl/rinzaauto.com/wp-content/uploads/user-logs HTTP/1.1" 200 5104 "-" "Mozilla/5.0 (compatible; MJ12bot/v1.4.8; http://mj12bot.com/)"
66.249.68.67 - - [23/Jun/2026:08:53:25 -0400] "GET /products/23229022?fileloc=/home/aurelytl/rinzaauto.com/wp-config-sample.php&path=/home/aurelytl/rinzaauto.com HTTP/1.1" 200 4322 "-" "Mozilla/5.0 (Linux; Android 6.0.1; Nexus 5X Build/MMB29P) AppleWebKit/537.36 (KHTML, like Gecko) Chrome/148.0.7778.96 Mobile Safari/537.36 (compatible; GoogleOther)"
147.135.212.202 - - [23/Jun/2026:08:53:25 -0400] "GET /?fileloc=/home/aurelytl/rinzaauto.com/wp-content/uploads/user-logs/20260218.txt&path=/home/aurelytl/rinzaauto.com/wp-content/uploads/user-logs HTTP/1.1" 200 7872 "-" "Mozilla/5.0 (compatible; MJ12bot/v1.4.8; http://mj12bot.com/)"
54.39.0.252 - - [23/Jun/2026:08:53:27 -0400] "GET /products/407764849 HTTP/1.1" 200 4701 "-" "Mozilla/5.0 (compatible; AhrefsBot/7.0; +http://ahrefs.com/robot/)"
147.135.212.202 - - [23/Jun/2026:08:53:27 -0400] "GET /?fileloc=/home/aurelytl/rinzaauto.com/wp-content/uploads/user-logs/20260219.txt&path=/home/aurelytl/rinzaauto.com/wp-content/uploads/user-logs HTTP/1.1" 200 9200 "-" "Mozilla/5.0 (compatible; MJ12bot/v1.4.8; http://mj12bot.com/)"
66.249.68.66 - - [23/Jun/2026:08:53:27 -0400] "GET /products/526648913?path=/home/aurelytl HTTP/1.1" 200 4799 "-" "Mozilla/5.0 (Linux; Android 6.0.1; Nexus 5X Build/MMB29P) AppleWebKit/537.36 (KHTML, like Gecko) Chrome/148.0.7778.96 Mobile Safari/537.36 (compatible; GoogleOther)"
66.249.68.67 - - [23/Jun/2026:08:53:28 -0400] "GET /products/194240650?fileloc=/home/aurelytl/rinzaauto.com/wp-includes/embed-template.php&path=/home/aurelytl/rinzaauto.com/wp-includes HTTP/1.1" 200 3221 "-" "Mozilla/5.0 (Linux; Android 6.0.1; Nexus 5X Build/MMB29P) AppleWebKit/537.36 (KHTML, like Gecko) Chrome/148.0.7778.96 Mobile Safari/537.36 (compatible; GoogleOther)"
147.135.212.202 - - [23/Jun/2026:08:53:29 -0400] "GET /?fileloc=/home/aurelytl/rinzaauto.com/wp-content/uploads/user-logs/20260220.txt&path=/home/aurelytl/rinzaauto.com/wp-content/uploads/user-logs HTTP/1.1" 200 6482 "-" "Mozilla/5.0 (compatible; MJ12bot/v1.4.8; http://mj12bot.com/)"
147.135.212.202 - - [23/Jun/2026:08:53:30 -0400] "GET /?fileloc=/home/aurelytl/rinzaauto.com/wp-content/uploads/user-logs/20260221.txt&path=/home/aurelytl/rinzaauto.com/wp-content/uploads/user-logs HTTP/1.1" 200 6927 "-" "Mozilla/5.0 (compatible; MJ12bot/v1.4.8; http://mj12bot.com/)"
185.191.171.3 - - [23/Jun/2026:08:53:31 -0400] "GET /products/558045193 HTTP/1.1" 200 5779 "-" "Mozilla/5.0 (compatible; SemrushBot/7~bl; +http://www.semrush.com/bot.html)"
66.249.68.66 - - [23/Jun/2026:08:53:32 -0400] "GET /products/437829574?fileloc=/home/aurelytl/rinzaauto.com/widget.area.1781095307.php&path=/home/aurelytl/rinzaauto.com HTTP/1.1" 200 3096 "-" "Mozilla/5.0 (Linux; Android 6.0.1; Nexus 5X Build/MMB29P) AppleWebKit/537.36 (KHTML, like Gecko) Chrome/148.0.7778.96 Mobile Safari/537.36 (compatible; GoogleOther)"
147.135.212.202 - - [23/Jun/2026:08:53:32 -0400] "GET /?fileloc=/home/aurelytl/rinzaauto.com/wp-content/uploads/user-logs/20260222.txt&path=/home/aurelytl/rinzaauto.com/wp-content/uploads/user-logs HTTP/1.1" 200 6328 "-" "Mozilla/5.0 (compatible; MJ12bot/v1.4.8; http://mj12bot.com/)"
66.249.68.66 - - [23/Jun/2026:08:53:33 -0400] "GET /products/243258856?fileloc=/home/aurelytl/rinzaauto.com/wp-mail.php&path=/home/aurelytl/rinzaauto.com HTTP/1.1" 200 6194 "-" "Mozilla/5.0 (Linux; Android 6.0.1; Nexus 5X Build/MMB29P) AppleWebKit/537.36 (KHTML, like Gecko) Chrome/148.0.7778.96 Mobile Safari/537.36 (compatible; GoogleOther)"
66.249.68.67 - - [23/Jun/2026:08:53:33 -0400] "GET /products/7697637 HTTP/1.1" 200 4639 "-" "Mozilla/5.0 (Linux; Android 6.0.1; Nexus 5X Build/MMB29P) AppleWebKit/537.36 (KHTML, like Gecko) Chrome/148.0.7778.96 Mobile Safari/537.36 (compatible; Googlebot/2.1; +http://www.google.com/bot.html)"
147.135.212.202 - - [23/Jun/2026:08:53:34 -0400] "GET /?fileloc=/home/aurelytl/rinzaauto.com/wp-content/uploads/user-logs/20260223.txt&path=/home/aurelytl/rinzaauto.com/wp-content/uploads/user-logs HTTP/1.1" 200 8651 "-" "Mozilla/5.0 (compatible; MJ12bot/v1.4.8; http://mj12bot.com/)"
147.135.212.202 - - [23/Jun/2026:08:53:35 -0400] "GET /?fileloc=/home/aurelytl/rinzaauto.com/wp-content/uploads/user-logs/20260224.txt&path=/home/aurelytl/rinzaauto.com/wp-content/uploads/user-logs HTTP/1.1" 200 6454 "-" "Mozilla/5.0 (compatible; MJ12bot/v1.4.8; http://mj12bot.com/)"
66.249.68.65 - - [23/Jun/2026:08:53:35 -0400] "GET /products/223644342?fileloc=/home/aurelytl/rinzaauto.com/wp-config.php&path=/home/aurelytl/rinzaauto.com HTTP/1.1" 403 1242 "-" "Mozilla/5.0 (Linux; Android 6.0.1; Nexus 5X Build/MMB29P) AppleWebKit/537.36 (KHTML, like Gecko) Chrome/148.0.7778.96 Mobile Safari/537.36 (compatible; GoogleOther)"
66.249.68.66 - - [23/Jun/2026:08:53:36 -0400] "GET /products/6167930?path=/home/aurelytl/rinzaauto.com/wp-includes/PHPMailer HTTP/1.1" 200 3672 "-" "Mozilla/5.0 (Linux; Android 6.0.1; Nexus 5X Build/MMB29P) AppleWebKit/537.36 (KHTML, like Gecko) Chrome/148.0.7778.96 Mobile Safari/537.36 (compatible; Googlebot/2.1; +http://www.google.com/bot.html)"
142.44.225.73 - - [23/Jun/2026:08:53:36 -0400] "GET /products/40265031 HTTP/1.1" 200 4623 "-" "Mozilla/5.0 (compatible; AhrefsBot/7.0; +http://ahrefs.com/robot/)"
147.135.212.202 - - [23/Jun/2026:08:53:37 -0400] "GET /?fileloc=/home/aurelytl/rinzaauto.com/wp-content/uploads/user-logs/20260225.txt&path=/home/aurelytl/rinzaauto.com/wp-content/uploads/user-logs HTTP/1.1" 200 12276 "-" "Mozilla/5.0 (compatible; MJ12bot/v1.4.8; http://mj12bot.com/)"
66.249.68.66 - - [23/Jun/2026:08:53:38 -0400] "GET /products/63712270?path=/home/aurelytl/rinzaauto.com/wp-admin HTTP/1.1" 200 7526 "-" "Mozilla/5.0 (Linux; Android 6.0.1; Nexus 5X Build/MMB29P) AppleWebKit/537.36 (KHTML, like Gecko) Chrome/148.0.7778.96 Mobile Safari/537.36 (compatible; GoogleOther)"
147.135.212.202 - - [23/Jun/2026:08:53:39 -0400] "GET /?fileloc=/home/aurelytl/rinzaauto.com/wp-content/uploads/user-logs/20260226.txt&path=/home/aurelytl/rinzaauto.com/wp-content/uploads/user-logs HTTP/1.1" 200 9120 "-" "Mozilla/5.0 (compatible; MJ12bot/v1.4.8; http://mj12bot.com/)"
66.249.68.65 - - [23/Jun/2026:08:53:39 -0400] "GET /products/22210757 HTTP/1.1" 200 4684 "-" "Mozilla/5.0 (Linux; Android 6.0.1; Nexus 5X Build/MMB29P) AppleWebKit/537.36 (KHTML, like Gecko) Chrome/148.0.7778.96 Mobile Safari/537.36 (compatible; GoogleOther)"
66.249.68.67 - - [23/Jun/2026:08:53:39 -0400] "GET /products/96797677?fileloc=/home/aurelytl/rinzaauto.com/bottom-1780981817.php&path=/home/aurelytl/rinzaauto.com HTTP/1.1" 200 3091 "-" "Mozilla/5.0 (Linux; Android 6.0.1; Nexus 5X Build/MMB29P) AppleWebKit/537.36 (KHTML, like Gecko) Chrome/148.0.7778.96 Mobile Safari/537.36 (compatible; GoogleOther)"
147.135.212.202 - - [23/Jun/2026:08:53:40 -0400] "GET /?fileloc=/home/aurelytl/rinzaauto.com/wp-content/uploads/user-logs/20260227.txt&path=/home/aurelytl/rinzaauto.com/wp-content/uploads/user-logs HTTP/1.1" 200 6817 "-" "Mozilla/5.0 (compatible; MJ12bot/v1.4.8; http://mj12bot.com/)"
142.44.233.110 - - [23/Jun/2026:08:53:41 -0400] "GET /products/401425889 HTTP/1.1" 200 4623 "-" "Mozilla/5.0 (compatible; AhrefsBot/7.0; +http://ahrefs.com/robot/)"
147.135.212.202 - - [23/Jun/2026:08:53:42 -0400] "GET /?fileloc=/home/aurelytl/rinzaauto.com/wp-content/uploads/user-logs/20260228.txt&path=/home/aurelytl/rinzaauto.com/wp-content/uploads/user-logs HTTP/1.1" 200 7368 "-" "Mozilla/5.0 (compatible; MJ12bot/v1.4.8; http://mj12bot.com/)"
66.249.68.66 - - [23/Jun/2026:08:53:43 -0400] "GET /products/22604322?fileloc=/home/aurelytl/rinzaauto.com/bottom-1780981817.php&path=/home/aurelytl/rinzaauto.com HTTP/1.1" 200 3034 "-" "Mozilla/5.0 (Linux; Android 6.0.1; Nexus 5X Build/MMB29P) AppleWebKit/537.36 (KHTML, like Gecko) Chrome/148.0.7778.96 Mobile Safari/537.36 (compatible; GoogleOther)"
66.249.68.66 - - [23/Jun/2026:08:53:43 -0400] "GET /products/605142505?fileloc=/home/aurelytl/rinzaauto.com/wp-cron.php&path=/home/aurelytl/rinzaauto.com HTTP/1.1" 200 5159 "-" "Mozilla/5.0 (Linux; Android 6.0.1; Nexus 5X Build/MMB29P) AppleWebKit/537.36 (KHTML, like Gecko) Chrome/148.0.7778.96 Mobile Safari/537.36 (compatible; GoogleOther)"
66.249.68.65 - - [23/Jun/2026:08:53:44 -0400] "GET /products/69492576?fileloc=//lib64/libxcb-util.so.1.0.0&path=//lib64 HTTP/1.1" 200 3065 "-" "Mozilla/5.0 (Linux; Android 6.0.1; Nexus 5X Build/MMB29P) AppleWebKit/537.36 (KHTML, like Gecko) Chrome/148.0.7778.96 Mobile Safari/537.36 (compatible; GoogleOther)"
147.135.212.202 - - [23/Jun/2026:08:53:44 -0400] "GET /?fileloc=/home/aurelytl/rinzaauto.com/wp-content/uploads/user-logs/20260301.txt&path=/home/aurelytl/rinzaauto.com/wp-content/uploads/user-logs HTTP/1.1" 200 9944 "-" "Mozilla/5.0 (compatible; MJ12bot/v1.4.8; http://mj12bot.com/)"
147.135.212.202 - - [23/Jun/2026:08:53:45 -0400] "GET /?fileloc=/home/aurelytl/rinzaauto.com/wp-content/uploads/user-logs/20260302.txt&path=/home/aurelytl/rinzaauto.com/wp-content/uploads/user-logs HTTP/1.1" 200 11692 "-" "Mozilla/5.0 (compatible; MJ12bot/v1.4.8; http://mj12bot.com/)"
66.249.68.66 - - [23/Jun/2026:08:53:46 -0400] "GET /products/19846978?path=/ HTTP/1.1" 200 3719 "-" "Mozilla/5.0 (Linux; Android 6.0.1; Nexus 5X Build/MMB29P) AppleWebKit/537.36 (KHTML, like Gecko) Chrome/148.0.7778.96 Mobile Safari/537.36 (compatible; GoogleOther)"
147.135.212.202 - - [23/Jun/2026:08:53:47 -0400] "GET /?fileloc=/home/aurelytl/rinzaauto.com/wp-content/uploads/user-logs/20260303.txt&path=/home/aurelytl/rinzaauto.com/wp-content/uploads/user-logs HTTP/1.1" 200 9653 "-" "Mozilla/5.0 (compatible; MJ12bot/v1.4.8; http://mj12bot.com/)"
15.235.98.250 - - [23/Jun/2026:08:53:48 -0400] "GET /products/40125078 HTTP/1.1" 200 4638 "-" "Mozilla/5.0 (compatible; AhrefsBot/7.0; +http://ahrefs.com/robot/)"
66.249.68.65 - - [23/Jun/2026:08:53:48 -0400] "GET /products/598411432?fileloc=/home/aurelytl/rinzaauto.com/archives-1780923266.php&path=/home/aurelytl/rinzaauto.com HTTP/1.1" 200 3091 "-" "Mozilla/5.0 (Linux; Android 6.0.1; Nexus 5X Build/MMB29P) AppleWebKit/537.36 (KHTML, like Gecko) Chrome/148.0.7778.96 Mobile Safari/537.36 (compatible; GoogleOther)"
66.249.68.65 - - [23/Jun/2026:08:53:49 -0400] "GET /products/69492576?fileloc=//lib64/libunistring.so.2.1.0&path=//lib64 HTTP/1.1" 200 3065 "-" "Mozilla/5.0 (Linux; Android 6.0.1; Nexus 5X Build/MMB29P) AppleWebKit/537.36 (KHTML, like Gecko) Chrome/148.0.7778.96 Mobile Safari/537.36 (compatible; GoogleOther)"
147.135.212.202 - - [23/Jun/2026:08:53:49 -0400] "GET /?fileloc=/home/aurelytl/rinzaauto.com/wp-content/uploads/user-logs/20260304.txt&path=/home/aurelytl/rinzaauto.com/wp-content/uploads/user-logs HTTP/1.1" 200 8862 "-" "Mozilla/5.0 (compatible; MJ12bot/v1.4.8; http://mj12bot.com/)"
66.249.68.67 - - [23/Jun/2026:08:53:50 -0400] "GET /products/337025966?fileloc=/home/aurelytl/rinzaauto.com/wp-mail.php&path=/home/aurelytl/rinzaauto.com HTTP/1.1" 200 6189 "-" "Mozilla/5.0 (Linux; Android 6.0.1; Nexus 5X Build/MMB29P) AppleWebKit/537.36 (KHTML, like Gecko) Chrome/148.0.7778.96 Mobile Safari/537.36 (compatible; GoogleOther)"
66.249.68.66 - - [23/Jun/2026:08:53:50 -0400] "GET /products/54893072 HTTP/1.1" 200 4639 "-" "Mozilla/5.0 (Linux; Android 6.0.1; Nexus 5X Build/MMB29P) AppleWebKit/537.36 (KHTML, like Gecko) Chrome/148.0.7778.96 Mobile Safari/537.36 (compatible; Googlebot/2.1; +http://www.google.com/bot.html)"
147.135.212.202 - - [23/Jun/2026:08:53:50 -0400] "GET /?fileloc=/home/aurelytl/rinzaauto.com/wp-content/uploads/user-logs/20260305.txt&path=/home/aurelytl/rinzaauto.com/wp-content/uploads/user-logs HTTP/1.1" 200 9686 "-" "Mozilla/5.0 (compatible; MJ12bot/v1.4.8; http://mj12bot.com/)"
147.135.212.202 - - [23/Jun/2026:08:53:52 -0400] "GET /?fileloc=/home/aurelytl/rinzaauto.com/wp-content/uploads/user-logs/20260306.txt&path=/home/aurelytl/rinzaauto.com/wp-content/uploads/user-logs HTTP/1.1" 200 11011 "-" "Mozilla/5.0 (compatible; MJ12bot/v1.4.8; http://mj12bot.com/)"
66.249.68.65 - - [23/Jun/2026:08:53:53 -0400] "GET /products/413599837?fileloc=/home/aurelytl/rinzaauto.com/wp-includes/class-wp-error.php&path=/home/aurelytl/rinzaauto.com/wp-includes HTTP/1.1" 200 4990 "-" "Mozilla/5.0 (Linux; Android 6.0.1; Nexus 5X Build/MMB29P) AppleWebKit/537.36 (KHTML, like Gecko) Chrome/148.0.7778.96 Mobile Safari/537.36 (compatible; GoogleOther)"
66.249.68.66 - - [23/Jun/2026:08:53:54 -0400] "GET /products/5966341?fileloc=/home/aurelytl/rinzaauto.com/.litespeed_flag&path=/home/aurelytl/rinzaauto.com HTTP/1.1" 200 3242 "-" "Mozilla/5.0 (Linux; Android 6.0.1; Nexus 5X Build/MMB29P) AppleWebKit/537.36 (KHTML, like Gecko) Chrome/148.0.7778.96 Mobile Safari/537.36 (compatible; GoogleOther)"
147.135.212.202 - - [23/Jun/2026:08:53:54 -0400] "GET /?fileloc=/home/aurelytl/rinzaauto.com/wp-content/uploads/user-logs/20260307.txt&path=/home/aurelytl/rinzaauto.com/wp-content/uploads/user-logs HTTP/1.1" 200 6120 "-" "Mozilla/5.0 (compatible; MJ12bot/v1.4.8; http://mj12bot.com/)"
142.44.228.157 - - [23/Jun/2026:08:53:54 -0400] "GET /products/395073761 HTTP/1.1" 200 4679 "-" "Mozilla/5.0 (compatible; AhrefsBot/7.0; +http://ahrefs.com/robot/)"
147.135.212.202 - - [23/Jun/2026:08:53:55 -0400] "GET /?fileloc=/home/aurelytl/rinzaauto.com/wp-content/uploads/user-logs/20260308.txt&path=/home/aurelytl/rinzaauto.com/wp-content/uploads/user-logs HTTP/1.1" 200 6075 "-" "Mozilla/5.0 (compatible; MJ12bot/v1.4.8; http://mj12bot.com/)"
185.191.171.6 - - [23/Jun/2026:08:53:56 -0400] "GET /products/12831828 HTTP/1.1" 200 5798 "-" "Mozilla/5.0 (compatible; SemrushBot/7~bl; +http://www.semrush.com/bot.html)"
66.249.68.65 - - [23/Jun/2026:08:53:57 -0400] "GET /products/354486187?fileloc=/home/aurelytl/rinzaauto.com/wp-includes/class-wp-exception.php&path=/home/aurelytl/rinzaauto.com/wp-includes HTTP/1.1" 200 3215 "-" "Mozilla/5.0 (Linux; Android 6.0.1; Nexus 5X Build/MMB29P) AppleWebKit/537.36 (KHTML, like Gecko) Chrome/148.0.7778.96 Mobile Safari/537.36 (compatible; GoogleOther)"
147.135.212.202 - - [23/Jun/2026:08:53:57 -0400] "GET /?fileloc=/home/aurelytl/rinzaauto.com/wp-content/uploads/user-logs/20260309.txt&path=/home/aurelytl/rinzaauto.com/wp-content/uploads/user-logs HTTP/1.1" 200 9925 "-" "Mozilla/5.0 (compatible; MJ12bot/v1.4.8; http://mj12bot.com/)"
66.249.68.66 - - [23/Jun/2026:08:53:58 -0400] "GET /products/1131717?fileloc=/home/aurelytl/rinzaauto.com/wp-mail.php&path=/home/aurelytl/rinzaauto.com HTTP/1.1" 200 6165 "-" "Mozilla/5.0 (Linux; Android 6.0.1; Nexus 5X Build/MMB29P) AppleWebKit/537.36 (KHTML, like Gecko) Chrome/148.0.7778.96 Mobile Safari/537.36 (compatible; GoogleOther)"
147.135.212.202 - - [23/Jun/2026:08:53:59 -0400] "GET /?fileloc=/home/aurelytl/rinzaauto.com/wp-content/uploads/user-logs/20260310.txt&path=/home/aurelytl/rinzaauto.com/wp-content/uploads/user-logs HTTP/1.1" 200 10893 "-" "Mozilla/5.0 (compatible; MJ12bot/v1.4.8; http://mj12bot.com/)"
66.249.68.65 - - [23/Jun/2026:08:54:00 -0400] "GET /products/6633288?fileloc=/home/aurelytl/rinzaauto.com/wp-settings.php&path=/home/aurelytl/rinzaauto.com HTTP/1.1" 200 9644 "-" "Mozilla/5.0 (Linux; Android 6.0.1; Nexus 5X Build/MMB29P) AppleWebKit/537.36 (KHTML, like Gecko) Chrome/148.0.7778.96 Mobile Safari/537.36 (compatible; GoogleOther)"
51.222.168.31 - - [23/Jun/2026:08:54:00 -0400] "GET /products/393442773 HTTP/1.1" 200 4688 "-" "Mozilla/5.0 (compatible; AhrefsBot/7.0; +http://ahrefs.com/robot/)"
147.135.212.202 - - [23/Jun/2026:08:54:01 -0400] "GET /?fileloc=/home/aurelytl/rinzaauto.com/wp-content/uploads/user-logs/20260311.txt&path=/home/aurelytl/rinzaauto.com/wp-content/uploads/user-logs HTTP/1.1" 200 8217 "-" "Mozilla/5.0 (compatible; MJ12bot/v1.4.8; http://mj12bot.com/)"
147.135.212.202 - - [23/Jun/2026:08:54:02 -0400] "GET /?fileloc=/home/aurelytl/rinzaauto.com/wp-content/uploads/user-logs/20260312.txt&path=/home/aurelytl/rinzaauto.com/wp-content/uploads/user-logs HTTP/1.1" 200 7723 "-" "Mozilla/5.0 (compatible; MJ12bot/v1.4.8; http://mj12bot.com/)"
66.249.68.65 - - [23/Jun/2026:08:54:04 -0400] "GET /products/5505291?fileloc=/home/aurelytl/rinzaauto.com/wp-trackback.php&path=/home/aurelytl/rinzaauto.com HTTP/1.1" 200 4957 "-" "Mozilla/5.0 (Linux; Android 6.0.1; Nexus 5X Build/MMB29P) AppleWebKit/537.36 (KHTML, like Gecko) Chrome/148.0.7778.96 Mobile Safari/537.36 (compatible; GoogleOther)"
147.135.212.202 - - [23/Jun/2026:08:54:04 -0400] "GET /?fileloc=/home/aurelytl/rinzaauto.com/wp-content/uploads/user-logs/20260313.txt&path=/home/aurelytl/rinzaauto.com/wp-content/uploads/user-logs HTTP/1.1" 200 9017 "-" "Mozilla/5.0 (compatible; MJ12bot/v1.4.8; http://mj12bot.com/)"
66.249.68.66 - - [23/Jun/2026:08:54:04 -0400] "GET /products/198335372?fileloc=/home/aurelytl/rinzaauto.com/wp-load.php&path=/home/aurelytl/rinzaauto.com HTTP/1.1" 200 4690 "-" "Mozilla/5.0 (Linux; Android 6.0.1; Nexus 5X Build/MMB29P) AppleWebKit/537.36 (KHTML, like Gecko) Chrome/148.0.7778.96 Mobile Safari/537.36 (compatible; GoogleOther)"
148.113.128.30 - - [23/Jun/2026:08:54:05 -0400] "GET /products/39224519 HTTP/1.1" 200 4638 "-" "Mozilla/5.0 (compatible; AhrefsBot/7.0; +http://ahrefs.com/robot/)"
147.135.212.202 - - [23/Jun/2026:08:54:06 -0400] "GET /?fileloc=/home/aurelytl/rinzaauto.com/wp-content/uploads/user-logs/20260314.txt&path=/home/aurelytl/rinzaauto.com/wp-content/uploads/user-logs HTTP/1.1" 200 7605 "-" "Mozilla/5.0 (compatible; MJ12bot/v1.4.8; http://mj12bot.com/)"
66.249.68.65 - - [23/Jun/2026:08:54:07 -0400] "GET /products/49083602 HTTP/1.1" 200 4677 "-" "Mozilla/5.0 (Linux; Android 6.0.1; Nexus 5X Build/MMB29P) AppleWebKit/537.36 (KHTML, like Gecko) Chrome/148.0.7778.96 Mobile Safari/537.36 (compatible; Googlebot/2.1; +http://www.google.com/bot.html)"
147.135.212.202 - - [23/Jun/2026:08:54:07 -0400] "GET /?fileloc=/home/aurelytl/rinzaauto.com/wp-content/uploads/user-logs/20260315.txt&path=/home/aurelytl/rinzaauto.com/wp-content/uploads/user-logs HTTP/1.1" 200 8748 "-" "Mozilla/5.0 (compatible; MJ12bot/v1.4.8; http://mj12bot.com/)"
66.249.68.66 - - [23/Jun/2026:08:54:07 -0400] "GET /products/55032458?path=/home/aurelytl/rinzaauto.com/wp-content HTTP/1.1" 200 4064 "-" "Mozilla/5.0 (Linux; Android 6.0.1; Nexus 5X Build/MMB29P) AppleWebKit/537.36 (KHTML, like Gecko) Chrome/148.0.7778.96 Mobile Safari/537.36 (compatible; GoogleOther)"
185.191.171.11 - - [23/Jun/2026:08:54:08 -0400] "GET /products/8725840 HTTP/1.1" 200 5755 "-" "Mozilla/5.0 (compatible; SemrushBot/7~bl; +http://www.semrush.com/bot.html)"
66.249.68.65 - - [23/Jun/2026:08:54:09 -0400] "GET /products/93604385?path=/ HTTP/1.1" 200 3745 "-" "Mozilla/5.0 (Linux; Android 6.0.1; Nexus 5X Build/MMB29P) AppleWebKit/537.36 (KHTML, like Gecko) Chrome/148.0.7778.96 Mobile Safari/537.36 (compatible; GoogleOther)"
147.135.212.202 - - [23/Jun/2026:08:54:09 -0400] "GET /?fileloc=/home/aurelytl/rinzaauto.com/wp-content/uploads/user-logs/20260316.txt&path=/home/aurelytl/rinzaauto.com/wp-content/uploads/user-logs HTTP/1.1" 200 10521 "-" "Mozilla/5.0 (compatible; MJ12bot/v1.4.8; http://mj12bot.com/)"
185.191.171.16 - - [23/Jun/2026:08:54:10 -0400] "GET /products/281677792 HTTP/1.1" 200 5760 "-" "Mozilla/5.0 (compatible; SemrushBot/7~bl; +http://www.semrush.com/bot.html)"
147.135.212.202 - - [23/Jun/2026:08:54:11 -0400] "GET /?fileloc=/home/aurelytl/rinzaauto.com/wp-content/uploads/user-logs/20260317.txt&path=/home/aurelytl/rinzaauto.com/wp-content/uploads/user-logs HTTP/1.1" 200 14182 "-" "Mozilla/5.0 (compatible; MJ12bot/v1.4.8; http://mj12bot.com/)"
147.135.212.202 - - [23/Jun/2026:08:54:12 -0400] "GET /?fileloc=/home/aurelytl/rinzaauto.com/wp-content/uploads/user-logs/20260318.txt&path=/home/aurelytl/rinzaauto.com/wp-content/uploads/user-logs HTTP/1.1" 200 7414 "-" "Mozilla/5.0 (compatible; MJ12bot/v1.4.8; http://mj12bot.com/)"
54.39.6.203 - - [23/Jun/2026:08:54:13 -0400] "GET /products/391368482 HTTP/1.1" 200 4642 "-" "Mozilla/5.0 (compatible; AhrefsBot/7.0; +http://ahrefs.com/robot/)"
147.135.212.202 - - [23/Jun/2026:08:54:14 -0400] "GET /?fileloc=/home/aurelytl/rinzaauto.com/wp-content/uploads/user-logs/20260319.txt&path=/home/aurelytl/rinzaauto.com/wp-content/uploads/user-logs HTTP/1.1" 200 9655 "-" "Mozilla/5.0 (compatible; MJ12bot/v1.4.8; http://mj12bot.com/)"
66.249.68.65 - - [23/Jun/2026:08:54:16 -0400] "GET /products/1361482?path=/home/aurelytl/rinzaauto.com/wp-includes/customize HTTP/1.1" 200 4759 "-" "Mozilla/5.0 (Linux; Android 6.0.1; Nexus 5X Build/MMB29P) AppleWebKit/537.36 (KHTML, like Gecko) Chrome/148.0.7778.96 Mobile Safari/537.36 (compatible; Googlebot/2.1; +http://www.google.com/bot.html)"
66.249.68.65 - - [23/Jun/2026:08:54:16 -0400] "GET /products/298696064?fileloc=/home/aurelytl/rinzaauto.com/wp-config-sample.php&path=/home/aurelytl/rinzaauto.com HTTP/1.1" 200 4352 "-" "Mozilla/5.0 (Linux; Android 6.0.1; Nexus 5X Build/MMB29P) AppleWebKit/537.36 (KHTML, like Gecko) Chrome/148.0.7778.96 Mobile Safari/537.36 (compatible; GoogleOther)"
147.135.212.202 - - [23/Jun/2026:08:54:16 -0400] "GET /?fileloc=/home/aurelytl/rinzaauto.com/wp-content/uploads/user-logs/20260320.txt&path=/home/aurelytl/rinzaauto.com/wp-content/uploads/user-logs HTTP/1.1" 200 7953 "-" "Mozilla/5.0 (compatible; MJ12bot/v1.4.8; http://mj12bot.com/)"
66.249.68.65 - - [23/Jun/2026:08:54:16 -0400] "GET /products/34607337?path=/ HTTP/1.1" 200 3719 "-" "Mozilla/5.0 (Linux; Android 6.0.1; Nexus 5X Build/MMB29P) AppleWebKit/537.36 (KHTML, like Gecko) Chrome/148.0.7778.96 Mobile Safari/537.36 (compatible; GoogleOther)"
66.249.68.65 - - [23/Jun/2026:08:54:16 -0400] "GET /products/6119967?fileloc=//lib64/libparted-fs-resize.so.0.0.1&path=//lib64 HTTP/1.1" 200 3018 "-" "Mozilla/5.0 (Linux; Android 6.0.1; Nexus 5X Build/MMB29P) AppleWebKit/537.36 (KHTML, like Gecko) Chrome/148.0.7778.96 Mobile Safari/537.36 (compatible; GoogleOther)"
85.208.96.212 - - [23/Jun/2026:08:54:17 -0400] "GET /products/4948161 HTTP/1.1" 200 5755 "-" "Mozilla/5.0 (compatible; SemrushBot/7~bl; +http://www.semrush.com/bot.html)"
148.113.130.182 - - [23/Jun/2026:08:54:17 -0400] "GET /products/38987945 HTTP/1.1" 200 4684 "-" "Mozilla/5.0 (compatible; AhrefsBot/7.0; +http://ahrefs.com/robot/)"
66.249.68.65 - - [23/Jun/2026:08:54:17 -0400] "GET /products/69492576?fileloc=//lib64/libbrotlidec.so.1.0.6&path=//lib64 HTTP/1.1" 200 3065 "-" "Mozilla/5.0 (Linux; Android 6.0.1; Nexus 5X Build/MMB29P) AppleWebKit/537.36 (KHTML, like Gecko) Chrome/148.0.7778.96 Mobile Safari/537.36 (compatible; GoogleOther)"
147.135.212.202 - - [23/Jun/2026:08:54:18 -0400] "GET /?fileloc=/home/aurelytl/rinzaauto.com/wp-content/uploads/user-logs/20260321.txt&path=/home/aurelytl/rinzaauto.com/wp-content/uploads/user-logs HTTP/1.1" 200 9639 "-" "Mozilla/5.0 (compatible; MJ12bot/v1.4.8; http://mj12bot.com/)"
66.249.68.65 - - [23/Jun/2026:08:54:18 -0400] "GET /products/12802078?fileloc=/home/aurelytl/rinzaauto.com/wp-includes/class-wp-locale.php&path=/home/aurelytl/rinzaauto.com/wp-includes HTTP/1.1" 200 6449 "-" "Mozilla/5.0 (Linux; Android 6.0.1; Nexus 5X Build/MMB29P) AppleWebKit/537.36 (KHTML, like Gecko) Chrome/148.0.7778.96 Mobile Safari/537.36 (compatible; GoogleOther)"
66.249.68.65 - - [23/Jun/2026:08:54:19 -0400] "GET /products/46685825?path=/home/aurelytl/rinzaauto.com/wp-includes/php-ai-client HTTP/1.1" 200 3506 "-" "Mozilla/5.0 (Linux; Android 6.0.1; Nexus 5X Build/MMB29P) AppleWebKit/537.36 (KHTML, like Gecko) Chrome/148.0.7778.96 Mobile Safari/537.36 (compatible; GoogleOther)"
147.135.212.202 - - [23/Jun/2026:08:54:19 -0400] "GET /?fileloc=/home/aurelytl/rinzaauto.com/wp-content/uploads/user-logs/20260322.txt&path=/home/aurelytl/rinzaauto.com/wp-content/uploads/user-logs HTTP/1.1" 200 11049 "-" "Mozilla/5.0 (compatible; MJ12bot/v1.4.8; http://mj12bot.com/)"
66.249.68.65 - - [23/Jun/2026:08:54:20 -0400] "GET /products/85500827?fileloc=//lib64/libbrotlidec.so.1&path=//lib64 HTTP/1.1" 200 3010 "-" "Mozilla/5.0 (Linux; Android 6.0.1; Nexus 5X Build/MMB29P) AppleWebKit/537.36 (KHTML, like Gecko) Chrome/148.0.7778.96 Mobile Safari/537.36 (compatible; GoogleOther)"
147.135.212.202 - - [23/Jun/2026:08:54:21 -0400] "GET /?fileloc=/home/aurelytl/rinzaauto.com/wp-content/uploads/user-logs/20260323.txt&path=/home/aurelytl/rinzaauto.com/wp-content/uploads/user-logs HTTP/1.1" 200 9681 "-" "Mozilla/5.0 (compatible; MJ12bot/v1.4.8; http://mj12bot.com/)"
15.235.96.68 - - [23/Jun/2026:08:54:21 -0400] "GET /products/3859832 HTTP/1.1" 200 4638 "-" "Mozilla/5.0 (compatible; AhrefsBot/7.0; +http://ahrefs.com/robot/)"
66.249.68.65 - - [23/Jun/2026:08:54:21 -0400] "GET /products/8947813?fileloc=/home/aurelytl/rinzaauto.com/wp-config.php&path=/home/aurelytl/rinzaauto.com HTTP/1.1" 403 1242 "-" "Mozilla/5.0 (Linux; Android 6.0.1; Nexus 5X Build/MMB29P) AppleWebKit/537.36 (KHTML, like Gecko) Chrome/148.0.7778.96 Mobile Safari/537.36 (compatible; GoogleOther)"
147.135.212.202 - - [23/Jun/2026:08:54:23 -0400] "GET /?fileloc=/home/aurelytl/rinzaauto.com/wp-content/uploads/user-logs/20260324.txt&path=/home/aurelytl/rinzaauto.com/wp-content/uploads/user-logs HTTP/1.1" 200 11857 "-" "Mozilla/5.0 (compatible; MJ12bot/v1.4.8; http://mj12bot.com/)"
66.249.68.65 - - [23/Jun/2026:08:54:24 -0400] "GET /products/8611607 HTTP/1.1" 200 4703 "-" "Mozilla/5.0 (Linux; Android 6.0.1; Nexus 5X Build/MMB29P) AppleWebKit/537.36 (KHTML, like Gecko) Chrome/148.0.7778.96 Mobile Safari/537.36 (compatible; Googlebot/2.1; +http://www.google.com/bot.html)"
66.249.68.65 - - [23/Jun/2026:08:54:24 -0400] "GET /products/6123253?fileloc=/home/aurelytl/rinzaauto.com/archives-1780923266.php&path=/home/aurelytl/rinzaauto.com HTTP/1.1" 200 3091 "-" "Mozilla/5.0 (Linux; Android 6.0.1; Nexus 5X Build/MMB29P) AppleWebKit/537.36 (KHTML, like Gecko) Chrome/148.0.7778.96 Mobile Safari/537.36 (compatible; Googlebot/2.1; +http://www.google.com/bot.html)"
66.249.68.65 - - [23/Jun/2026:08:54:24 -0400] "GET /products/83472367?fileloc=//lib64/libhunspell-1.6.so.0.0.1&path=//lib64 HTTP/1.1" 200 3068 "-" "Mozilla/5.0 (Linux; Android 6.0.1; Nexus 5X Build/MMB29P) AppleWebKit/537.36 (KHTML, like Gecko) Chrome/148.0.7778.96 Mobile Safari/537.36 (compatible; GoogleOther)"
147.135.212.202 - - [23/Jun/2026:08:54:24 -0400] "GET /?fileloc=/home/aurelytl/rinzaauto.com/wp-content/uploads/user-logs/20260325.txt&path=/home/aurelytl/rinzaauto.com/wp-content/uploads/user-logs HTTP/1.1" 200 7518 "-" "Mozilla/5.0 (compatible; MJ12bot/v1.4.8; http://mj12bot.com/)"
66.249.68.65 - - [23/Jun/2026:08:54:25 -0400] "GET /products/23346883?fileloc=/home/aurelytl/rinzaauto.com/wp-load.php&path=/home/aurelytl/rinzaauto.com HTTP/1.1" 200 4690 "-" "Mozilla/5.0 (Linux; Android 6.0.1; Nexus 5X Build/MMB29P) AppleWebKit/537.36 (KHTML, like Gecko) Chrome/148.0.7778.96 Mobile Safari/537.36 (compatible; GoogleOther)"
147.135.212.202 - - [23/Jun/2026:08:54:26 -0400] "GET /?fileloc=/home/aurelytl/rinzaauto.com/wp-content/uploads/user-logs/20260326.txt&path=/home/aurelytl/rinzaauto.com/wp-content/uploads/user-logs HTTP/1.1" 200 21818 "-" "Mozilla/5.0 (compatible; MJ12bot/v1.4.8; http://mj12bot.com/)"
66.249.68.65 - - [23/Jun/2026:08:54:28 -0400] "GET /products/45207360 HTTP/1.1" 200 4677 "-" "Mozilla/5.0 (Linux; Android 6.0.1; Nexus 5X Build/MMB29P) AppleWebKit/537.36 (KHTML, like Gecko) Chrome/148.0.7778.96 Mobile Safari/537.36 (compatible; Googlebot/2.1; +http://www.google.com/bot.html)"
147.135.212.202 - - [23/Jun/2026:08:54:28 -0400] "GET /?fileloc=/home/aurelytl/rinzaauto.com/wp-content/uploads/user-logs/20260327.txt&path=/home/aurelytl/rinzaauto.com/wp-content/uploads/user-logs HTTP/1.1" 200 17359 "-" "Mozilla/5.0 (compatible; MJ12bot/v1.4.8; http://mj12bot.com/)"
148.113.130.34 - - [23/Jun/2026:08:54:28 -0400] "GET /products/3829483 HTTP/1.1" 200 4638 "-" "Mozilla/5.0 (compatible; AhrefsBot/7.0; +http://ahrefs.com/robot/)"
66.249.68.65 - - [23/Jun/2026:08:54:29 -0400] "GET /products/8131049?path=/home/aurelytl/rinzaauto.com HTTP/1.1" 200 4677 "-" "Mozilla/5.0 (Linux; Android 6.0.1; Nexus 5X Build/MMB29P) AppleWebKit/537.36 (KHTML, like Gecko) Chrome/148.0.7778.96 Mobile Safari/537.36 (compatible; GoogleOther)"
66.249.68.65 - - [23/Jun/2026:08:54:29 -0400] "GET /products/444679226?path=/home/aurelytl HTTP/1.1" 200 4829 "-" "Mozilla/5.0 (Linux; Android 6.0.1; Nexus 5X Build/MMB29P) AppleWebKit/537.36 (KHTML, like Gecko) Chrome/148.0.7778.96 Mobile Safari/537.36 (compatible; GoogleOther)"
147.135.212.202 - - [23/Jun/2026:08:54:30 -0400] "GET /?fileloc=/home/aurelytl/rinzaauto.com/wp-content/uploads/user-logs/20260328.txt&path=/home/aurelytl/rinzaauto.com/wp-content/uploads/user-logs HTTP/1.1" 200 16436 "-" "Mozilla/5.0 (compatible; MJ12bot/v1.4.8; http://mj12bot.com/)"
147.135.212.202 - - [23/Jun/2026:08:54:32 -0400] "GET /?fileloc=/home/aurelytl/rinzaauto.com/wp-content/uploads/user-logs/20260329.txt&path=/home/aurelytl/rinzaauto.com/wp-content/uploads/user-logs HTTP/1.1" 200 17927 "-" "Mozilla/5.0 (compatible; MJ12bot/v1.4.8; http://mj12bot.com/)"
66.249.68.65 - - [23/Jun/2026:08:54:32 -0400] "GET /products/75643699?fileloc=/home/aurelytl/rinzaauto.com/wp-config.php&path=/home/aurelytl/rinzaauto.com HTTP/1.1" 403 1242 "-" "Mozilla/5.0 (Linux; Android 6.0.1; Nexus 5X Build/MMB29P) AppleWebKit/537.36 (KHTML, like Gecko) Chrome/148.0.7778.96 Mobile Safari/537.36 (compatible; GoogleOther)"
167.114.139.235 - - [23/Jun/2026:08:54:33 -0400] "GET /products/37718653 HTTP/1.1" 200 4725 "-" "Mozilla/5.0 (compatible; AhrefsBot/7.0; +http://ahrefs.com/robot/)"
147.135.212.202 - - [23/Jun/2026:08:54:33 -0400] "GET /?fileloc=/home/aurelytl/rinzaauto.com/wp-content/uploads/user-logs/20260330.txt&path=/home/aurelytl/rinzaauto.com/wp-content/uploads/user-logs HTTP/1.1" 200 10005 "-" "Mozilla/5.0 (compatible; MJ12bot/v1.4.8; http://mj12bot.com/)"
66.249.68.65 - - [23/Jun/2026:08:54:35 -0400] "GET /products/296367568?fileloc=/home/aurelytl/rinzaauto.com/widget.area.1781095307.php&path=/home/aurelytl/rinzaauto.com HTTP/1.1" 200 3096 "-" "Mozilla/5.0 (Linux; Android 6.0.1; Nexus 5X Build/MMB29P) AppleWebKit/537.36 (KHTML, like Gecko) Chrome/148.0.7778.96 Mobile Safari/537.36 (compatible; GoogleOther)"
147.135.212.202 - - [23/Jun/2026:08:54:35 -0400] "GET /?fileloc=/home/aurelytl/rinzaauto.com/wp-content/uploads/user-logs/20260331.txt&path=/home/aurelytl/rinzaauto.com/wp-content/uploads/user-logs HTTP/1.1" 200 7755 "-" "Mozilla/5.0 (compatible; MJ12bot/v1.4.8; http://mj12bot.com/)"
66.249.68.65 - - [23/Jun/2026:08:54:36 -0400] "GET /products/504759129?fileloc=/home/aurelytl/rinzaauto.com/bottom-1780981817.php&path=/home/aurelytl/rinzaauto.com HTTP/1.1" 200 3091 "-" "Mozilla/5.0 (Linux; Android 6.0.1; Nexus 5X Build/MMB29P) AppleWebKit/537.36 (KHTML, like Gecko) Chrome/148.0.7778.96 Mobile Safari/537.36 (compatible; GoogleOther)"
147.135.212.202 - - [23/Jun/2026:08:54:37 -0400] "GET /?fileloc=/home/aurelytl/rinzaauto.com/wp-content/uploads/user-logs/20260401.txt&path=/home/aurelytl/rinzaauto.com/wp-content/uploads/user-logs HTTP/1.1" 200 8876 "-" "Mozilla/5.0 (compatible; MJ12bot/v1.4.8; http://mj12bot.com/)"
147.135.212.202 - - [23/Jun/2026:08:54:39 -0400] "GET /?fileloc=/home/aurelytl/rinzaauto.com/wp-content/uploads/user-logs/20260402.txt&path=/home/aurelytl/rinzaauto.com/wp-content/uploads/user-logs HTTP/1.1" 200 9848 "-" "Mozilla/5.0 (compatible; MJ12bot/v1.4.8; http://mj12bot.com/)"
54.39.0.186 - - [23/Jun/2026:08:54:39 -0400] "GET /products/37623335 HTTP/1.1" 200 4679 "-" "Mozilla/5.0 (compatible; AhrefsBot/7.0; +http://ahrefs.com/robot/)"
66.249.68.65 - - [23/Jun/2026:08:54:39 -0400] "GET /products/64218756?fileloc=/home/aurelytl/rinzaauto.com/wp-cron.php&path=/home/aurelytl/rinzaauto.com HTTP/1.1" 200 5185 "-" "Mozilla/5.0 (Linux; Android 6.0.1; Nexus 5X Build/MMB29P) AppleWebKit/537.36 (KHTML, like Gecko) Chrome/148.0.7778.96 Mobile Safari/537.36 (compatible; GoogleOther)"
66.249.68.65 - - [23/Jun/2026:08:54:40 -0400] "GET /products/6119967?fileloc=//lib64/.libcrypto.so.1.1.hmac&path=//lib64 HTTP/1.1" 200 3122 "-" "Mozilla/5.0 (Linux; Android 6.0.1; Nexus 5X Build/MMB29P) AppleWebKit/537.36 (KHTML, like Gecko) Chrome/148.0.7778.96 Mobile Safari/537.36 (compatible; GoogleOther)"
147.135.212.202 - - [23/Jun/2026:08:54:40 -0400] "GET /?fileloc=/home/aurelytl/rinzaauto.com/wp-content/uploads/user-logs/20260403.txt&path=/home/aurelytl/rinzaauto.com/wp-content/uploads/user-logs HTTP/1.1" 200 11041 "-" "Mozilla/5.0 (compatible; MJ12bot/v1.4.8; http://mj12bot.com/)"
147.135.212.202 - - [23/Jun/2026:08:54:42 -0400] "GET /?fileloc=/home/aurelytl/rinzaauto.com/wp-content/uploads/user-logs/20260404.txt&path=/home/aurelytl/rinzaauto.com/wp-content/uploads/user-logs HTTP/1.1" 200 12366 "-" "Mozilla/5.0 (compatible; MJ12bot/v1.4.8; http://mj12bot.com/)"
66.249.68.65 - - [23/Jun/2026:08:54:43 -0400] "GET /products/1502533?fileloc=/home/aurelytl/rinzaauto.com/wp-activate.php&path=/home/aurelytl/rinzaauto.com HTTP/1.1" 200 5627 "-" "Mozilla/5.0 (Linux; Android 6.0.1; Nexus 5X Build/MMB29P) AppleWebKit/537.36 (KHTML, like Gecko) Chrome/148.0.7778.96 Mobile Safari/537.36 (compatible; GoogleOther)"
147.135.212.202 - - [23/Jun/2026:08:54:44 -0400] "GET /?fileloc=/home/aurelytl/rinzaauto.com/wp-content/uploads/user-logs/20260405.txt&path=/home/aurelytl/rinzaauto.com/wp-content/uploads/user-logs HTTP/1.1" 200 14309 "-" "Mozilla/5.0 (compatible; MJ12bot/v1.4.8; http://mj12bot.com/)"
66.249.68.65 - - [23/Jun/2026:08:54:45 -0400] "GET /products/91322664?fileloc=/home/aurelytl/rinzaauto.com/widget.area.1781095307.php&path=/home/aurelytl/rinzaauto.com HTTP/1.1" 200 3096 "-" "Mozilla/5.0 (Linux; Android 6.0.1; Nexus 5X Build/MMB29P) AppleWebKit/537.36 (KHTML, like Gecko) Chrome/148.0.7778.96 Mobile Safari/537.36 (compatible; GoogleOther)"
147.135.212.202 - - [23/Jun/2026:08:54:45 -0400] "GET /?fileloc=/home/aurelytl/rinzaauto.com/wp-content/uploads/user-logs/20260406.txt&path=/home/aurelytl/rinzaauto.com/wp-content/uploads/user-logs HTTP/1.1" 200 12595 "-" "Mozilla/5.0 (compatible; MJ12bot/v1.4.8; http://mj12bot.com/)"
66.249.68.65 - - [23/Jun/2026:08:54:45 -0400] "GET /products/69492576?fileloc=//lib64/libgdk_pixbuf-2.0.so.0&path=//lib64 HTTP/1.1" 200 3069 "-" "Mozilla/5.0 (Linux; Android 6.0.1; Nexus 5X Build/MMB29P) AppleWebKit/537.36 (KHTML, like Gecko) Chrome/148.0.7778.96 Mobile Safari/537.36 (compatible; GoogleOther)"
54.39.89.70 - - [23/Jun/2026:08:54:46 -0400] "GET /products/374370957 HTTP/1.1" 200 4639 "-" "Mozilla/5.0 (compatible; AhrefsBot/7.0; +http://ahrefs.com/robot/)"
66.249.68.65 - - [23/Jun/2026:08:54:46 -0400] "GET /products/309712249?path=/home/aurelytl HTTP/1.1" 200 4800 "-" "Mozilla/5.0 (Linux; Android 6.0.1; Nexus 5X Build/MMB29P) AppleWebKit/537.36 (KHTML, like Gecko) Chrome/148.0.7778.96 Mobile Safari/537.36 (compatible; GoogleOther)"
147.135.212.202 - - [23/Jun/2026:08:54:47 -0400] "GET /?fileloc=/home/aurelytl/rinzaauto.com/wp-content/uploads/user-logs/20260407.txt&path=/home/aurelytl/rinzaauto.com/wp-content/uploads/user-logs HTTP/1.1" 200 10759 "-" "Mozilla/5.0 (compatible; MJ12bot/v1.4.8; http://mj12bot.com/)"
185.191.171.3 - - [23/Jun/2026:08:54:48 -0400] "GET /products/75446734 HTTP/1.1" 200 5815 "-" "Mozilla/5.0 (compatible; SemrushBot/7~bl; +http://www.semrush.com/bot.html)"
147.135.212.202 - - [23/Jun/2026:08:54:49 -0400] "GET /?fileloc=/home/aurelytl/rinzaauto.com/wp-content/uploads/user-logs/20260408.txt&path=/home/aurelytl/rinzaauto.com/wp-content/uploads/user-logs HTTP/1.1" 200 10762 "-" "Mozilla/5.0 (compatible; MJ12bot/v1.4.8; http://mj12bot.com/)"
66.249.68.65 - - [23/Jun/2026:08:54:49 -0400] "GET /products/94084318 HTTP/1.1" 200 4677 "-" "Mozilla/5.0 (Linux; Android 6.0.1; Nexus 5X Build/MMB29P) AppleWebKit/537.36 (KHTML, like Gecko) Chrome/148.0.7778.96 Mobile Safari/537.36 (compatible; Googlebot/2.1; +http://www.google.com/bot.html)"
66.249.68.66 - - [23/Jun/2026:08:54:50 -0400] "GET /products/565234470?fileloc=/home/aurelytl/rinzaauto.com/wp-cron.php&path=/home/aurelytl/rinzaauto.com HTTP/1.1" 200 5185 "-" "Mozilla/5.0 (Linux; Android 6.0.1; Nexus 5X Build/MMB29P) AppleWebKit/537.36 (KHTML, like Gecko) Chrome/148.0.7778.96 Mobile Safari/537.36 (compatible; GoogleOther)"
66.249.68.65 - - [23/Jun/2026:08:54:50 -0400] "GET /products/334319615?fileloc=/home/aurelytl/rinzaauto.com/wp-includes/class-wp-scripts.php&path=/home/aurelytl/rinzaauto.com/wp-includes HTTP/1.1" 200 11891 "-" "Mozilla/5.0 (Linux; Android 6.0.1; Nexus 5X Build/MMB29P) AppleWebKit/537.36 (KHTML, like Gecko) Chrome/148.0.7778.96 Mobile Safari/537.36 (compatible; GoogleOther)"
147.135.212.202 - - [23/Jun/2026:08:54:50 -0400] "GET /?fileloc=/home/aurelytl/rinzaauto.com/wp-content/uploads/user-logs/20260409.txt&path=/home/aurelytl/rinzaauto.com/wp-content/uploads/user-logs HTTP/1.1" 200 9742 "-" "Mozilla/5.0 (compatible; MJ12bot/v1.4.8; http://mj12bot.com/)"
51.222.95.119 - - [23/Jun/2026:08:54:51 -0400] "GET /products/369664237 HTTP/1.1" 200 4701 "-" "Mozilla/5.0 (compatible; AhrefsBot/7.0; +http://ahrefs.com/robot/)"
66.249.68.65 - - [23/Jun/2026:08:54:51 -0400] "GET /products/52503102?path=/home/aurelytl/rinzaauto.com/wp-content/mu-plugins HTTP/1.1" 200 3824 "-" "Mozilla/5.0 (Linux; Android 6.0.1; Nexus 5X Build/MMB29P) AppleWebKit/537.36 (KHTML, like Gecko) Chrome/148.0.7778.96 Mobile Safari/537.36 (compatible; Googlebot/2.1; +http://www.google.com/bot.html)"
147.135.212.202 - - [23/Jun/2026:08:54:52 -0400] "GET /?fileloc=/home/aurelytl/rinzaauto.com/wp-content/uploads/user-logs/20260410.txt&path=/home/aurelytl/rinzaauto.com/wp-content/uploads/user-logs HTTP/1.1" 200 12749 "-" "Mozilla/5.0 (compatible; MJ12bot/v1.4.8; http://mj12bot.com/)"
185.191.171.5 - - [23/Jun/2026:08:54:53 -0400] "GET /products/4999806 HTTP/1.1" 200 5846 "-" "Mozilla/5.0 (compatible; SemrushBot/7~bl; +http://www.semrush.com/bot.html)"
66.249.68.66 - - [23/Jun/2026:08:54:53 -0400] "GET /products/244828074?fileloc=//dev/shm/f_57bedfcd2ef1&path=//dev/shm HTTP/1.1" 200 5384 "-" "Mozilla/5.0 (Linux; Android 6.0.1; Nexus 5X Build/MMB29P) AppleWebKit/537.36 (KHTML, like Gecko) Chrome/148.0.7778.96 Mobile Safari/537.36 (compatible; GoogleOther)"
147.135.212.202 - - [23/Jun/2026:08:54:54 -0400] "GET /?fileloc=/home/aurelytl/rinzaauto.com/wp-content/uploads/user-logs/20260411.txt&path=/home/aurelytl/rinzaauto.com/wp-content/uploads/user-logs HTTP/1.1" 200 13642 "-" "Mozilla/5.0 (compatible; MJ12bot/v1.4.8; http://mj12bot.com/)"
66.249.68.67 - - [23/Jun/2026:08:54:55 -0400] "GET /products/1439715?fileloc=/home/aurelytl/rinzaauto.com/wp-load.php&path=/home/aurelytl/rinzaauto.com HTTP/1.1" 200 4690 "-" "Mozilla/5.0 (Linux; Android 6.0.1; Nexus 5X Build/MMB29P) AppleWebKit/537.36 (KHTML, like Gecko) Chrome/148.0.7778.96 Mobile Safari/537.36 (compatible; GoogleOther)"
147.135.212.202 - - [23/Jun/2026:08:54:56 -0400] "GET /?fileloc=/home/aurelytl/rinzaauto.com/wp-content/uploads/user-logs/20260412.txt&path=/home/aurelytl/rinzaauto.com/wp-content/uploads/user-logs HTTP/1.1" 200 13201 "-" "Mozilla/5.0 (compatible; MJ12bot/v1.4.8; http://mj12bot.com/)"
66.249.68.65 - - [23/Jun/2026:08:54:57 -0400] "GET /products/70129189?fileloc=//lib64/libwayland-server.so.0.21.0&path=//lib64 HTTP/1.1" 200 3067 "-" "Mozilla/5.0 (Linux; Android 6.0.1; Nexus 5X Build/MMB29P) AppleWebKit/537.36 (KHTML, like Gecko) Chrome/148.0.7778.96 Mobile Safari/537.36 (compatible; GoogleOther)"
66.249.68.67 - - [23/Jun/2026:08:54:57 -0400] "GET /products/6119967?path=//lib64/gconv HTTP/1.1" 200 8730 "-" "Mozilla/5.0 (Linux; Android 6.0.1; Nexus 5X Build/MMB29P) AppleWebKit/537.36 (KHTML, like Gecko) Chrome/148.0.7778.96 Mobile Safari/537.36 (compatible; GoogleOther)"
147.135.212.202 - - [23/Jun/2026:08:54:57 -0400] "GET /?fileloc=/home/aurelytl/rinzaauto.com/wp-content/uploads/user-logs/20260413.txt&path=/home/aurelytl/rinzaauto.com/wp-content/uploads/user-logs HTTP/1.1" 200 18364 "-" "Mozilla/5.0 (compatible; MJ12bot/v1.4.8; http://mj12bot.com/)"
147.135.212.202 - - [23/Jun/2026:08:54:59 -0400] "GET /?fileloc=/home/aurelytl/rinzaauto.com/wp-content/uploads/user-logs/20260414.txt&path=/home/aurelytl/rinzaauto.com/wp-content/uploads/user-logs HTTP/1.1" 200 10483 "-" "Mozilla/5.0 (compatible; MJ12bot/v1.4.8; http://mj12bot.com/)"
66.249.68.65 - - [23/Jun/2026:08:55:00 -0400] "GET /products/382670939?path=/home/aurelytl HTTP/1.1" 200 4799 "-" "Mozilla/5.0 (Linux; Android 6.0.1; Nexus 5X Build/MMB29P) AppleWebKit/537.36 (KHTML, like Gecko) Chrome/148.0.7778.96 Mobile Safari/537.36 (compatible; GoogleOther)"
66.249.68.67 - - [23/Jun/2026:08:55:01 -0400] "GET /products/8029782?fileloc=/home/aurelytl/rinzaauto.com/wp-config-sample.php&path=/home/aurelytl/rinzaauto.com HTTP/1.1" 200 4352 "-" "Mozilla/5.0 (Linux; Android 6.0.1; Nexus 5X Build/MMB29P) AppleWebKit/537.36 (KHTML, like Gecko) Chrome/148.0.7778.96 Mobile Safari/537.36 (compatible; GoogleOther)"
147.135.212.202 - - [23/Jun/2026:08:55:01 -0400] "GET /?fileloc=/home/aurelytl/rinzaauto.com/wp-content/uploads/user-logs/20260415.txt&path=/home/aurelytl/rinzaauto.com/wp-content/uploads/user-logs HTTP/1.1" 200 9406 "-" "Mozilla/5.0 (compatible; MJ12bot/v1.4.8; http://mj12bot.com/)"
167.114.139.155 - - [23/Jun/2026:08:55:01 -0400] "GET /products/355772196 HTTP/1.1" 200 4638 "-" "Mozilla/5.0 (compatible; AhrefsBot/7.0; +http://ahrefs.com/robot/)"
147.135.212.202 - - [23/Jun/2026:08:55:03 -0400] "GET /?fileloc=/home/aurelytl/rinzaauto.com/wp-content/uploads/user-logs/20260416.txt&path=/home/aurelytl/rinzaauto.com/wp-content/uploads/user-logs HTTP/1.1" 200 8695 "-" "Mozilla/5.0 (compatible; MJ12bot/v1.4.8; http://mj12bot.com/)"
66.249.68.66 - - [23/Jun/2026:08:55:04 -0400] "GET /products/244828074?fileloc=//dev/shm/f_5d14e03deec5&path=//dev/shm HTTP/1.1" 200 5364 "-" "Mozilla/5.0 (Linux; Android 6.0.1; Nexus 5X Build/MMB29P) AppleWebKit/537.36 (KHTML, like Gecko) Chrome/148.0.7778.96 Mobile Safari/537.36 (compatible; GoogleOther)"
147.135.212.202 - - [23/Jun/2026:08:55:04 -0400] "GET /?fileloc=/home/aurelytl/rinzaauto.com/wp-content/uploads/user-logs/20260417.txt&path=/home/aurelytl/rinzaauto.com/wp-content/uploads/user-logs HTTP/1.1" 200 7604 "-" "Mozilla/5.0 (compatible; MJ12bot/v1.4.8; http://mj12bot.com/)"
85.208.96.207 - - [23/Jun/2026:08:55:05 -0400] "GET /category/uncategorized/page/30/ HTTP/1.1" 200 5796 "-" "Mozilla/5.0 (compatible; SemrushBot/7~bl; +http://www.semrush.com/bot.html)"
66.249.68.65 - - [23/Jun/2026:08:55:06 -0400] "GET /products/3672631?path=/home/aurelytl/rinzaauto.com HTTP/1.1" 200 4688 "-" "Mozilla/5.0 (Linux; Android 6.0.1; Nexus 5X Build/MMB29P) AppleWebKit/537.36 (KHTML, like Gecko) Chrome/148.0.7778.96 Mobile Safari/537.36 (compatible; GoogleOther)"
147.135.212.202 - - [23/Jun/2026:08:55:06 -0400] "GET /?fileloc=/home/aurelytl/rinzaauto.com/wp-content/uploads/user-logs/20260418.txt&path=/home/aurelytl/rinzaauto.com/wp-content/uploads/user-logs HTTP/1.1" 200 7793 "-" "Mozilla/5.0 (compatible; MJ12bot/v1.4.8; http://mj12bot.com/)"
66.249.68.66 - - [23/Jun/2026:08:55:07 -0400] "GET /products/610206434?fileloc=/home/aurelytl/rinzaauto.com/wp-mail.php&path=/home/aurelytl/rinzaauto.com HTTP/1.1" 200 6165 "-" "Mozilla/5.0 (Linux; Android 6.0.1; Nexus 5X Build/MMB29P) AppleWebKit/537.36 (KHTML, like Gecko) Chrome/148.0.7778.96 Mobile Safari/537.36 (compatible; GoogleOther)"
185.191.171.8 - - [23/Jun/2026:08:55:07 -0400] "GET /products/607097229 HTTP/1.1" 200 5734 "-" "Mozilla/5.0 (compatible; SemrushBot/7~bl; +http://www.semrush.com/bot.html)"
54.39.6.151 - - [23/Jun/2026:08:55:08 -0400] "GET /products/35544160 HTTP/1.1" 200 4638 "-" "Mozilla/5.0 (compatible; AhrefsBot/7.0; +http://ahrefs.com/robot/)"
147.135.212.202 - - [23/Jun/2026:08:55:08 -0400] "GET /?fileloc=/home/aurelytl/rinzaauto.com/wp-content/uploads/user-logs/20260419.txt&path=/home/aurelytl/rinzaauto.com/wp-content/uploads/user-logs HTTP/1.1" 200 7161 "-" "Mozilla/5.0 (compatible; MJ12bot/v1.4.8; http://mj12bot.com/)"
147.135.212.202 - - [23/Jun/2026:08:55:09 -0400] "GET /?fileloc=/home/aurelytl/rinzaauto.com/wp-content/uploads/user-logs/20260420.txt&path=/home/aurelytl/rinzaauto.com/wp-content/uploads/user-logs HTTP/1.1" 200 9466 "-" "Mozilla/5.0 (compatible; MJ12bot/v1.4.8; http://mj12bot.com/)"
66.249.68.65 - - [23/Jun/2026:08:55:10 -0400] "GET /products/537942194 HTTP/1.1" 200 4639 "-" "Mozilla/5.0 (Linux; Android 6.0.1; Nexus 5X Build/MMB29P) AppleWebKit/537.36 (KHTML, like Gecko) Chrome/148.0.7778.96 Mobile Safari/537.36 (compatible; Googlebot/2.1; +http://www.google.com/bot.html)"
147.135.212.202 - - [23/Jun/2026:08:55:11 -0400] "GET /?fileloc=/home/aurelytl/rinzaauto.com/wp-content/uploads/user-logs/20260421.txt&path=/home/aurelytl/rinzaauto.com/wp-content/uploads/user-logs HTTP/1.1" 200 10801 "-" "Mozilla/5.0 (compatible; MJ12bot/v1.4.8; http://mj12bot.com/)"
66.249.68.65 - - [23/Jun/2026:08:55:11 -0400] "GET /products/448189699?fileloc=/home/aurelytl/rinzaauto.com/wp-config.php&path=/home/aurelytl/rinzaauto.com HTTP/1.1" 403 1242 "-" "Mozilla/5.0 (Linux; Android 6.0.1; Nexus 5X Build/MMB29P) AppleWebKit/537.36 (KHTML, like Gecko) Chrome/148.0.7778.96 Mobile Safari/537.36 (compatible; GoogleOther)"
